000
CDUS46 KSEW 230832
CLIUIL


CLIMATE REPORT
NATIONAL WEATHER SERVICE SEATTLE WA
132 AM PDT SAT JUL 23 2016


...................................

...THE QUILLAYUTE WA AIRPORT CLIMATE SUMMARY FOR JULY 22 2016...

CLIMATE NORMAL PERIOD 1981 TO 2010
CLIMATE RECORD PERIOD 1966 TO 2016


WEATHER ITEM   OBSERVED TIME   RECORD YEAR NORMAL DEPARTURE LAST
                VALUE   (LST)  VALUE       VALUE  FROM      YEAR
                                                  NORMAL
..................................................................
TEMPERATURE (F)
 YESTERDAY
  MAXIMUM         69    149 PM  92    2004  68      1       67
  MINIMUM         58   1159 PM  42    1977  51      7       52
                                      1975
  AVERAGE         64                        60      4       60

PRECIPITATION (IN)
  YESTERDAY        0.03          0.42 2007   0.05  -0.02      T
  MONTH TO DATE    2.16                      1.47   0.69     0.63
  SINCE OCT 1    101.49                     92.72   8.77    86.98
  SINCE JAN 1     57.51                     53.72   3.79    42.23

DEGREE DAYS
 HEATING
  YESTERDAY        1                         6     -5        5
  MONTH TO DATE  119                       146    -27       49
  SINCE JUN 1    368                       440    -72      239
  SINCE JUL 1    119                       146    -27       49

 COOLING
  YESTERDAY        0                         0      0        0
  MONTH TO DATE    0                         0      0        9
  SINCE JUN 1     11                         3      8       22
  SINCE JAN 1     11                         4      7       22
..................................................................


WIND (MPH)
  RESULTANT WIND SPEED   4   RESULTANT WIND DIRECTION  SW (240)
  HIGHEST WIND SPEED    14   HIGHEST WIND DIRECTION    SW (220)
  HIGHEST GUST SPEED    18   HIGHEST GUST DIRECTION    SW (210)
  AVERAGE WIND SPEED     4.8


SKY COVER
  AVERAGE SKY COVER 0.9


WEATHER CONDITIONS
 THE FOLLOWING WEATHER WAS RECORDED YESTERDAY.
  LIGHT RAIN
  FOG


RELATIVE HUMIDITY (PERCENT)
 HIGHEST   100           100 AM
 LOWEST     68           300 PM
 AVERAGE    84

..........................................................


THE QUILLAYUTE WA AIRPORT CLIMATE NORMALS FOR TODAY
                         NORMAL    RECORD    YEAR
 MAXIMUM TEMPERATURE (F)   68        93      2004
 MINIMUM TEMPERATURE (F)   51        44      2011
                                             1977
                                             1973


SUNRISE AND SUNSET
JULY 23 2016..........SUNRISE   544 AM PDT   SUNSET   904 PM PDT
JULY 24 2016..........SUNRISE   545 AM PDT   SUNSET   903 PM PDT


-  INDICATES NEGATIVE NUMBERS.
R  INDICATES RECORD WAS SET OR TIED.
MM INDICATES DATA IS MISSING.
T  INDICATES TRACE AMOUNT.




$$
