000
CDUS46 KSEW 310830
CLIUIL


CLIMATE REPORT
NATIONAL WEATHER SERVICE SEATTLE WA
130 AM PDT MON AUG 31 2015


...................................

...THE QUILLAYUTE WA AIRPORT CLIMATE SUMMARY FOR AUGUST 30 2015...

CLIMATE NORMAL PERIOD 1981 TO 2010
CLIMATE RECORD PERIOD 1966 TO 2015


WEATHER ITEM   OBSERVED TIME   RECORD YEAR NORMAL DEPARTURE LAST
                VALUE   (LST)  VALUE       VALUE  FROM      YEAR
                                                  NORMAL
..................................................................
TEMPERATURE (F)
 YESTERDAY
  MAXIMUM         69    212 PM  89    1987  68      1       68
  MINIMUM         52    608 AM  39    1972  50      2       55
  AVERAGE         61                        59      2       62

PRECIPITATION (IN)
  YESTERDAY        0.49          2.41 1991   0.11   0.38     0.12
  MONTH TO DATE    2.60                      2.38   0.22     0.69
  SINCE OCT 1     89.92                     95.61  -5.69    73.08
  SINCE JAN 1     45.17                     56.61 -11.44    55.85

DEGREE DAYS
 HEATING
  YESTERDAY        4                         6     -2        3
  MONTH TO DATE   81                       168    -87      110
  SINCE JUN 1    342                       656   -314      495
  SINCE JUL 1    152                       362   -210      246

 COOLING
  YESTERDAY        0                         0      0        0
  MONTH TO DATE   26                         0     26        8
  SINCE JUN 1     56                        10     46       14
  SINCE JAN 1     56                        11     45       18
..................................................................


WIND (MPH)
  RESULTANT WIND SPEED   7   RESULTANT WIND DIRECTION   S (190)
  HIGHEST WIND SPEED    20   HIGHEST WIND DIRECTION    SW (210)
  HIGHEST GUST SPEED    30   HIGHEST GUST DIRECTION     S (190)
  AVERAGE WIND SPEED     8.3


SKY COVER
  AVERAGE SKY COVER 0.8


WEATHER CONDITIONS
 THE FOLLOWING WEATHER WAS RECORDED YESTERDAY.
  RAIN
  LIGHT RAIN
  FOG
  FOG W/VISIBILITY <= 1/4 MILE


RELATIVE HUMIDITY (PERCENT)
 HIGHEST   100           500 AM
 LOWEST     63          1200 PM
 AVERAGE    82

..........................................................


THE QUILLAYUTE WA AIRPORT CLIMATE NORMALS FOR TODAY
                         NORMAL    RECORD    YEAR
 MAXIMUM TEMPERATURE (F)   68        94      1987
 MINIMUM TEMPERATURE (F)   49        40      1972


SUNRISE AND SUNSET
AUGUST 31 2015........SUNRISE   635 AM PDT   SUNSET   801 PM PDT
SEPTEMBER  1 2015.....SUNRISE   636 AM PDT   SUNSET   759 PM PDT


-  INDICATES NEGATIVE NUMBERS.
R  INDICATES RECORD WAS SET OR TIED.
MM INDICATES DATA IS MISSING.
T  INDICATES TRACE AMOUNT.




$$
