000
CDUS46 KSEW 260833
CLIUIL


CLIMATE REPORT
NATIONAL WEATHER SERVICE SEATTLE WA
132 AM PDT TUE SEP 26 2017


...................................

...THE QUILLAYUTE WA AIRPORT CLIMATE SUMMARY FOR SEPTEMBER 25 2017...

CLIMATE NORMAL PERIOD 1981 TO 2010
CLIMATE RECORD PERIOD 1966 TO 2017


WEATHER ITEM   OBSERVED TIME   RECORD YEAR NORMAL DEPARTURE LAST
                VALUE   (LST)  VALUE       VALUE  FROM      YEAR
                                                  NORMAL
..................................................................
TEMPERATURE (F)
 YESTERDAY
  MAXIMUM         62    110 PM  88    1991  65     -3       70
  MINIMUM         54    652 AM  31    1972  45      9       53
  AVERAGE         58                        55      3       62

PRECIPITATION (IN)
  YESTERDAY        0.18          2.47 2010   0.16   0.02      T
  MONTH TO DATE    3.13                      2.96   0.17     4.15
  SINCE OCT 1    130.66                     98.68  31.98   106.32
  SINCE JAN 1     70.73                     59.68  11.05    62.34

DEGREE DAYS
 HEATING
  YESTERDAY        7                        10     -3        3
  MONTH TO DATE  168                       202    -34      212
  SINCE SEP 1    168                       202    -34      212
  SINCE JUL 1    474                       571    -97      488

 COOLING
  YESTERDAY        0                         0      0        0
  MONTH TO DATE   20                         0     20        0
  SINCE SEP 1     20                         0     20        0
  SINCE JAN 1     73                        17     56       54
..................................................................


WIND (MPH)
  RESULTANT WIND SPEED   1   RESULTANT WIND DIRECTION  SE (130)
  HIGHEST WIND SPEED     9   HIGHEST WIND DIRECTION     S (190)
  HIGHEST GUST SPEED    15   HIGHEST GUST DIRECTION     S (190)
  AVERAGE WIND SPEED     2.3


SKY COVER
  AVERAGE SKY COVER 1.0


WEATHER CONDITIONS
 THE FOLLOWING WEATHER WAS RECORDED YESTERDAY.
  LIGHT RAIN
  FOG


RELATIVE HUMIDITY (PERCENT)
 HIGHEST   100           100 AM
 LOWEST     90           800 PM
 AVERAGE    95

..........................................................


THE QUILLAYUTE WA AIRPORT CLIMATE NORMALS FOR TODAY
                         NORMAL    RECORD    YEAR
 MAXIMUM TEMPERATURE (F)   64        84      2003
 MINIMUM TEMPERATURE (F)   45        33      1972


SUNRISE AND SUNSET
SEPTEMBER 26 2017.....SUNRISE   711 AM PDT   SUNSET   707 PM PDT
SEPTEMBER 27 2017.....SUNRISE   712 AM PDT   SUNSET   705 PM PDT


-  INDICATES NEGATIVE NUMBERS.
R  INDICATES RECORD WAS SET OR TIED.
MM INDICATES DATA IS MISSING.
T  INDICATES TRACE AMOUNT.




$$
