000
CDUS46 KSEW 070832
CLIUIL


CLIMATE REPORT
NATIONAL WEATHER SERVICE SEATTLE WA
1232 AM PST SUN FEB 7 2016


...................................

...THE QUILLAYUTE WA AIRPORT CLIMATE SUMMARY FOR FEBRUARY 6 2016...

CLIMATE NORMAL PERIOD 1981 TO 2010
CLIMATE RECORD PERIOD 1966 TO 2016


WEATHER ITEM   OBSERVED TIME   RECORD YEAR NORMAL DEPARTURE LAST
                VALUE   (LST)  VALUE       VALUE  FROM      YEAR
                                                  NORMAL
..................................................................
TEMPERATURE (F)
 YESTERDAY
  MAXIMUM         49    424 PM  62    1987  49      0       54
  MINIMUM         39    744 PM  19    1989  35      4       52
  AVERAGE         44                        42      2       53

PRECIPITATION (IN)
  YESTERDAY        0.04          2.04 2002   0.39  -0.35     1.03
  MONTH TO DATE    3.06                      2.34   0.72     4.60
  SINCE OCT 1     62.76                     55.95   6.81    60.88
  SINCE JAN 1     18.78                     16.95   1.83    16.13

DEGREE DAYS
 HEATING
  YESTERDAY       21                        23     -2       12
  MONTH TO DATE  126                       138    -12       94
  SINCE DEC 1   1435                      1629   -194     1314
  SINCE JUL 1   2746                      3343   -597     2548

 COOLING
  YESTERDAY        0                         0      0        0
  MONTH TO DATE    0                         0      0        0
  SINCE DEC 1      0                         0      0        0
  SINCE JAN 1      0                         0      0        0
..................................................................


WIND (MPH)
  RESULTANT WIND SPEED   2   RESULTANT WIND DIRECTION   E (90)
  HIGHEST WIND SPEED    15   HIGHEST WIND DIRECTION     W (260)
  HIGHEST GUST SPEED    20   HIGHEST GUST DIRECTION     W (270)
  AVERAGE WIND SPEED     3.8


SKY COVER
  AVERAGE SKY COVER 0.4


WEATHER CONDITIONS
 THE FOLLOWING WEATHER WAS RECORDED YESTERDAY.
  LIGHT RAIN


RELATIVE HUMIDITY (PERCENT)
 HIGHEST   100           600 PM
 LOWEST     80           100 PM
 AVERAGE    90

..........................................................


THE QUILLAYUTE WA AIRPORT CLIMATE NORMALS FOR TODAY
                         NORMAL    RECORD    YEAR
 MAXIMUM TEMPERATURE (F)   49        62      1987
                                             1968
 MINIMUM TEMPERATURE (F)   35        17      1989


SUNRISE AND SUNSET
FEBRUARY  7 2016......SUNRISE   738 AM PST   SUNSET   527 PM PST
FEBRUARY  8 2016......SUNRISE   736 AM PST   SUNSET   529 PM PST


-  INDICATES NEGATIVE NUMBERS.
R  INDICATES RECORD WAS SET OR TIED.
MM INDICATES DATA IS MISSING.
T  INDICATES TRACE AMOUNT.




$$
