000
CDUS46 KSEW 220830
CLIUIL


CLIMATE REPORT
NATIONAL WEATHER SERVICE SEATTLE WA
130 AM PDT FRI AUG 22 2014


...................................

...THE QUILLAYUTE WA AIRPORT CLIMATE SUMMARY FOR AUGUST 21 2014...

CLIMATE NORMAL PERIOD 1981 TO 2010
CLIMATE RECORD PERIOD 1966 TO 2014


WEATHER ITEM   OBSERVED TIME   RECORD YEAR NORMAL DEPARTURE LAST
                VALUE   (LST)  VALUE       VALUE  FROM      YEAR
                                                  NORMAL
..................................................................
TEMPERATURE (F)
 YESTERDAY
  MAXIMUM         67    334 PM  86    2013  69     -2       86
  MINIMUM         51   1159 PM  40    1976  50      1       48
  AVERAGE         59                        59      0       67

PRECIPITATION (IN)
  YESTERDAY        0.00          2.67 2001   0.09  -0.09     0.00
  MONTH TO DATE    0.52                      1.51  -0.99     0.45
  SINCE OCT 1     72.91                     94.74 -21.83   106.23
  SINCE JAN 1     55.68                     55.74  -0.06    59.26

DEGREE DAYS
 HEATING
  YESTERDAY        6                         6      0        0
  MONTH TO DATE   71                       114    -43       43
  SINCE JUN 1    456                       602   -146      336
  SINCE JUL 1    207                       308   -101      156

 COOLING
  YESTERDAY        0                         0      0        2
  MONTH TO DATE    8                         0      8        3
  SINCE JUN 1     14                        10      4       16
  SINCE JAN 1     18                        11      7       19
..................................................................


WIND (MPH)
  RESULTANT WIND SPEED   3   RESULTANT WIND DIRECTION   W (260)
  HIGHEST WIND SPEED    13   HIGHEST WIND DIRECTION     W (250)
  HIGHEST GUST SPEED    16   HIGHEST GUST DIRECTION     W (260)
  AVERAGE WIND SPEED     3.2


SKY COVER
  AVERAGE SKY COVER 0.5


WEATHER CONDITIONS
 THE FOLLOWING WEATHER WAS RECORDED YESTERDAY.
  FOG


RELATIVE HUMIDITY (PERCENT)
 HIGHEST   100          1100 PM
 LOWEST     58           100 PM
 AVERAGE    79

..........................................................


THE QUILLAYUTE WA AIRPORT CLIMATE NORMALS FOR TODAY
                         NORMAL    RECORD    YEAR
 MAXIMUM TEMPERATURE (F)   69        87      1988
 MINIMUM TEMPERATURE (F)   50        38      1987
                                             1985
                                             1973


SUNRISE AND SUNSET
AUGUST 22 2014........SUNRISE   623 AM PDT   SUNSET   818 PM PDT
AUGUST 23 2014........SUNRISE   624 AM PDT   SUNSET   816 PM PDT


-  INDICATES NEGATIVE NUMBERS.
R  INDICATES RECORD WAS SET OR TIED.
MM INDICATES DATA IS MISSING.
T  INDICATES TRACE AMOUNT.




$$
