000
CDUS46 KSEW 210834
CLIUIL


CLIMATE REPORT
NATIONAL WEATHER SERVICE SEATTLE WA
1233 AM PST SUN JAN 21 2018


...................................

...THE QUILLAYUTE WA AIRPORT CLIMATE SUMMARY FOR JANUARY 20 2018...

CLIMATE NORMAL PERIOD 1981 TO 2010
CLIMATE RECORD PERIOD 1966 TO 2018


WEATHER ITEM   OBSERVED TIME   RECORD YEAR NORMAL DEPARTURE LAST
                VALUE   (LST)  VALUE       VALUE  FROM      YEAR
                                                  NORMAL
..................................................................
TEMPERATURE (F)
 YESTERDAY
  MAXIMUM         48   1153 PM  64    2005  48      0       46
  MINIMUM         39    745 AM  20    1969  36      3       38
  AVERAGE         44                        42      2       42

PRECIPITATION (IN)
  YESTERDAY        1.67          1.99 1972   0.48   1.19     0.06
  MONTH TO DATE    9.93                      9.72   0.21     7.32
  SINCE OCT 1     48.15                     48.72  -0.57    67.25
  SINCE JAN 1      9.93                      9.72   0.21     7.32

DEGREE DAYS
 HEATING
  YESTERDAY       21                        23     -2       23
  MONTH TO DATE  399                       472    -73      573
  SINCE DEC 1   1161                      1236    -75     1434
  SINCE JUL 1   2695                      2950   -255     2861

 COOLING
  YESTERDAY        0                         0      0        0
  MONTH TO DATE    0                         0      0        0
  SINCE DEC 1      0                         0      0        0
  SINCE JAN 1      0                         0      0        0
..................................................................


WIND (MPH)
  RESULTANT WIND SPEED  10   RESULTANT WIND DIRECTION   S (170)
  HIGHEST WIND SPEED    26   HIGHEST WIND DIRECTION     S (180)
  HIGHEST GUST SPEED    41   HIGHEST GUST DIRECTION     S (190)
  AVERAGE WIND SPEED    11.0


SKY COVER
  AVERAGE SKY COVER 1.0


WEATHER CONDITIONS
 THE FOLLOWING WEATHER WAS RECORDED YESTERDAY.
  HEAVY RAIN
  RAIN
  LIGHT RAIN
  FOG


RELATIVE HUMIDITY (PERCENT)
 HIGHEST   100           600 AM
 LOWEST     86           100 AM
 AVERAGE    93

..........................................................


THE QUILLAYUTE WA AIRPORT CLIMATE NORMALS FOR TODAY
                         NORMAL    RECORD    YEAR
 MAXIMUM TEMPERATURE (F)   48        69      2005
 MINIMUM TEMPERATURE (F)   36        17      1969


SUNRISE AND SUNSET
JANUARY 21 2018.......SUNRISE   758 AM PST   SUNSET   502 PM PST
JANUARY 22 2018.......SUNRISE   757 AM PST   SUNSET   503 PM PST


-  INDICATES NEGATIVE NUMBERS.
R  INDICATES RECORD WAS SET OR TIED.
MM INDICATES DATA IS MISSING.
T  INDICATES TRACE AMOUNT.




$$
