000
CDUS43 KLSX 110726
CLIUIN


CLIMATE REPORT
NATIONAL WEATHER SERVICE ST LOUIS MO
126 AM CST SUN DEC 11 2016


...................................

...THE QUINCY IL CLIMATE SUMMARY FOR DECEMBER 10 2016...

CLIMATE NORMAL PERIOD 1981 TO 2010
CLIMATE RECORD PERIOD 1901 TO 2016


WEATHER ITEM   OBSERVED TIME   RECORD YEAR NORMAL DEPARTURE LAST
                VALUE   (LST)  VALUE       VALUE  FROM      YEAR
                                                  NORMAL
..................................................................
TEMPERATURE (F)
 YESTERDAY
  MAXIMUM         33   1159 PM  63    1979  39     -6       61
  MINIMUM         22    153 AM  -7    1917  23     -1       40
  AVERAGE         28                        31     -3

PRECIPITATION (IN)
  YESTERDAY        0.00          1.30 2003   0.08  -0.08     0.00
  MONTH TO DATE    0.33                      0.85  -0.52     0.02
  SINCE DEC 1      0.33                      0.85  -0.52     0.02
  SINCE JAN 1     30.18                     35.93  -5.75    33.69

DEGREE DAYS
 HEATING
  YESTERDAY       37                        34      3
  MONTH TO DATE  340                       322     18
  SINCE DEC 1    340                       322     18
  SINCE JUL 1   1028                      1422   -394

 COOLING
  YESTERDAY        0                         0      0
  MONTH TO DATE    0                         0      0
  SINCE DEC 1      0                         0      0
  SINCE JAN 1   1472                      1094    378
..................................................................


WIND (MPH)
  HIGHEST WIND SPEED    16   HIGHEST WIND DIRECTION    SE (140)
  HIGHEST GUST SPEED    23   HIGHEST GUST DIRECTION    SE (130)
  AVERAGE WIND SPEED     8.8


SKY COVER
  AVERAGE SKY COVER 1.0



RELATIVE HUMIDITY (PERCENT)
 HIGHEST    84           100 AM
 LOWEST     46          1000 AM
 AVERAGE    65

..........................................................


THE QUINCY IL CLIMATE NORMALS FOR TODAY
                         NORMAL    RECORD    YEAR
 MAXIMUM TEMPERATURE (F)   38        69      1949
 MINIMUM TEMPERATURE (F)   23        -8      1917


SUNRISE AND SUNSET
DECEMBER 11 2016......SUNRISE   717 AM CST   SUNSET   440 PM CST
DECEMBER 12 2016......SUNRISE   718 AM CST   SUNSET   440 PM CST


-  INDICATES NEGATIVE NUMBERS.
R  INDICATES RECORD WAS SET OR TIED.
MM INDICATES DATA IS MISSING.
T  INDICATES TRACE AMOUNT.




$$
