513
CDUS43 KLSX 110736
CLIUIN


CLIMATE REPORT
NATIONAL WEATHER SERVICE ST LOUIS MO
135 AM CST THU FEB 11 2016


...................................

...THE QUINCY IL CLIMATE SUMMARY FOR FEBRUARY 10 2016...

CLIMATE NORMAL PERIOD 1981 TO 2010
CLIMATE RECORD PERIOD 1901 TO 2016


WEATHER ITEM   OBSERVED TIME   RECORD YEAR NORMAL DEPARTURE LAST
                VALUE   (LST)  VALUE       VALUE  FROM      YEAR
                                                  NORMAL
..................................................................
TEMPERATURE (F)
 YESTERDAY
  MAXIMUM         20   1101 PM  74    1932  37    -17       36
  MINIMUM          8    411 AM -10    1982  21    -13       23
                                      1936
                                      1905
  AVERAGE         14                        29    -15

PRECIPITATION (IN)
  YESTERDAY        0.03          0.88 1939   0.07  -0.04     0.00
  MONTH TO DATE    0.15                      0.57  -0.42     0.50
  SINCE DEC 1      6.37                      4.34   2.03     2.94
  SINCE JAN 1      0.55                      2.09  -1.54     1.63

DEGREE DAYS
 HEATING
  YESTERDAY       51                        36     15
  MONTH TO DATE  334                       367    -33
  SINCE DEC 1   2243                      2653   -410
  SINCE JUL 1   3061                      3753   -692

 COOLING
  YESTERDAY        0                         0      0
  MONTH TO DATE    0                         0      0
  SINCE DEC 1      0                         0      0
  SINCE JAN 1      0                         0      0
..................................................................


WIND (MPH)
  HIGHEST WIND SPEED    16   HIGHEST WIND DIRECTION    NW (320)
  HIGHEST GUST SPEED    20   HIGHEST GUST DIRECTION    NW (320)
  AVERAGE WIND SPEED     6.2


SKY COVER
  AVERAGE SKY COVER 0.7



RELATIVE HUMIDITY (PERCENT)
 HIGHEST    84           600 PM
 LOWEST     59           900 AM
 AVERAGE    72

..........................................................


THE QUINCY IL CLIMATE NORMALS FOR TODAY
                         NORMAL    RECORD    YEAR
 MAXIMUM TEMPERATURE (F)   38        70      1999
 MINIMUM TEMPERATURE (F)   21       -12      1981


SUNRISE AND SUNSET
FEBRUARY 11 2016......SUNRISE   703 AM CST   SUNSET   536 PM CST
FEBRUARY 12 2016......SUNRISE   702 AM CST   SUNSET   537 PM CST


-  INDICATES NEGATIVE NUMBERS.
R  INDICATES RECORD WAS SET OR TIED.
MM INDICATES DATA IS MISSING.
T  INDICATES TRACE AMOUNT.




$$
