000
CDUS43 KLSX 300734
CLIUIN


CLIMATE REPORT
NATIONAL WEATHER SERVICE ST LOUIS MO
234 AM CDT THU MAR 30 2017


...................................

...THE QUINCY IL CLIMATE SUMMARY FOR MARCH 29 2017...

CLIMATE NORMAL PERIOD 1981 TO 2010
CLIMATE RECORD PERIOD 1901 TO 2017


WEATHER ITEM   OBSERVED TIME   RECORD YEAR NORMAL DEPARTURE LAST
                VALUE   (LST)  VALUE       VALUE  FROM      YEAR
                                                  NORMAL
..................................................................
TEMPERATURE (F)
 YESTERDAY
  MAXIMUM         55   1148 PM  85    1986  57     -2       62
  MINIMUM         43    835 AM  18    1969  37      6       37
  AVERAGE         49                        47      2

PRECIPITATION (IN)
  YESTERDAY        0.89          2.25 1914   0.09   0.80     0.00
  MONTH TO DATE    2.35                      2.27   0.08     0.89
  SINCE MAR 1      2.35                      2.27   0.08     0.89
  SINCE JAN 1      4.40                      5.67  -1.27     1.51

DEGREE DAYS
 HEATING
  YESTERDAY       16                        18     -2
  MONTH TO DATE  585                       684    -99
  SINCE MAR 1    585                       684    -99
  SINCE JUL 1   4026                      5026  -1000

 COOLING
  YESTERDAY        0                         0      0
  MONTH TO DATE    0                         0      0
  SINCE MAR 1      0                         0      0
  SINCE JAN 1      0                         0      0
..................................................................


WIND (MPH)
  HIGHEST WIND SPEED    28   HIGHEST WIND DIRECTION     E (110)
  HIGHEST GUST SPEED    36   HIGHEST GUST DIRECTION     E (110)
  AVERAGE WIND SPEED    16.1


SKY COVER
  AVERAGE SKY COVER 1.0



RELATIVE HUMIDITY (PERCENT)
 HIGHEST   100          1100 PM
 LOWEST     83           500 AM
 AVERAGE    92

..........................................................


THE QUINCY IL CLIMATE NORMALS FOR TODAY
                         NORMAL    RECORD    YEAR
 MAXIMUM TEMPERATURE (F)   58        82      1943
 MINIMUM TEMPERATURE (F)   37        16      1964


SUNRISE AND SUNSET
MARCH 30 2017.........SUNRISE   652 AM CDT   SUNSET   727 PM CDT
MARCH 31 2017.........SUNRISE   650 AM CDT   SUNSET   728 PM CDT


-  INDICATES NEGATIVE NUMBERS.
R  INDICATES RECORD WAS SET OR TIED.
MM INDICATES DATA IS MISSING.
T  INDICATES TRACE AMOUNT.




$$
