000
CDUS43 KLSX 212237
CLIUIN


CLIMATE REPORT
NATIONAL WEATHER SERVICE ST LOUIS MO
436 PM CST WED FEB 21 2018


...................................

...THE QUINCY IL CLIMATE SUMMARY FOR FEBRUARY 21 2018...
VALID TODAY AS OF 0400 PM LOCAL TIME.

CLIMATE NORMAL PERIOD 1981 TO 2010
CLIMATE RECORD PERIOD 1901 TO 2018


WEATHER ITEM   OBSERVED TIME   RECORD YEAR NORMAL DEPARTURE LAST
                VALUE   (LST)  VALUE       VALUE  FROM      YEAR
                                                  NORMAL
..................................................................
TEMPERATURE (F)
 TODAY
  MAXIMUM         29    359 PM  69    1930  41    -12       68
  MINIMUM         21    757 AM  -5    1963  24     -3       51
  AVERAGE         25                        33     -8       60

PRECIPITATION (IN)
  TODAY            0.00          1.62 1997   0.07  -0.07     0.07
  MONTH TO DATE    2.30                      1.33   0.97     0.40
  SINCE DEC 1      3.76                      5.10  -1.34     2.61
  SINCE JAN 1      3.59                      2.85   0.74     1.58

DEGREE DAYS
 HEATING
  TODAY           40                        32      8
  MONTH TO DATE  769                       740     29
  SINCE DEC 1   3066                      3026     40
  SINCE JUL 1   4013                      4126   -113

 COOLING
  TODAY            0                         0      0
  MONTH TO DATE    0                         0      0
  SINCE DEC 1      0                         0      0
  SINCE JAN 1      0                         0      0
..................................................................


WIND (MPH)
  HIGHEST WIND SPEED    20   HIGHEST WIND DIRECTION    NW (330)
  HIGHEST GUST SPEED    23   HIGHEST GUST DIRECTION    NW (330)
  AVERAGE WIND SPEED    14.1


SKY COVER
  AVERAGE SKY COVER 0.2



RELATIVE HUMIDITY (PERCENT)
 HIGHEST    88           100 AM
 LOWEST     75           100 PM
 AVERAGE    82

..........................................................


THE QUINCY IL CLIMATE NORMALS FOR TOMORROW
                         NORMAL    RECORD    YEAR
 MAXIMUM TEMPERATURE (F)   42        70      1922
 MINIMUM TEMPERATURE (F)   25        -3      1963


SUNRISE AND SUNSET
FEBRUARY 21 2018......SUNRISE   649 AM CST   SUNSET   548 PM CST
FEBRUARY 22 2018......SUNRISE   648 AM CST   SUNSET   549 PM CST


-  INDICATES NEGATIVE NUMBERS.
R  INDICATES RECORD WAS SET OR TIED.
MM INDICATES DATA IS MISSING.
T  INDICATES TRACE AMOUNT.




$$
