000
CDUS43 KLSX 280732
CLIUIN


CLIMATE REPORT
NATIONAL WEATHER SERVICE ST LOUIS MO
231 AM CDT TUE JUL 28 2015


...................................

...THE QUINCY IL CLIMATE SUMMARY FOR JULY 27 2015...

CLIMATE NORMAL PERIOD 1981 TO 2010
CLIMATE RECORD PERIOD 1901 TO 2015


WEATHER ITEM   OBSERVED TIME   RECORD YEAR NORMAL DEPARTURE LAST
                VALUE   (LST)  VALUE       VALUE  FROM      YEAR
                                                  NORMAL
..................................................................
TEMPERATURE (F)
 YESTERDAY
  MAXIMUM         90    239 PM 105    1936  86      4       84
                                      1930
                                      1916
  MINIMUM         71    600 PM  50    1962  66      5       64
  AVERAGE         81                        76      5

PRECIPITATION (IN)
  YESTERDAY        0.93          1.71 1981   0.12   0.81     0.00
  MONTH TO DATE    9.41                      3.56   5.85     2.89
  SINCE JUN 1     17.94                      7.55  10.39    11.04
  SINCE JAN 1     26.62                     21.64   4.98    19.45

DEGREE DAYS
 HEATING
  YESTERDAY        0                         0      0
  MONTH TO DATE    3                         0      3
  SINCE JUN 1     11                        16     -5
  SINCE JUL 1      3                         0      3

 COOLING
  YESTERDAY       16                        11      5
  MONTH TO DATE  284                       297    -13
  SINCE JUN 1    531                       524      7
  SINCE JAN 1    645                       610     35
..................................................................


WIND (MPH)
  HIGHEST WIND SPEED    29   HIGHEST WIND DIRECTION     W (290)
  HIGHEST GUST SPEED    38   HIGHEST GUST DIRECTION    NW (320)
  AVERAGE WIND SPEED     6.6


SKY COVER
  AVERAGE SKY COVER 0.3



RELATIVE HUMIDITY (PERCENT)
 HIGHEST   100           400 AM
 LOWEST     63           200 PM
 AVERAGE    82

..........................................................


THE QUINCY IL CLIMATE NORMALS FOR TODAY
                         NORMAL    RECORD    YEAR
 MAXIMUM TEMPERATURE (F)   86       104      1914
 MINIMUM TEMPERATURE (F)   66        49      2013


SUNRISE AND SUNSET
JULY 28 2015..........SUNRISE   559 AM CDT   SUNSET   823 PM CDT
JULY 29 2015..........SUNRISE   600 AM CDT   SUNSET   822 PM CDT


-  INDICATES NEGATIVE NUMBERS.
R  INDICATES RECORD WAS SET OR TIED.
MM INDICATES DATA IS MISSING.
T  INDICATES TRACE AMOUNT.




$$
