013
CDUS43 KLSX 272141
CLIUIN


CLIMATE REPORT
NATIONAL WEATHER SERVICE ST LOUIS MO
440 PM CDT SAT AUG 27 2016


...................................

...THE QUINCY IL CLIMATE SUMMARY FOR AUGUST 27 2016...
VALID TODAY AS OF 0400 PM LOCAL TIME.

CLIMATE NORMAL PERIOD 1981 TO 2010
CLIMATE RECORD PERIOD 1901 TO 2016


WEATHER ITEM   OBSERVED TIME   RECORD YEAR NORMAL DEPARTURE LAST
                VALUE   (LST)  VALUE       VALUE  FROM      YEAR
                                                  NORMAL
..................................................................
TEMPERATURE (F)
 TODAY
  MAXIMUM         87    242 PM 100    1983  83      4       77
                                      1936
  MINIMUM         69    607 AM  48    1986  63      6       55
                                      1906
  AVERAGE         78                        73      5       66

PRECIPITATION (IN)
  TODAY            0.35          3.60 2004   0.12   0.23     0.00
  MONTH TO DATE    6.71                      3.17   3.54     1.95
  SINCE JUN 1     14.43                     11.20   3.23    19.90
  SINCE JAN 1     23.11                     25.29  -2.18    28.58

DEGREE DAYS
 HEATING
  TODAY            0                         0      0
  MONTH TO DATE    0                         0      0
  SINCE JUN 1      6                        16    -10
  SINCE JUL 1      6                         0      6

 COOLING
  TODAY           13                         8      5
  MONTH TO DATE  295                       266     29
  SINCE JUN 1   1026                       836    190
  SINCE JAN 1   1130                       922    208
..................................................................


WIND (MPH)
  HIGHEST WIND SPEED    15   HIGHEST WIND DIRECTION     W (260)
  HIGHEST GUST SPEED    20   HIGHEST GUST DIRECTION     W (260)
  AVERAGE WIND SPEED     7.1


SKY COVER
  AVERAGE SKY COVER 0.1



RELATIVE HUMIDITY (PERCENT)
 HIGHEST   100           300 AM
 LOWEST     65           100 PM
 AVERAGE    83

..........................................................


THE QUINCY IL CLIMATE NORMALS FOR TOMORROW
                         NORMAL    RECORD    YEAR
 MAXIMUM TEMPERATURE (F)   83       101      1984
                                             1913
 MINIMUM TEMPERATURE (F)   63        42      1986


SUNRISE AND SUNSET
AUGUST 27 2016........SUNRISE   628 AM CDT   SUNSET   743 PM CDT
AUGUST 28 2016........SUNRISE   629 AM CDT   SUNSET   742 PM CDT


-  INDICATES NEGATIVE NUMBERS.
R  INDICATES RECORD WAS SET OR TIED.
MM INDICATES DATA IS MISSING.
T  INDICATES TRACE AMOUNT.




$$
