000
CDUS43 KLSX 280729
CLIUIN


CLIMATE REPORT
NATIONAL WEATHER SERVICE ST LOUIS MO
228 AM CDT FRI JUL 28 2017


...................................

...THE QUINCY IL CLIMATE SUMMARY FOR JULY 27 2017...

CLIMATE NORMAL PERIOD 1981 TO 2010
CLIMATE RECORD PERIOD 1901 TO 2017


WEATHER ITEM   OBSERVED TIME   RECORD YEAR NORMAL DEPARTURE LAST
                VALUE   (LST)  VALUE       VALUE  FROM      YEAR
                                                  NORMAL
..................................................................
TEMPERATURE (F)
 YESTERDAY
  MAXIMUM         85    434 PM 105    1936  86     -1       89
                                      1930
                                      1916
  MINIMUM         73   1159 PM  50    1962  66      7       69
  AVERAGE         79                        76      3

PRECIPITATION (IN)
  YESTERDAY        0.30          1.71 1981   0.12   0.18     0.14
  MONTH TO DATE    1.63                      3.56  -1.93     5.39
  SINCE JUN 1      5.06                      7.55  -2.49     6.41
  SINCE JAN 1     21.84                     21.64   0.20    15.09

DEGREE DAYS
 HEATING
  YESTERDAY        0                         0      0
  MONTH TO DATE    0                         0      0
  SINCE JUN 1      4                        16    -12
  SINCE JUL 1      0                         0      0

 COOLING
  YESTERDAY       14                        11      3
  MONTH TO DATE  394                       297     97
  SINCE JUN 1    665                       524    141
  SINCE JAN 1    774                       610    164
..................................................................


WIND (MPH)
  HIGHEST WIND SPEED    17   HIGHEST WIND DIRECTION     N (360)
  HIGHEST GUST SPEED    22   HIGHEST GUST DIRECTION     N (10)
  AVERAGE WIND SPEED     8.2


SKY COVER
  AVERAGE SKY COVER 0.8



RELATIVE HUMIDITY (PERCENT)
 HIGHEST    94          1200 AM
 LOWEST     65           300 PM
 AVERAGE    80

..........................................................


THE QUINCY IL CLIMATE NORMALS FOR TODAY
                         NORMAL    RECORD    YEAR
 MAXIMUM TEMPERATURE (F)   86       104      1914
 MINIMUM TEMPERATURE (F)   66        49      2013


SUNRISE AND SUNSET
JULY 28 2017..........SUNRISE   600 AM CDT   SUNSET   822 PM CDT
JULY 29 2017..........SUNRISE   601 AM CDT   SUNSET   821 PM CDT


-  INDICATES NEGATIVE NUMBERS.
R  INDICATES RECORD WAS SET OR TIED.
MM INDICATES DATA IS MISSING.
T  INDICATES TRACE AMOUNT.




$$
