000
CDUS43 KLSX 290735
CLIUIN


CLIMATE REPORT
NATIONAL WEATHER SERVICE ST LOUIS MO
231 AM CDT FRI JUL 29 2016


...................................

...THE QUINCY IL CLIMATE SUMMARY FOR JULY 28 2016...

CLIMATE NORMAL PERIOD 1981 TO 2010
CLIMATE RECORD PERIOD 1901 TO 2016


WEATHER ITEM   OBSERVED TIME   RECORD YEAR NORMAL DEPARTURE LAST
                VALUE   (LST)  VALUE       VALUE  FROM      YEAR
                                                  NORMAL
..................................................................
TEMPERATURE (F)
 YESTERDAY
  MAXIMUM         85    130 PM 104    1914  86     -1       93
  MINIMUM         67    141 AM  49    2013  66      1       71
  AVERAGE         76                        76      0

PRECIPITATION (IN)
  YESTERDAY        1.31          1.99 1957   0.12   1.19     0.01
  MONTH TO DATE    6.70                      3.68   3.02     9.42
  SINCE JUN 1      7.72                      7.67   0.05    17.95
  SINCE JAN 1     16.40                     21.76  -5.36    26.63

DEGREE DAYS
 HEATING
  YESTERDAY        0                         0      0
  MONTH TO DATE    6                         0      6
  SINCE JUN 1      6                        16    -10
  SINCE JUL 1      6                         0      6

 COOLING
  YESTERDAY       11                        11      0
  MONTH TO DATE  348                       308     40
  SINCE JUN 1    705                       535    170
  SINCE JAN 1    809                       621    188
..................................................................


WIND (MPH)
  HIGHEST WIND SPEED    41   HIGHEST WIND DIRECTION    NW (330)
  HIGHEST GUST SPEED    49   HIGHEST GUST DIRECTION    NW (320)
  AVERAGE WIND SPEED     7.1


SKY COVER
  AVERAGE SKY COVER 0.1



RELATIVE HUMIDITY (PERCENT)
 HIGHEST   100           300 AM
 LOWEST     61           100 PM
 AVERAGE    81

..........................................................


THE QUINCY IL CLIMATE NORMALS FOR TODAY
                         NORMAL    RECORD    YEAR
 MAXIMUM TEMPERATURE (F)   86       105      1931
 MINIMUM TEMPERATURE (F)   66        50      2013


SUNRISE AND SUNSET
JULY 29 2016..........SUNRISE   601 AM CDT   SUNSET   821 PM CDT
JULY 30 2016..........SUNRISE   602 AM CDT   SUNSET   820 PM CDT


-  INDICATES NEGATIVE NUMBERS.
R  INDICATES RECORD WAS SET OR TIED.
MM INDICATES DATA IS MISSING.
T  INDICATES TRACE AMOUNT.




$$
