000
CDUS46 KEKA 261211
CLIUKI


CLIMATE REPORT
NATIONAL WEATHER SERVICE EUREKA CA
510 AM PDT TUE SEP 26 2017


...................................

...THE UKIAH CA CLIMATE SUMMARY FOR SEPTEMBER 25 2017...

CLIMATE NORMAL PERIOD 1981 TO 2010
CLIMATE RECORD PERIOD 1903 TO 2017


WEATHER ITEM   OBSERVED TIME   RECORD YEAR NORMAL DEPARTURE LAST
                VALUE   (LST)  VALUE       VALUE  FROM      YEAR
                                                  NORMAL
..................................................................
TEMPERATURE (F)
 YESTERDAY
  MAXIMUM         89    208 PM 104    2009  85      4      101
                                      1952
  MINIMUM         45    628 AM  36    1948  48     -3       49
  AVERAGE         67                        66      1       75

PRECIPITATION (IN)
  YESTERDAY        0.00          1.19 1990   0.02  -0.02     0.00
  MONTH TO DATE    0.03                      0.37  -0.34     0.00
  SINCE OCT 1     51.65                     37.27  14.38    36.52
  SINCE JAN 1     34.54                     23.89  10.65    24.31

SNOWFALL (IN)
  YESTERDAY        0.0          MM      MM  MM     MM        0.0
  MONTH TO DATE    0.0                      MM     MM        0.0
  SINCE SEP 1      0.0                      MM     MM        0.0
  SINCE JUL 1      0.0                      MM     MM        0.0
  SNOW DEPTH       0

DEGREE DAYS
 HEATING
  YESTERDAY        0                         2     -2        0
  MONTH TO DATE   34                        17     17        8
  SINCE SEP 1     34                        17     17        8
  SINCE JUL 1     34                        20     14        8

 COOLING
  YESTERDAY        2                         3     -1       10
  MONTH TO DATE  170                       117     53      130
  SINCE SEP 1    170                       117     53      130
  SINCE JAN 1   1260                       800    460      958
..................................................................


WIND (MPH)
  HIGHEST WIND SPEED    15   HIGHEST WIND DIRECTION    NW (300)
  HIGHEST GUST SPEED    23   HIGHEST GUST DIRECTION    NW (330)
  AVERAGE WIND SPEED     1.7


SKY COVER
  AVERAGE SKY COVER 0.0


WEATHER CONDITIONS
 THE FOLLOWING WEATHER WAS RECORDED YESTERDAY.
  NO SIGNIFICANT WEATHER WAS OBSERVED.


RELATIVE HUMIDITY (PERCENT)
 HIGHEST    82
 LOWEST     15
 AVERAGE    49

..........................................................


THE UKIAH CA CLIMATE NORMALS FOR TODAY
                         NORMAL    RECORD    YEAR
 MAXIMUM TEMPERATURE (F)   85       109      2009
 MINIMUM TEMPERATURE (F)   47        34      1924


SUNRISE AND SUNSET
SEPTEMBER 26 2017.....SUNRISE   704 AM PDT   SUNSET   703 PM PDT
SEPTEMBER 27 2017.....SUNRISE   705 AM PDT   SUNSET   701 PM PDT


-  INDICATES NEGATIVE NUMBERS.
R  INDICATES RECORD WAS SET OR TIED.
MM INDICATES DATA IS MISSING.
T  INDICATES TRACE AMOUNT.




$$
