000
CDUS46 KEKA 310036
CLIUKI


CLIMATE REPORT
NATIONAL WEATHER SERVICE EUREKA CA
528 PM PDT MON MAR 30 2015


...................................

...THE UKIAH CA CLIMATE SUMMARY FOR MARCH 30 2015...
VALID TODAY AS OF 0500 PM LOCAL TIME.

CLIMATE NORMAL PERIOD 1981 TO 2010
CLIMATE RECORD PERIOD 1903 TO 2015


WEATHER ITEM   OBSERVED RECORD YEAR NORMAL DEPARTURE LAST
                VALUE   VALUE       VALUE  FROM      YEAR
                                           NORMAL
...........................................................
TEMPERATURE (F)
 TODAY
  MAXIMUM         80     89    1911  65     15       58
  MINIMUM         47     28    1924  40      7       41
  AVERAGE         64                 52     12       50

PRECIPITATION (IN)
  TODAY            0.00   2.03 1941   0.15  -0.15     0.02
  MONTH TO DATE    0.56               5.36  -4.80     5.07
  SINCE OCT 1     23.51              32.29  -8.78    15.58
  SINCE JAN 1      5.74              18.91 -13.17    14.24

SNOWFALL (IN)
  TODAY            0.0   MM          MM     MM       MM
  MONTH TO DATE    0.0               MM     MM        0.0
  SINCE MAR 1      0.0               MM     MM        0.0
  SINCE JUL 1      0.0               MM     MM        0.0
  SNOW DEPTH       0

...........................................................


WIND (MPH)
  HIGHEST WIND SPEED    17   HIGHEST WIND DIRECTION    NW (320)
  HIGHEST GUST SPEED    24   HIGHEST GUST DIRECTION    NW (330)
  AVERAGE WIND SPEED     3.9


SKY COVER
  AVERAGE SKY COVER 0.0


WEATHER CONDITIONS
 THE FOLLOWING WEATHER WAS RECORDED TODAY.
  NO SIGNIFICANT WEATHER WAS OBSERVED.


RELATIVE HUMIDITY (PERCENT)
 HIGHEST    86
 LOWEST     12
 AVERAGE    49

..........................................................


THE UKIAH CA CLIMATE NORMALS FOR TOMORROW
                         NORMAL    RECORD    YEAR
 MAXIMUM TEMPERATURE (F)   65        90      1966
 MINIMUM TEMPERATURE (F)   40        27      1924


SUNRISE AND SUNSET
MARCH 30 2015.........SUNRISE   701 AM PDT   SUNSET   734 PM PDT
MARCH 31 2015.........SUNRISE   659 AM PDT   SUNSET   735 PM PDT


-  INDICATES NEGATIVE NUMBERS.
R  INDICATES RECORD WAS SET OR TIED.
MM INDICATES DATA IS MISSING.
T  INDICATES TRACE AMOUNT.




$$
