000
CDUS46 KEKA 301210
CLIUKI


CLIMATE REPORT
NATIONAL WEATHER SERVICE EUREKA CA
509 AM PDT TUE JUN 30 2015


...................................

...THE UKIAH CA CLIMATE SUMMARY FOR JUNE 29 2015...

CLIMATE NORMAL PERIOD 1981 TO 2010
CLIMATE RECORD PERIOD 1903 TO 2015


WEATHER ITEM   OBSERVED TIME   RECORD YEAR NORMAL DEPARTURE LAST
                VALUE   (LST)  VALUE       VALUE  FROM      YEAR
                                                  NORMAL
..................................................................
TEMPERATURE (F)
 YESTERDAY
  MAXIMUM         98    241 PM 109    1932  87     11       97
  MINIMUM         55    538 AM  39    1909  55      0       54
  AVERAGE         77                        71      6       76

PRECIPITATION (IN)
  YESTERDAY        0.00          1.15 1992   0.00   0.00     0.00
  MONTH TO DATE    0.03                      0.33  -0.30     0.00
  SINCE OCT 1     25.87                     36.75 -10.88    17.97
  SINCE JAN 1      8.10                     23.37 -15.27    16.63

SNOWFALL (IN)
  YESTERDAY        0.0          MM      MM  MM     MM        0.0
  MONTH TO DATE    0.0                      MM     MM        0.0
  SINCE JUN 1      0.0                      MM     MM        0.0
  SINCE JUL 1      0.0                      MM     MM        0.0
  SNOW DEPTH       0

DEGREE DAYS
 HEATING
  YESTERDAY        0                         0      0        0
  MONTH TO DATE    4                        31    -27        2
  SINCE JUN 1      4                        31    -27        2
  SINCE JUL 1   2001                      3117  -1116     2546

 COOLING
  YESTERDAY       12                         6      6       11
  MONTH TO DATE  273                       104    169      203
  SINCE JUN 1    273                       104    169      203
  SINCE JAN 1    321                       156    165      292
..................................................................


WIND (MPH)
  HIGHEST WIND SPEED    14   HIGHEST WIND DIRECTION    NE (30)
  HIGHEST GUST SPEED    19   HIGHEST GUST DIRECTION    NE (30)
  AVERAGE WIND SPEED     3.4


SKY COVER
  AVERAGE SKY COVER 0.0


WEATHER CONDITIONS
 THE FOLLOWING WEATHER WAS RECORDED YESTERDAY.
  NO SIGNIFICANT WEATHER WAS OBSERVED.


RELATIVE HUMIDITY (PERCENT)
 HIGHEST    86
 LOWEST     22
 AVERAGE    54

..........................................................


THE UKIAH CA CLIMATE NORMALS FOR TODAY
                         NORMAL    RECORD    YEAR
 MAXIMUM TEMPERATURE (F)   88       110      1934
 MINIMUM TEMPERATURE (F)   55        39      1909


SUNRISE AND SUNSET
JUNE 30 2015..........SUNRISE   550 AM PDT   SUNSET   843 PM PDT
JULY  1 2015..........SUNRISE   550 AM PDT   SUNSET   843 PM PDT


-  INDICATES NEGATIVE NUMBERS.
R  INDICATES RECORD WAS SET OR TIED.
MM INDICATES DATA IS MISSING.
T  INDICATES TRACE AMOUNT.




$$
