000
CDUS46 KEKA 251214
CLIUKI


CLIMATE REPORT
NATIONAL WEATHER SERVICE EUREKA CA
411 AM PST THU DEC 25 2014


...................................

...THE UKIAH CA CLIMATE SUMMARY FOR DECEMBER 24 2014...

CLIMATE NORMAL PERIOD 1981 TO 2010
CLIMATE RECORD PERIOD 1903 TO 2014


WEATHER ITEM   OBSERVED TIME   RECORD YEAR NORMAL DEPARTURE LAST
                VALUE   (LST)  VALUE       VALUE  FROM      YEAR
                                                  NORMAL
..................................................................
TEMPERATURE (F)
 YESTERDAY
  MAXIMUM         55   1155 AM  74    1967  54      1       69
  MINIMUM         43   1159 PM  17    1930  36      7       31
  AVERAGE         49                        45      4       50

PRECIPITATION (IN)
  YESTERDAY        0.11          2.66 1940   0.25  -0.14     0.00
  MONTH TO DATE   12.10                      5.21   6.89     0.49
  SINCE JUL 1     18.46                     12.23   6.23     1.92
  SINCE JAN 1     35.09                     35.61  -0.52     7.50

SNOWFALL (IN)
  YESTERDAY       MM            MM      MM  MM     MM        0.0
  MONTH TO DATE    0.0                      MM     MM        0.0
  SINCE DEC 1      0.0                      MM     MM        0.0
  SINCE JUL 1      0.0                      MM     MM        0.0
  SNOW DEPTH       0

DEGREE DAYS
 HEATING
  YESTERDAY       16                        20     -4       15
  MONTH TO DATE  262                       469   -207      513
  SINCE DEC 1    262                       469   -207      513
  SINCE JUL 1    663                      1092   -429     1038

 COOLING
  YESTERDAY        0                         0      0        0
  MONTH TO DATE    0                         0      0        0
  SINCE DEC 1      0                         0      0        0
  SINCE JAN 1   1290                       835    455      974
..................................................................


WIND (MPH)
  HIGHEST WIND SPEED    23   HIGHEST WIND DIRECTION    NW (310)
  HIGHEST GUST SPEED    36   HIGHEST GUST DIRECTION    NW (310)
  AVERAGE WIND SPEED     6.9


SKY COVER
  AVERAGE SKY COVER 0.7


WEATHER CONDITIONS
 THE FOLLOWING WEATHER WAS RECORDED YESTERDAY.
  LIGHT RAIN
  FOG
  FOG W/VISIBILITY <= 1/4 MILE


RELATIVE HUMIDITY (PERCENT)
 HIGHEST   100
 LOWEST     56
 AVERAGE    78

..........................................................


THE UKIAH CA CLIMATE NORMALS FOR TODAY
                         NORMAL    RECORD    YEAR
 MAXIMUM TEMPERATURE (F)   54        79      1967
 MINIMUM TEMPERATURE (F)   36        19      1924


SUNRISE AND SUNSET
DECEMBER 25 2014......SUNRISE   730 AM PST   SUNSET   456 PM PST
DECEMBER 26 2014......SUNRISE   731 AM PST   SUNSET   456 PM PST


-  INDICATES NEGATIVE NUMBERS.
R  INDICATES RECORD WAS SET OR TIED.
MM INDICATES DATA IS MISSING.
T  INDICATES TRACE AMOUNT.




$$
