000
CDUS46 KEKA 191213
CLIUKI


CLIMATE REPORT
NATIONAL WEATHER SERVICE EUREKA CA
413 AM PST FRI JAN 19 2018


...................................

...THE UKIAH CA CLIMATE SUMMARY FOR JANUARY 18 2018...

CLIMATE NORMAL PERIOD 1981 TO 2010
CLIMATE RECORD PERIOD 1903 TO 2018


WEATHER ITEM   OBSERVED TIME   RECORD YEAR NORMAL DEPARTURE LAST
                VALUE   (LST)  VALUE       VALUE  FROM      YEAR
                                                  NORMAL
..................................................................
TEMPERATURE (F)
 YESTERDAY
  MAXIMUM         54   1228 PM  76    1920  57     -3       51
  MINIMUM         44   1140 PM  17    1917  37      7       45
  AVERAGE         49                        47      2       48

PRECIPITATION (IN)
  YESTERDAY        0.37          1.97 1996   0.15   0.22     1.90
  MONTH TO DATE    3.37                      5.40  -2.03    10.59
  SINCE OCT 1      8.95                     18.78  -9.83    27.70
  SINCE JAN 1      3.37                      5.40  -2.03    10.59

SNOWFALL (IN)
  YESTERDAY       MM            MM      MM  MM     MM       MM
  MONTH TO DATE    0.0                      MM     MM        0.0
  SINCE DEC 1      0.0                      MM     MM        0.0
  SINCE JUL 1      0.0                      MM     MM        0.0
  SNOW DEPTH       0

DEGREE DAYS
 HEATING
  YESTERDAY       16                        18     -2       17
  MONTH TO DATE  255                       340    -85      345
  SINCE DEC 1    831                       947   -116      982
  SINCE JUL 1   1364                      1570   -206     1519

 COOLING
  YESTERDAY        0                         0      0        0
  MONTH TO DATE    0                         0      0        0
  SINCE DEC 1      0                         0      0        0
  SINCE JAN 1      0                         0      0        0
..................................................................


WIND (MPH)
  HIGHEST WIND SPEED    12   HIGHEST WIND DIRECTION    SE (150)
  HIGHEST GUST SPEED    18   HIGHEST GUST DIRECTION    SE (150)
  AVERAGE WIND SPEED     4.1


SKY COVER
  AVERAGE SKY COVER 1.0


WEATHER CONDITIONS
 THE FOLLOWING WEATHER WAS RECORDED YESTERDAY.
  RAIN
  LIGHT RAIN
  FOG


RELATIVE HUMIDITY (PERCENT)
 HIGHEST    96
 LOWEST     77
 AVERAGE    87

..........................................................


THE UKIAH CA CLIMATE NORMALS FOR TODAY
                         NORMAL    RECORD    YEAR
 MAXIMUM TEMPERATURE (F)   57        74      1975
 MINIMUM TEMPERATURE (F)   37        15      1922


SUNRISE AND SUNSET
JANUARY 19 2018.......SUNRISE   729 AM PST   SUNSET   519 PM PST
JANUARY 20 2018.......SUNRISE   728 AM PST   SUNSET   520 PM PST


-  INDICATES NEGATIVE NUMBERS.
R  INDICATES RECORD WAS SET OR TIED.
MM INDICATES DATA IS MISSING.
T  INDICATES TRACE AMOUNT.




$$
