565
CDUS46 KEKA 201210
CLIUKI


CLIMATE REPORT
NATIONAL WEATHER SERVICE EUREKA CA
410 AM PST MON NOV 20 2017


...................................

...THE UKIAH CA CLIMATE SUMMARY FOR NOVEMBER 19 2017...

CLIMATE NORMAL PERIOD 1981 TO 2010
CLIMATE RECORD PERIOD 1903 TO 2017


WEATHER ITEM   OBSERVED TIME   RECORD YEAR NORMAL DEPARTURE LAST
                VALUE   (LST)  VALUE       VALUE  FROM      YEAR
                                                  NORMAL
..................................................................
TEMPERATURE (F)
 YESTERDAY
  MAXIMUM         60    249 PM  88    1936  61     -1       57
  MINIMUM         31    719 AM  20    1921  38     -7       48
  AVERAGE         46                        50     -4       53

PRECIPITATION (IN)
  YESTERDAY        0.06          1.72 2016   0.16  -0.10     1.72
  MONTH TO DATE    3.38                      2.44   0.94     2.07
  SINCE OCT 1      3.59                      4.60  -1.01     8.38
  SINCE JAN 1     38.13                     28.57   9.56    32.69

SNOWFALL (IN)
  YESTERDAY       MM            MM      MM  MM     MM       MM
  MONTH TO DATE    0.0                      MM     MM        0.0
  SINCE SEP 1      0.0                      MM     MM        0.0
  SINCE JUL 1      0.0                      MM     MM        0.0
  SNOW DEPTH       0

DEGREE DAYS
 HEATING
  YESTERDAY       19                        15      4       12
  MONTH TO DATE  265                       237     28      163
  SINCE SEP 1    446                       434     12      354
  SINCE JUL 1    446                       437      9      354

 COOLING
  YESTERDAY        0                         0      0        0
  MONTH TO DATE    0                         0      0        0
  SINCE SEP 1    220                       152     68      176
  SINCE JAN 1   1310                       835    475     1004
..................................................................


WIND (MPH)
  HIGHEST WIND SPEED     8   HIGHEST WIND DIRECTION     N (340)
  HIGHEST GUST SPEED    10   HIGHEST GUST DIRECTION     N (340)
  AVERAGE WIND SPEED     1.3


SKY COVER
  AVERAGE SKY COVER 0.2


WEATHER CONDITIONS
 THE FOLLOWING WEATHER WAS RECORDED YESTERDAY.
  RAIN
  LIGHT RAIN
  FOG


RELATIVE HUMIDITY (PERCENT)
 HIGHEST    92
 LOWEST     43
 AVERAGE    68

..........................................................


THE UKIAH CA CLIMATE NORMALS FOR TODAY
                         NORMAL    RECORD    YEAR
 MAXIMUM TEMPERATURE (F)   61        80      1932
 MINIMUM TEMPERATURE (F)   38        22      1916


SUNRISE AND SUNSET
NOVEMBER 20 2017......SUNRISE   702 AM PST   SUNSET   455 PM PST
NOVEMBER 21 2017......SUNRISE   703 AM PST   SUNSET   454 PM PST


-  INDICATES NEGATIVE NUMBERS.
R  INDICATES RECORD WAS SET OR TIED.
MM INDICATES DATA IS MISSING.
T  INDICATES TRACE AMOUNT.




$$
