596
CDUS46 KEKA 051212
CLIUKI


CLIMATE REPORT
NATIONAL WEATHER SERVICE EUREKA CA
411 AM PST MON DEC 5 2016


...................................

...THE UKIAH CA CLIMATE SUMMARY FOR DECEMBER 4 2016...

CLIMATE NORMAL PERIOD 1981 TO 2010
CLIMATE RECORD PERIOD 1903 TO 2016


WEATHER ITEM   OBSERVED TIME   RECORD YEAR NORMAL DEPARTURE LAST
                VALUE   (LST)  VALUE       VALUE  FROM      YEAR
                                                  NORMAL
..................................................................
TEMPERATURE (F)
 YESTERDAY
  MAXIMUM         60    311 PM  77    1958  56      4       56
  MINIMUM         36    606 AM  22    1936  36      0       37
  AVERAGE         48                        46      2       47

PRECIPITATION (IN)
  YESTERDAY        0.00          2.22 1945   0.16  -0.16     0.12
  MONTH TO DATE    0.00                      0.60  -0.60     0.90
  SINCE OCT 1      9.57                      7.03   2.54     3.27
  SINCE JAN 1     33.88                     31.00   2.88    12.25

SNOWFALL (IN)
  YESTERDAY        0.0          MM      MM  MM     MM       MM
  MONTH TO DATE    0.0                      MM     MM       MM
  SINCE DEC 1      0.0                      MM     MM       MM
  SINCE JUL 1      0.0                      MM     MM        0.0
  SNOW DEPTH       0

DEGREE DAYS
 HEATING
  YESTERDAY       17                        19     -2       18
  MONTH TO DATE   71                        74     -3       67
  SINCE DEC 1     71                        74     -3       67
  SINCE JUL 1    608                       697    -89      590

 COOLING
  YESTERDAY        0                         0      0        0
  MONTH TO DATE    0                         0      0        0
  SINCE DEC 1      0                         0      0        0
  SINCE JAN 1   1004                       835    169     1179
..................................................................


WIND (MPH)
  HIGHEST WIND SPEED    13   HIGHEST WIND DIRECTION     W (290)
  HIGHEST GUST SPEED    16   HIGHEST GUST DIRECTION    NW (310)
  AVERAGE WIND SPEED     2.2


SKY COVER
  AVERAGE SKY COVER 0.1


WEATHER CONDITIONS
 THE FOLLOWING WEATHER WAS RECORDED YESTERDAY.
  FOG


RELATIVE HUMIDITY (PERCENT)
 HIGHEST   100
 LOWEST     60
 AVERAGE    80

..........................................................


THE UKIAH CA CLIMATE NORMALS FOR TODAY
                         NORMAL    RECORD    YEAR
 MAXIMUM TEMPERATURE (F)   56        79      1925
 MINIMUM TEMPERATURE (F)   36        21      2013


SUNRISE AND SUNSET
DECEMBER  5 2016......SUNRISE   717 AM PST   SUNSET   450 PM PST
DECEMBER  6 2016......SUNRISE   718 AM PST   SUNSET   450 PM PST


-  INDICATES NEGATIVE NUMBERS.
R  INDICATES RECORD WAS SET OR TIED.
MM INDICATES DATA IS MISSING.
T  INDICATES TRACE AMOUNT.




$$
