000
CDUS43 KSGF 230630
CLIUNO


CLIMATE REPORT
NATIONAL WEATHER SERVICE SPRINGFIELD MO
130 AM CDT WED AUG 23 2017


...................................

...THE WEST PLAINS MO CLIMATE SUMMARY FOR AUGUST 22 2017...

CLIMATE NORMAL PERIOD 1981 TO 2010
CLIMATE RECORD PERIOD 1947 TO 2017


WEATHER ITEM   OBSERVED TIME   RECORD YEAR NORMAL DEPARTURE LAST
                VALUE   (LST)  VALUE       VALUE  FROM      YEAR
                                                  NORMAL
..................................................................
TEMPERATURE (F)
 YESTERDAY
  MAXIMUM         84    418 PM 101    1983  89     -5       80
  MINIMUM         68   1135 PM  45    1956  65      3       54
  AVERAGE         76                        77     -1       67

PRECIPITATION (IN)
  YESTERDAY        0.01          5.20 1971   0.10  -0.09     0.00
  MONTH TO DATE    2.78                      2.27   0.51     3.36
  SINCE JUN 1      6.78                      9.84  -3.06    17.11
  SINCE JAN 1     42.19                     29.11  13.08    31.85

DEGREE DAYS
 HEATING
  YESTERDAY        0                         0      0        0
  MONTH TO DATE    1                         0      1        0
  SINCE JUN 1      1                         5     -4        0
  SINCE JUL 1      1                         0      1        0

 COOLING
  YESTERDAY       11                        12     -1        2
  MONTH TO DATE  216                       281    -65      264
  SINCE JUN 1    917                       952    -35     1069
  SINCE JAN 1   1039                      1074    -35     1162
..................................................................


WIND (MPH)
  HIGHEST WIND SPEED    16   HIGHEST WIND DIRECTION     W (250)
  HIGHEST GUST SPEED    23   HIGHEST GUST DIRECTION    SW (220)
  AVERAGE WIND SPEED     6.9


SKY COVER
  AVERAGE SKY COVER 0.2


WEATHER CONDITIONS
 THE FOLLOWING WEATHER WAS RECORDED YESTERDAY.
  FOG


RELATIVE HUMIDITY (PERCENT)
 HIGHEST    93           600 AM
 LOWEST     58           400 PM
 AVERAGE    76

..........................................................


THE WEST PLAINS MO CLIMATE NORMALS FOR TODAY
                         NORMAL    RECORD    YEAR
 MAXIMUM TEMPERATURE (F)   89       101      2000
 MINIMUM TEMPERATURE (F)   65        50      1949


SUNRISE AND SUNSET
AUGUST 23 2017........SUNRISE   631 AM CDT   SUNSET   748 PM CDT
AUGUST 24 2017........SUNRISE   632 AM CDT   SUNSET   747 PM CDT


-  INDICATES NEGATIVE NUMBERS.
R  INDICATES RECORD WAS SET OR TIED.
MM INDICATES DATA IS MISSING.
T  INDICATES TRACE AMOUNT.




$$
