000
CDUS43 KUNR 240831
CLIUNR


CLIMATE REPORT
NATIONAL WEATHER SERVICE RAPID CITY SD
130 AM MST SAT FEB 24 2018


...................................

...THE EAST RAPID CITY SD CLIMATE SUMMARY FOR FEBRUARY 23 2018...

CLIMATE NORMAL PERIOD 1981 TO 2010
CLIMATE RECORD PERIOD 1888 TO 2018


WEATHER ITEM   OBSERVED RECORD YEAR NORMAL DEPARTURE LAST
                VALUE   VALUE       VALUE  FROM      YEAR
                                           NORMAL
...........................................................
TEMPERATURE (F)
 YESTERDAY
  MAXIMUM         22     67    1958  40    -18       28
  MINIMUM          2    -14    1965  20    -18       22
  AVERAGE         12                 30    -18       25

PRECIPITATION (IN)
  YESTERDAY        0.00   0.24 1947   0.02  -0.02     0.22
  MONTH TO DATE    0.92               0.38   0.54     0.42
  SINCE DEC 1      1.48               0.99   0.49     1.59
  SINCE JAN 1      1.18               0.67   0.51     0.77

SNOWFALL (IN)
  YESTERDAY        0.0    4.1  2017   0.3   -0.3      4.1
  MONTH TO DATE   19.9                6.0   13.9      8.9
  SINCE DEC 1     31.0               16.7   14.3     29.1
  SINCE JUL 1     32.1               25.3    6.8     32.8
  SNOW DEPTH       0

DEGREE DAYS
 HEATING
  YESTERDAY       53                 35     18       40
  MONTH TO DATE 1174                854    320      672
  SINCE DEC 1   3538               3202    336     3366
  SINCE JUL 1   4918               4782    136     4397

 COOLING
  YESTERDAY        0                  0      0        0
  MONTH TO DATE    0                  0      0        0
  SINCE DEC 1      0                  0      0        0
  SINCE JAN 1      0                  0      0        0
...........................................................


WIND (MPH)
  HIGHEST GUST SPEED    29   HIGHEST GUST DIRECTION    SE (140)



WEATHER CONDITIONS
 THE FOLLOWING WEATHER WAS RECORDED YESTERDAY.
  NO SIGNIFICANT WEATHER WAS OBSERVED.


..........................................................


THE EAST RAPID CITY SD CLIMATE NORMALS FOR TODAY
                         NORMAL    RECORD    YEAR
 MAXIMUM TEMPERATURE (F)   41        67      1932
 MINIMUM TEMPERATURE (F)   20       -12      1922


SUNRISE AND SUNSET
FEBRUARY 24 2018......SUNRISE   638 AM MST   SUNSET   535 PM MST
FEBRUARY 25 2018......SUNRISE   636 AM MST   SUNSET   536 PM MST


-  INDICATES NEGATIVE NUMBERS.
R  INDICATES RECORD WAS SET OR TIED.
MM INDICATES DATA IS MISSING.
T  INDICATES TRACE AMOUNT.




$$
