000
CDUS43 KUNR 240846
CLIUNR


CLIMATE REPORT
NATIONAL WEATHER SERVICE RAPID CITY SD
145 AM MST TUE JAN 24 2017


...................................

...THE EAST RAPID CITY SD CLIMATE SUMMARY FOR JANUARY 23 2017...

CLIMATE NORMAL PERIOD 1981 TO 2010
CLIMATE RECORD PERIOD 1888 TO 2017


WEATHER ITEM   OBSERVED RECORD YEAR NORMAL DEPARTURE LAST
                VALUE   VALUE       VALUE  FROM      YEAR
                                           NORMAL
...........................................................
TEMPERATURE (F)
 YESTERDAY
  MAXIMUM         28     67    2005  37     -9       55
  MINIMUM         19    -20    1894  16      3       30
  AVERAGE         24                 27     -3       43

PRECIPITATION (IN)
  YESTERDAY        T      0.24 1964   0.01  -0.01     0.00
  MONTH TO DATE    0.13               0.20  -0.07     0.07
  SINCE DEC 1      0.95               0.52   0.43     0.80
  SINCE JAN 1      0.13               0.20  -0.07     0.07

SNOWFALL (IN)
  YESTERDAY        0.0    3.3  1964   0.2   -0.2      0.0
  MONTH TO DATE    3.6                3.7   -0.1      1.4
  SINCE DEC 1     15.7                8.9    6.8     16.9
  SINCE JUL 1     19.4               17.5    1.9     22.9
  SNOW DEPTH       T

DEGREE DAYS
 HEATING
  YESTERDAY       41                 38      3       22
  MONTH TO DATE 1032                874    158      917
  SINCE DEC 1   2425               2041    384     2019
  SINCE JUL 1   3456               3621   -165     3277

 COOLING
  YESTERDAY        0                  0      0        0
  MONTH TO DATE    0                  0      0        0
  SINCE DEC 1      0                  0      0        0
  SINCE JAN 1      0                  0      0        0
...........................................................


WIND (MPH)
  HIGHEST GUST SPEED    24   HIGHEST GUST DIRECTION    NW (330)



WEATHER CONDITIONS
 THE FOLLOWING WEATHER WAS RECORDED YESTERDAY.
  FOG


..........................................................


THE EAST RAPID CITY SD CLIMATE NORMALS FOR TODAY
                         NORMAL    RECORD    YEAR
 MAXIMUM TEMPERATURE (F)   37        69      2005
                                             1968
 MINIMUM TEMPERATURE (F)   16       -26      1894


SUNRISE AND SUNSET
JANUARY 24 2017.......SUNRISE   718 AM MST   SUNSET   453 PM MST
JANUARY 25 2017.......SUNRISE   717 AM MST   SUNSET   454 PM MST


-  INDICATES NEGATIVE NUMBERS.
R  INDICATES RECORD WAS SET OR TIED.
MM INDICATES DATA IS MISSING.
T  INDICATES TRACE AMOUNT.




$$
