000
CDUS43 KUNR 220832
CLIUNR


CLIMATE REPORT
NATIONAL WEATHER SERVICE RAPID CITY SD
232 AM MDT FRI AUG 22 2014


...................................

...THE EAST RAPID CITY SD CLIMATE SUMMARY FOR AUGUST 21 2014...

CLIMATE NORMAL PERIOD 1981 TO 2010
CLIMATE RECORD PERIOD 1888 TO 2014


WEATHER ITEM   OBSERVED RECORD YEAR NORMAL DEPARTURE LAST
                VALUE   VALUE       VALUE  FROM      YEAR
                                           NORMAL
...........................................................
TEMPERATURE (F)
 YESTERDAY
  MAXIMUM         80     99    1898  83     -3       83
  MINIMUM         63     45    1964  59      4       65
  AVERAGE         72                 71      1       74

PRECIPITATION (IN)
  YESTERDAY        0.22   0.60 1964   0.05   0.17     0.00
  MONTH TO DATE    3.35               1.47   1.88     1.88
  SINCE JUN 1     10.82               7.13   3.69     5.87
  SINCE JAN 1     16.00              15.18   0.82    14.59

SNOWFALL (IN)
  YESTERDAY        0.0                0.0    0.0      0.0
  MONTH TO DATE    0.0                0.0    0.0      0.0
  SINCE JUN 1      0.0                0.0    0.0      0.0
  SINCE JUL 1      0.0                0.0    0.0      0.0
  SNOW DEPTH       0

DEGREE DAYS
 HEATING
  YESTERDAY        0                  1     -1        0
  MONTH TO DATE    0                  1     -1        0
  SINCE JUN 1    119                101     18       64
  SINCE JUL 1     11                 13     -2        6

 COOLING
  YESTERDAY        7                  7      0        9
  MONTH TO DATE  154                170    -16      134
  SINCE JUN 1    391                521   -130      507
  SINCE JAN 1    419                539   -120      531
...........................................................


WIND (MPH)
  HIGHEST GUST SPEED    31   HIGHEST GUST DIRECTION     N (10)



WEATHER CONDITIONS
 THE FOLLOWING WEATHER WAS RECORDED YESTERDAY.
  THUNDERSTORM
  LIGHT RAIN
  HAIL


..........................................................


THE EAST RAPID CITY SD CLIMATE NORMALS FOR TODAY
                         NORMAL    RECORD    YEAR
 MAXIMUM TEMPERATURE (F)   83       102      1960
 MINIMUM TEMPERATURE (F)   59        41      1966


SUNRISE AND SUNSET
AUGUST 22 2014........SUNRISE   605 AM MDT   SUNSET   746 PM MDT
AUGUST 23 2014........SUNRISE   606 AM MDT   SUNSET   744 PM MDT


-  INDICATES NEGATIVE NUMBERS.
R  INDICATES RECORD WAS SET OR TIED.
MM INDICATES DATA IS MISSING.
T  INDICATES TRACE AMOUNT.




$$
