000
CDUS44 KCRP 220038
CLIVCT

CLIMATE REPORT
NATIONAL WEATHER SERVICE CORPUS CHRISTI TX
635 PM CST SUN JAN 21 2018

...................................

...THE VICTORIA CLIMATE SUMMARY FOR JANUARY 21 2018...
VALID TODAY AS OF 600 PM LOCAL TIME.

CLIMATE NORMAL PERIOD 1981 TO 2010
CLIMATE RECORD PERIOD 1893 TO 2018


WEATHER ITEM   OBSERVED TIME   RECORD YEAR NORMAL DEPARTURE LAST
                VALUE   (LST)  VALUE       VALUE  FROM      YEAR
                                                  NORMAL
..................................................................
TEMPERATURE (F)
 TODAY
  MAXIMUM         75   1057 AM  87    1911  65     10       86
  MINIMUM         66    643 AM  19    1985  43     23       59
  AVERAGE         71                        54     17       73

PRECIPITATION (IN)
  TODAY            T             1.05 1980   0.09  -0.09     0.00
  MONTH TO DATE    0.45                      1.74  -1.29     3.73
  SINCE DEC 1      2.49                      4.05  -1.56     6.74
  SINCE JAN 1      0.45                      1.74  -1.29     3.73

SNOWFALL (IN)
  TODAY            0.0
  MONTH TO DATE    T
  SINCE DEC 1      2.0
  SINCE JUL 1      2.0
  SNOW DEPTH       0

DEGREE DAYS
 HEATING
  TODAY            0                        11    -11        0
  MONTH TO DATE  342                       250     92      125
  SINCE DEC 1    676                       581     95      360
  SINCE JUL 1    794                       744     50      410

 COOLING
  TODAY            6                         0      6        8
  MONTH TO DATE    6                         7     -1       68
  SINCE DEC 1     27                        34     -7      125
  SINCE JAN 1      6                         7     -1       68
..................................................................


WIND (MPH)
  HIGHEST WIND SPEED    31   HIGHEST WIND DIRECTION     S (160)
  HIGHEST GUST SPEED    38   HIGHEST GUST DIRECTION    SE (150)


SKY COVER
  POSSIBLE SUNSHINE  MM
  AVERAGE SKY COVER 1.0


WEATHER CONDITIONS
 THE FOLLOWING WEATHER WAS RECORDED TODAY.
  FOG


RELATIVE HUMIDITY (PERCENT)
 HIGHEST   100          1200 AM
 LOWEST     68          1200 PM
 AVERAGE    84

..........................................................


THE VICTORIA CLIMATE NORMALS FOR TOMORROW
                         NORMAL    RECORD    YEAR
 MAXIMUM TEMPERATURE (F)   65        85      1972
 MINIMUM TEMPERATURE (F)   43        17      1930


SUNRISE AND SUNSET
JANUARY 21 2018.......SUNRISE   721 AM CST   SUNSET   558 PM CST
JANUARY 22 2018.......SUNRISE   720 AM CST   SUNSET   558 PM CST


-  INDICATES NEGATIVE NUMBERS.
R  INDICATES RECORD WAS SET OR TIED.
MM INDICATES DATA IS MISSING.
T  INDICATES TRACE AMOUNT.




$$
