000
CDUS44 KCRP 150828
CLIVCT

CLIMATE REPORT
NATIONAL WEATHER SERVICE CORPUS CHRISTI TX
326 AM CDT MON SEP 15 2014

...................................

...THE VICTORIA CLIMATE SUMMARY FOR SEPTEMBER 14 2014...

CLIMATE NORMAL PERIOD 1981 TO 2010
CLIMATE RECORD PERIOD 1893 TO 2014


WEATHER ITEM   OBSERVED TIME   RECORD YEAR NORMAL DEPARTURE LAST
                VALUE   (LST)  VALUE       VALUE  FROM      YEAR
                                                  NORMAL
..................................................................
TEMPERATURE (F)
 YESTERDAY
  MAXIMUM         82    417 PM 102    1911  91     -9       93
  MINIMUM         70   1159 PM  54    1945  70      0       72
  AVERAGE         76                        80     -4       83

PRECIPITATION (IN)
  YESTERDAY        0.00          1.68 2012   0.14  -0.14     0.00
  MONTH TO DATE    0.54                      2.11  -1.57     2.64
  SINCE SEP 1      0.54                      2.11  -1.57     2.64
  SINCE JAN 1     19.43                     28.98  -9.55    17.56

SNOWFALL (IN)
  YESTERDAY        0.0
  MONTH TO DATE    0.0
  SINCE SEP 1      0.0
  SINCE JUL 1      0.0
  SNOW DEPTH       0

DEGREE DAYS
 HEATING
  YESTERDAY        0                         0      0        0
  MONTH TO DATE    0                         0      0        0
  SINCE SEP 1      0                         0      0        0
  SINCE JUL 1      0                         0      0        0

 COOLING
  YESTERDAY       11                        15     -4       18
  MONTH TO DATE  274                       234     40      274
  SINCE SEP 1    274                       234     40      274
  SINCE JAN 1   2840                      2587    253     2768
..................................................................


WIND (MPH)
  HIGHEST WIND SPEED    15   HIGHEST WIND DIRECTION     N (20)
  HIGHEST GUST SPEED    18   HIGHEST GUST DIRECTION    NE (30)
  AVERAGE WIND SPEED     8.8


SKY COVER
  POSSIBLE SUNSHINE  MM
  AVERAGE SKY COVER 1.0


WEATHER CONDITIONS
 THE FOLLOWING WEATHER WAS RECORDED YESTERDAY.
  FOG
  HAZE


RELATIVE HUMIDITY (PERCENT)
 HIGHEST    90           500 AM
 LOWEST     62           100 PM
 AVERAGE    76

..........................................................


THE VICTORIA CLIMATE NORMALS FOR TODAY
                         NORMAL    RECORD    YEAR
 MAXIMUM TEMPERATURE (F)   91       102      1930
 MINIMUM TEMPERATURE (F)   70        56      1902


SUNRISE AND SUNSET
SEPTEMBER 15 2014.....SUNRISE   713 AM CDT   SUNSET   733 PM CDT
SEPTEMBER 16 2014.....SUNRISE   713 AM CDT   SUNSET   731 PM CDT


-  INDICATES NEGATIVE NUMBERS.
R  INDICATES RECORD WAS SET OR TIED.
MM INDICATES DATA IS MISSING.
T  INDICATES TRACE AMOUNT.

$$
