000
CDUS44 KCRP 181022
CLIVCT

CLIMATE REPORT
NATIONAL WEATHER SERVICE CORPUS CHRISTI TX
418 AM CST WED JAN 18 2017

...THE VICTORIA CLIMATE SUMMARY FOR JANUARY 17 2017...

CLIMATE NORMAL PERIOD 1981 TO 2010
CLIMATE RECORD PERIOD 1893 TO 2017


WEATHER ITEM   OBSERVED TIME   RECORD YEAR NORMAL DEPARTURE LAST
                VALUE   (LST)  VALUE       VALUE  FROM      YEAR
                                                  NORMAL
..................................................................
TEMPERATURE (F)
 YESTERDAY
  MAXIMUM         72    912 AM  85    1936  65      7       57
  MINIMUM         60    149 PM  23    1982  43     17       34
  AVERAGE         66                        54     12       46

PRECIPITATION (IN)
  YESTERDAY        0.64          0.87 1987   0.09   0.55     0.00
  MONTH TO DATE    0.79                      1.41  -0.62     3.08
  SINCE DEC 1      3.80                      3.72   0.08     4.68
  SINCE JAN 1      0.79                      1.41  -0.62     3.08

SNOWFALL (IN)
  YESTERDAY        0.0
  MONTH TO DATE    0.0
  SINCE DEC 1      0.0
  SINCE JUL 1      0.0
  SNOW DEPTH       0

DEGREE DAYS
 HEATING
  YESTERDAY        0                        12    -12       19
  MONTH TO DATE  114                       204    -90      230
  SINCE DEC 1    349                       535   -186      443
  SINCE JUL 1    399                       698   -299      541

 COOLING
  YESTERDAY        1                         0      1        0
  MONTH TO DATE   60                         7     53        0
  SINCE DEC 1    117                        34     83       56
  SINCE JAN 1     60                         7     53        0
..................................................................


WIND (MPH)
  HIGHEST WIND SPEED    20   HIGHEST WIND DIRECTION     W (250)
  HIGHEST GUST SPEED    26   HIGHEST GUST DIRECTION    SW (230)
  AVERAGE WIND SPEED     9.2


SKY COVER
  POSSIBLE SUNSHINE  MM
  AVERAGE SKY COVER 1.0


WEATHER CONDITIONS
 THE FOLLOWING WEATHER WAS RECORDED YESTERDAY.
  THUNDERSTORM
  HEAVY RAIN
  RAIN
  LIGHT RAIN
  FOG


RELATIVE HUMIDITY (PERCENT)
 HIGHEST   100           600 PM
 LOWEST     90           300 PM
 AVERAGE    95

..........................................................


THE VICTORIA CLIMATE NORMALS FOR TODAY
                         NORMAL    RECORD    YEAR
 MAXIMUM TEMPERATURE (F)   65        84      1938
 MINIMUM TEMPERATURE (F)   43         9      1930


SUNRISE AND SUNSET
JANUARY 18 2017.......SUNRISE   721 AM CST   SUNSET   555 PM CST
JANUARY 19 2017.......SUNRISE   721 AM CST   SUNSET   556 PM CST


-  INDICATES NEGATIVE NUMBERS.
R  INDICATES RECORD WAS SET OR TIED.
MM INDICATES DATA IS MISSING.
T  INDICATES TRACE AMOUNT.

$$

87
