000
CDUS44 KCRP 050647 RRA
CLIVCT

CLIMATE REPORT
NATIONAL WEATHER SERVICE CORPUS CHRISTI TX
145 AM CDT WED AUG 5 2015


...................................

...THE VICTORIA CLIMATE SUMMARY FOR AUGUST 4 2015...

CLIMATE NORMAL PERIOD 1981 TO 2010
CLIMATE RECORD PERIOD 1893 TO 2015


WEATHER ITEM   OBSERVED TIME   RECORD YEAR NORMAL DEPARTURE LAST
                VALUE   (LST)  VALUE       VALUE  FROM      YEAR
                                                  NORMAL
..................................................................
TEMPERATURE (F)
 YESTERDAY
  MAXIMUM         97    309 PM 104    1937  95      2       98
                                      1914
                                      1913
  MINIMUM         76    620 AM  68    1949  74      2       71
                                      1925
  AVERAGE         87                        85      2       85

PRECIPITATION (IN)
  YESTERDAY        0.00          1.36 1991   0.09  -0.09     0.00
  MONTH TO DATE    0.00                      0.34  -0.34      T
  SINCE JUN 1     10.07                      8.98   1.09     6.48
  SINCE JAN 1     37.80                     24.36  13.44    17.76

SNOWFALL (IN)
  YESTERDAY        0.0
  MONTH TO DATE    0.0
  SINCE JUN 1      0.0
  SINCE JUL 1      0.0
  SNOW DEPTH       0

DEGREE DAYS
 HEATING
  YESTERDAY        0                         0      0        0
  MONTH TO DATE    0                         0      0        0
  SINCE JUN 1      0                         0      0        0
  SINCE JUL 1      0                         0      0        0

 COOLING
  YESTERDAY       22                        20      2       20
  MONTH TO DATE   81                        80      1       81
  SINCE JUN 1   1192                      1174     18     1278
  SINCE JAN 1   1892                      1833     59     1928
..................................................................


WIND (MPH)
  HIGHEST WIND SPEED    18   HIGHEST WIND DIRECTION     S (170)
  HIGHEST GUST SPEED    31   HIGHEST GUST DIRECTION     S (170)
  AVERAGE WIND SPEED     8.8


SKY COVER
  POSSIBLE SUNSHINE  MM
  AVERAGE SKY COVER 0.2


WEATHER CONDITIONS
 THE FOLLOWING WEATHER WAS RECORDED YESTERDAY.
  FOG


RELATIVE HUMIDITY (PERCENT)
 HIGHEST   100           500 AM
 LOWEST     42           200 PM
 AVERAGE    71

..........................................................


THE VICTORIA CLIMATE NORMALS FOR TODAY
                         NORMAL    RECORD    YEAR
 MAXIMUM TEMPERATURE (F)   95       104      1912
 MINIMUM TEMPERATURE (F)   74        68      1925


SUNRISE AND SUNSET
AUGUST  5 2015........SUNRISE   651 AM CDT   SUNSET   816 PM CDT
AUGUST  6 2015........SUNRISE   651 AM CDT   SUNSET   815 PM CDT


-  INDICATES NEGATIVE NUMBERS.
R  INDICATES RECORD WAS SET OR TIED.
MM INDICATES DATA IS MISSING.
T  INDICATES TRACE AMOUNT.

$$

GW
