000
CDUS44 KCRP 160803
CLIVCT

CLIMATE REPORT
NATIONAL WEATHER SERVICE CORPUS CHRISTI TX
259 AM CDT WED AUG 16 2017

...THE VICTORIA CLIMATE SUMMARY FOR AUGUST 15 2017...

CLIMATE NORMAL PERIOD 1981 TO 2010
CLIMATE RECORD PERIOD 1893 TO 2017


WEATHER ITEM   OBSERVED TIME   RECORD YEAR NORMAL DEPARTURE LAST
                VALUE   (LST)  VALUE       VALUE  FROM      YEAR
                                                  NORMAL
..................................................................
TEMPERATURE (F)
 YESTERDAY
  MAXIMUM         95    232 PM 102    2011  95      0       90
                                      1951
                                      1911
  MINIMUM         75    404 AM  64    2004  74      1       71
  AVERAGE         85                        85      0       81

PRECIPITATION (IN)
  YESTERDAY        0.00          0.80 1979   0.08  -0.08     0.65
  MONTH TO DATE    3.56                      1.17   2.39     1.27
  SINCE JUN 1      7.44                      9.81  -2.37     5.11
  SINCE JAN 1     27.02                     25.19   1.83    25.33

SNOWFALL (IN)
  YESTERDAY        0.0
  MONTH TO DATE    0.0
  SINCE JUN 1      0.0
  SINCE JUL 1      0.0
  SNOW DEPTH       0

DEGREE DAYS
 HEATING
  YESTERDAY        0                         0      0        0
  MONTH TO DATE    0                         0      0        0
  SINCE JUN 1      0                         0      0        0
  SINCE JUL 1      0                         0      0        0

 COOLING
  YESTERDAY       20                        20      0       16
  MONTH TO DATE  316                       300     16      321
  SINCE JUN 1   1535                      1394    141     1505
  SINCE JAN 1   2547                      2053    494     2218
..................................................................


WIND (MPH)
  HIGHEST WIND SPEED    24   HIGHEST WIND DIRECTION     S (160)
  HIGHEST GUST SPEED    34   HIGHEST GUST DIRECTION    SE (150)
  AVERAGE WIND SPEED    11.3


SKY COVER
  POSSIBLE SUNSHINE  MM
  AVERAGE SKY COVER 0.2


WEATHER CONDITIONS
 THE FOLLOWING WEATHER WAS RECORDED YESTERDAY.
  NO SIGNIFICANT WEATHER WAS OBSERVED.


RELATIVE HUMIDITY (PERCENT)
 HIGHEST    94           400 AM
 LOWEST     49          1200 PM
 AVERAGE    72

..........................................................


THE VICTORIA CLIMATE NORMALS FOR TODAY
                         NORMAL    RECORD    YEAR
 MAXIMUM TEMPERATURE (F)   95       106      1948
 MINIMUM TEMPERATURE (F)   74        62      2004


SUNRISE AND SUNSET
AUGUST 16 2017........SUNRISE   657 AM CDT   SUNSET   806 PM CDT
AUGUST 17 2017........SUNRISE   658 AM CDT   SUNSET   805 PM CDT


-  INDICATES NEGATIVE NUMBERS.
R  INDICATES RECORD WAS SET OR TIED.
MM INDICATES DATA IS MISSING.
T  INDICATES TRACE AMOUNT.

$$

87
