944
CDUS45 KGJT 142333
CLIVEL


CLIMATE REPORT
NATIONAL WEATHER SERVICE GRAND JUNCTION CO
431 PM MST SUN FEB 14 2016


...................................

...THE VERNAL UT CLIMATE SUMMARY FOR FEBRUARY 14 2016...
VALID TODAY AS OF 0400 PM LOCAL TIME.

CLIMATE NORMAL PERIOD 1981 TO 2010
CLIMATE RECORD PERIOD 9999 TO 9999


WEATHER ITEM   OBSERVED TIME   RECORD YEAR NORMAL DEPARTURE LAST
                VALUE   (LST)  VALUE       VALUE  FROM      YEAR
                                                  NORMAL
..................................................................
TEMPERATURE (F)
 TODAY
  MAXIMUM         41    306 PM  MM      MM  35      6       54
  MINIMUM         18    604 AM  MM      MM  16      2       25
  AVERAGE         30                        25      5       40

PRECIPITATION (IN)
  TODAY            0.00         MM      MM   0.02  -0.02     0.00
  MONTH TO DATE    0.04                      0.24  -0.20     0.00
  SINCE DEC 1      0.86                      1.38  -0.52     0.60
  SINCE JAN 1      0.40                      0.74  -0.34     0.25

SNOWFALL (IN)
  TODAY           MM            MM      MM   0.1   MM       MM
  MONTH TO DATE   MM                         1.9   MM       MM
  SINCE DEC 1     MM                        13.0   MM       MM
  SINCE JUL 1     MM                        14.6   MM       MM
  SNOW DEPTH      MM

DEGREE DAYS
 HEATING
  TODAY           35                        40     -5       25
  MONTH TO DATE  657                       589     68      330
  SINCE DEC 1   3633                      3353    280     2613
  SINCE JUL 1   4925                      4984    -59     4096

 COOLING
  TODAY            0                         0      0        0
  MONTH TO DATE    0                         0      0        0
  SINCE DEC 1      0                         0      0        0
  SINCE JAN 1      0                         0      0        0
..................................................................


WIND (MPH)
  HIGHEST WIND SPEED     8   HIGHEST WIND DIRECTION    NE (50)
  HIGHEST GUST SPEED    10   HIGHEST GUST DIRECTION     N (350)
  AVERAGE WIND SPEED     2.0


SKY COVER
  POSSIBLE SUNSHINE  MM
  AVERAGE SKY COVER 0.1


WEATHER CONDITIONS
 THE FOLLOWING WEATHER WAS RECORDED TODAY.
  FOG
  HAZE


RELATIVE HUMIDITY (PERCENT)
 HIGHEST    91           300 AM
 LOWEST     41           300 PM
 AVERAGE    66

..........................................................


THE VERNAL UT CLIMATE NORMALS FOR TOMORROW
                         NORMAL    RECORD    YEAR
 MAXIMUM TEMPERATURE (F)   36        MM        MM
 MINIMUM TEMPERATURE (F)   16        MM        MM


SUNRISE AND SUNSET
FEBRUARY 14 2016......SUNRISE   713 AM MST   SUNSET   552 PM MST
FEBRUARY 15 2016......SUNRISE   712 AM MST   SUNSET   553 PM MST


-  INDICATES NEGATIVE NUMBERS.
R  INDICATES RECORD WAS SET OR TIED.
MM INDICATES DATA IS MISSING.
T  INDICATES TRACE AMOUNT.




$$
