000
CDUS45 KGJT 162332
CLIVEL


CLIMATE REPORT
NATIONAL WEATHER SERVICE GRAND JUNCTION CO
530 PM MDT WED APR 16 2014


...................................

...THE VERNAL UT CLIMATE SUMMARY FOR APRIL 16 2014...
VALID TODAY AS OF 0500 PM LOCAL TIME.

CLIMATE NORMAL PERIOD 1981 TO 2010
CLIMATE RECORD PERIOD 9999 TO 9999


WEATHER ITEM   OBSERVED TIME   RECORD YEAR NORMAL DEPARTURE LAST
                VALUE   (LST)  VALUE       VALUE  FROM      YEAR
                                                  NORMAL
..................................................................
TEMPERATURE (F)
 TODAY
  MAXIMUM         57    347 PM  MM      MM  59     -2       35
  MINIMUM         35    431 AM  MM      MM  34      1       27
  AVERAGE         46                        47     -1       31

PRECIPITATION (IN)
  TODAY            0.00         MM      MM   0.02  -0.02     0.03
  MONTH TO DATE    0.31                      0.38  -0.07     0.80
  SINCE MAR 1      1.11                      1.06   0.05     1.44
  SINCE JAN 1      1.52                      2.08  -0.56     2.52

SNOWFALL (IN)
  TODAY           MM            MM      MM   0.0   MM       MM
  MONTH TO DATE   MM                         0.1   MM       MM
  SINCE MAR 1     MM                         1.5   MM       MM
  SINCE JUL 1     MM                        17.4   MM       MM
  SNOW DEPTH      MM

DEGREE DAYS
 HEATING
  TODAY           19                        18      1       34
  MONTH TO DATE  319                       326     -7      347
  SINCE MAR 1   1070                      1166    -96     1190
  SINCE JUL 1   6877                      6657    220     7077

 COOLING
  TODAY            0                         0      0        0
  MONTH TO DATE    0                         0      0        0
  SINCE MAR 1      0                         0      0        0
  SINCE JAN 1      0                         0      0        0
..................................................................


WIND (MPH)
  HIGHEST WIND SPEED    16   HIGHEST WIND DIRECTION    SE (150)
  HIGHEST GUST SPEED    21   HIGHEST GUST DIRECTION     E (110)
  AVERAGE WIND SPEED     7.1


SKY COVER
  POSSIBLE SUNSHINE  MM
  AVERAGE SKY COVER 0.0


WEATHER CONDITIONS
 THE FOLLOWING WEATHER WAS RECORDED TODAY.
  NO SIGNIFICANT WEATHER WAS OBSERVED.


RELATIVE HUMIDITY (PERCENT)
 HIGHEST    41          1200 AM
 LOWEST     18           400 PM
 AVERAGE    30

..........................................................


THE VERNAL UT CLIMATE NORMALS FOR TOMORROW
                         NORMAL    RECORD    YEAR
 MAXIMUM TEMPERATURE (F)   60        MM        MM
 MINIMUM TEMPERATURE (F)   34        MM        MM


SUNRISE AND SUNSET
APRIL 16 2014.........SUNRISE   638 AM MDT   SUNSET   758 PM MDT
APRIL 17 2014.........SUNRISE   637 AM MDT   SUNSET   759 PM MDT


-  INDICATES NEGATIVE NUMBERS.
R  INDICATES RECORD WAS SET OR TIED.
MM INDICATES DATA IS MISSING.
T  INDICATES TRACE AMOUNT.




$$
