113
CDUS43 KSGF 220645
CLIVIH


CLIMATE REPORT
NATIONAL WEATHER SERVICE SPRINGFIELD MO
145 AM CDT TUE AUG 22 2017


...................................

...THE VICHY-ROLLA MO CLIMATE SUMMARY FOR AUGUST 21 2017...

CLIMATE NORMAL PERIOD 1981 TO 2010
CLIMATE RECORD PERIOD 1888 TO 2017


WEATHER ITEM   OBSERVED TIME   RECORD YEAR NORMAL DEPARTURE LAST
                VALUE   (LST)  VALUE       VALUE  FROM      YEAR
                                                  NORMAL
..................................................................
TEMPERATURE (F)
 YESTERDAY
  MAXIMUM         90    331 PM 102    2003  87      3       79
  MINIMUM         72   1236 AM  48    1956  65      7       57
  AVERAGE         81                        76      5       68

PRECIPITATION (IN)
  YESTERDAY        0.12          1.07 1952   0.13  -0.01     0.00
  MONTH TO DATE    5.30                      2.47   2.83     9.41
  SINCE JUN 1     15.50                     11.54   3.96    17.51
  SINCE JAN 1     37.94                     28.35   9.59    31.75

DEGREE DAYS
 HEATING
  YESTERDAY        0                         0      0        0
  MONTH TO DATE    1                         0      1        0
  SINCE JUN 1      2                        15    -13        0
  SINCE JUL 1      1                         1      0        0

 COOLING
  YESTERDAY       16                        11      5        3
  MONTH TO DATE  175                       255    -80      238
  SINCE JUN 1    816                       872    -56      994
  SINCE JAN 1    920                       979    -59     1072
..................................................................


WIND (MPH)
  HIGHEST WIND SPEED    30   HIGHEST WIND DIRECTION    SW (210)
  HIGHEST GUST SPEED    42   HIGHEST GUST DIRECTION     S (200)
  AVERAGE WIND SPEED     9.0


SKY COVER
  AVERAGE SKY COVER 0.1


WEATHER CONDITIONS
 THE FOLLOWING WEATHER WAS RECORDED YESTERDAY.
  THUNDERSTORM
  HEAVY RAIN
  LIGHT RAIN


RELATIVE HUMIDITY (PERCENT)
 HIGHEST    94           900 PM
 LOWEST     59           300 PM
 AVERAGE    77

..........................................................


THE VICHY-ROLLA MO CLIMATE NORMALS FOR TODAY
                         NORMAL    RECORD    YEAR
 MAXIMUM TEMPERATURE (F)   87        99      2001
 MINIMUM TEMPERATURE (F)   65        54      2016
                                             1956


SUNRISE AND SUNSET
AUGUST 22 2017........SUNRISE   628 AM CDT   SUNSET   751 PM CDT
AUGUST 23 2017........SUNRISE   629 AM CDT   SUNSET   749 PM CDT


-  INDICATES NEGATIVE NUMBERS.
R  INDICATES RECORD WAS SET OR TIED.
MM INDICATES DATA IS MISSING.
T  INDICATES TRACE AMOUNT.




$$
