000
CDUS43 KSGF 222229
CLIVIH


CLIMATE REPORT
NATIONAL WEATHER SERVICE SPRINGFIELD MO
429 PM CST THU FEB 22 2018


...................................

...THE VICHY-ROLLA MO CLIMATE SUMMARY FOR FEBRUARY 22 2018...
VALID AS OF 0400 PM LOCAL TIME.

CLIMATE NORMAL PERIOD 1981 TO 2010
CLIMATE RECORD PERIOD 1888 TO 2018


WEATHER ITEM   OBSERVED TIME   RECORD YEAR NORMAL DEPARTURE LAST
                VALUE   (LST)  VALUE       VALUE  FROM      YEAR
                                                  NORMAL
..................................................................
TEMPERATURE (F)
 TODAY
  MAXIMUM         39    359 PM  76    1995  48     -9       71
  MINIMUM         28    120 AM   0    1901  28      0       50
  AVERAGE         34                        38     -4       61

PRECIPITATION (IN)
  TODAY            0.07          2.19 1975   0.07   0.00     0.00
  MONTH TO DATE    2.83                      1.47   1.36     0.45
  SINCE DEC 1      5.13                      6.28  -1.15     2.91
  SINCE JAN 1      4.49                      3.64   0.85     2.05

DEGREE DAYS
 HEATING
  TODAY           31                        27      4        4
  MONTH TO DATE  695                       665     30      423
  SINCE DEC 1   2715                      2686     29     2255
  SINCE JUL 1   3467                      3633   -166     2883

 COOLING
  TODAY            0                         0      0        0
  MONTH TO DATE    0                         0      0        1
  SINCE DEC 1      0                         0      0        1
  SINCE JAN 1      0                         0      0        1
..................................................................


WIND (MPH)
  HIGHEST WIND SPEED    15   HIGHEST WIND DIRECTION     E (100)
  HIGHEST GUST SPEED    20   HIGHEST GUST DIRECTION    NW (330)


SKY COVER
  AVERAGE SKY COVER 1.0


WEATHER CONDITIONS
 THE FOLLOWING WEATHER WAS RECORDED TODAY.
  LT FREEZING RAIN
  FOG


RELATIVE HUMIDITY (PERCENT)
 HIGHEST   100          1200 AM
 LOWEST     92           300 PM
 AVERAGE    96

..........................................................


THE VICHY-ROLLA MO CLIMATE NORMALS FOR TOMORROW
                         NORMAL    RECORD    YEAR
 MAXIMUM TEMPERATURE (F)   48        81      1982
 MINIMUM TEMPERATURE (F)   28         2      1899


SUNRISE AND SUNSET
FEBRUARY 22 2018......SUNRISE   648 AM CST   SUNSET   553 PM CST
FEBRUARY 23 2018......SUNRISE   647 AM CST   SUNSET   554 PM CST


-  INDICATES NEGATIVE NUMBERS.
R  INDICATES RECORD WAS SET OR TIED.
MM INDICATES DATA IS MISSING.
T  INDICATES TRACE AMOUNT.




$$
