000
CDUS43 KSGF 212129
CLIVIH


CLIMATE REPORT
NATIONAL WEATHER SERVICE SPRINGFIELD MO
428 PM CDT SAT OCT 21 2017


...................................

...THE VICHY-ROLLA MO CLIMATE SUMMARY FOR OCTOBER 21 2017...
VALID AS OF 0400 PM LOCAL TIME.

CLIMATE NORMAL PERIOD 1981 TO 2010
CLIMATE RECORD PERIOD 1888 TO 2017


WEATHER ITEM   OBSERVED TIME   RECORD YEAR NORMAL DEPARTURE LAST
                VALUE   (LST)  VALUE       VALUE  FROM      YEAR
                                                  NORMAL
..................................................................
TEMPERATURE (F)
 TODAY
  MAXIMUM         77    131 PM  86    1978  66     11       58
  MINIMUM         63    258 AM  22    1952  44     19       37
  AVERAGE         70                        55     15       48

PRECIPITATION (IN)
  TODAY            0.00          2.10 1945   0.13  -0.13     0.00
  MONTH TO DATE    2.49                      2.35   0.14     2.56
  SINCE SEP 1      2.68                      6.39  -3.71     7.04
  SINCE JAN 1     41.28                     35.94   5.34    39.38

DEGREE DAYS
 HEATING
  TODAY            0                        10    -10       17
  MONTH TO DATE   58                       164   -106       99
  SINCE SEP 1     75                       225   -150      123
  SINCE JUL 1     76                       228   -152      123

 COOLING
  TODAY            5                         1      4        0
  MONTH TO DATE   77                        24     53       52
  SINCE SEP 1    277                       165    112      263
  SINCE JAN 1   1247                      1242      5     1452
..................................................................


WIND (MPH)
  HIGHEST WIND SPEED    26   HIGHEST WIND DIRECTION     S (180)
  HIGHEST GUST SPEED    36   HIGHEST GUST DIRECTION     S (200)


SKY COVER
  AVERAGE SKY COVER 0.4


WEATHER CONDITIONS
 THE FOLLOWING WEATHER WAS RECORDED TODAY.
  NO SIGNIFICANT WEATHER WAS OBSERVED.


RELATIVE HUMIDITY (PERCENT)
 HIGHEST    78           600 AM
 LOWEST     63           100 AM
 AVERAGE    71

..........................................................


THE VICHY-ROLLA MO CLIMATE NORMALS FOR TOMORROW
                         NORMAL    RECORD    YEAR
 MAXIMUM TEMPERATURE (F)   66        86      1903
 MINIMUM TEMPERATURE (F)   44        29      1976


SUNRISE AND SUNSET
OCTOBER 21 2017.......SUNRISE   722 AM CDT   SUNSET   621 PM CDT
OCTOBER 22 2017.......SUNRISE   723 AM CDT   SUNSET   619 PM CDT


-  INDICATES NEGATIVE NUMBERS.
R  INDICATES RECORD WAS SET OR TIED.
MM INDICATES DATA IS MISSING.
T  INDICATES TRACE AMOUNT.




$$
