000
CDUS42 KTAE 300632
CLIVLD


CLIMATE REPORT
NATIONAL WEATHER SERVICE TALLAHASSEE FL
231 AM EDT TUE SEP 30 2014


...................................

...THE VALDOSTA CLIMATE SUMMARY FOR SEPTEMBER 29 2014...

CLIMATE NORMAL PERIOD 1981 TO 2010
CLIMATE RECORD PERIOD 1948 TO 2014


WEATHER ITEM   OBSERVED TIME   NORMAL DEPARTURE LAST
                VALUE   (LST)  VALUE  FROM      YEAR
                                      NORMAL
......................................................
TEMPERATURE (F)
 YESTERDAY
  MAXIMUM         81    344 PM  85     -4       86
  MINIMUM         73   1159 PM  63     10       65
  AVERAGE         77            74      3       76

PRECIPITATION (IN)
  YESTERDAY        0.64          0.11   0.53     0.00
  MONTH TO DATE    6.83          4.52   2.31     1.82
  SINCE SEP 1      6.83          4.52   2.31     1.82
  SINCE JAN 1     42.26         41.55   0.71    35.98

DEGREE DAYS
 HEATING
  YESTERDAY        0             0      0        0
  MONTH TO DATE    0             0      0        0
  SINCE SEP 1      0             0      0        0
  SINCE JUL 1      0             0      0        0

 COOLING
  YESTERDAY       12             9      3       11
  MONTH TO DATE  394           361     33      449
  SINCE SEP 1    394           361     33      449
  SINCE JAN 1   2755          2215    540     2723
......................................................


WIND (MPH)
  HIGHEST WIND SPEED    15   HIGHEST WIND DIRECTION     N (10)
  HIGHEST GUST SPEED    17   HIGHEST GUST DIRECTION     N (20)
  AVERAGE WIND SPEED     3.9




RELATIVE HUMIDITY (PERCENT)
 HIGHEST    94
 LOWEST     79
 AVERAGE    87

..........................................................




SUNRISE AND SUNSET
SEPTEMBER 30 2014.....SUNRISE   726 AM EDT   SUNSET   720 PM EDT
OCTOBER  1 2014.......SUNRISE   727 AM EDT   SUNSET   718 PM EDT


-  INDICATES NEGATIVE NUMBERS.
R  INDICATES RECORD WAS SET OR TIED.
MM INDICATES DATA IS MISSING.
T  INDICATES TRACE AMOUNT.




$$
