000
CDUS42 KTAE 012227
CLIVLD


CLIMATE REPORT
NATIONAL WEATHER SERVICE TALLAHASSEE FL
527 PM EST SUN FEB 1 2015


...................................

...THE VALDOSTA CLIMATE SUMMARY FOR FEBRUARY 1 2015...
VALID TODAY AS OF 0500 PM LOCAL TIME.

CLIMATE NORMAL PERIOD 1981 TO 2010
CLIMATE RECORD PERIOD 1948 TO 2015


WEATHER ITEM   OBSERVED TIME   NORMAL DEPARTURE LAST
                VALUE   (LST)  VALUE  FROM      YEAR
                                      NORMAL
......................................................
TEMPERATURE (F)
 TODAY
  MAXIMUM         73    224 PM  64      9       63
  MINIMUM         39    457 AM  39      0       53
  AVERAGE         56            52      4       58

PRECIPITATION (IN)
  TODAY            0.00          0.05  -0.05     0.08
  MONTH TO DATE    0.00          0.05  -0.05     0.08
  SINCE DEC 1      8.66          7.79   0.87     7.24
  SINCE JAN 1      4.56          4.62  -0.06     2.70

......................................................







THE VALDOSTA CLIMATE NORMALS FOR TOMORROW
                         NORMAL
 MAXIMUM TEMPERATURE (F)   64
 MINIMUM TEMPERATURE (F)   40



-  INDICATES NEGATIVE NUMBERS.
R  INDICATES RECORD WAS SET OR TIED.
MM INDICATES DATA IS MISSING.
T  INDICATES TRACE AMOUNT.




$$
