000
CDUS42 KTAE 200633
CLIVLD


CLIMATE REPORT
NATIONAL WEATHER SERVICE TALLAHASSEE FL
233 AM EDT THU JUL 20 2017


...................................

...THE VALDOSTA CLIMATE SUMMARY FOR JULY 19 2017...

CLIMATE NORMAL PERIOD 1981 TO 2010
CLIMATE RECORD PERIOD 1948 TO 2017


WEATHER ITEM   OBSERVED TIME   NORMAL DEPARTURE LAST
                VALUE   (LST)  VALUE  FROM      YEAR
                                      NORMAL
......................................................
TEMPERATURE (F)
 YESTERDAY
  MAXIMUM         94    332 PM  92      2       94
  MINIMUM         70    605 AM  71     -1       73
  AVERAGE         82            82      0       84

PRECIPITATION (IN)
  YESTERDAY        T             0.22  -0.22     1.29
  MONTH TO DATE    1.70          3.98  -2.28     6.50
  SINCE JUN 1     10.59         10.04   0.55    14.90
  SINCE JAN 1     26.38         29.04  -2.66    39.20

DEGREE DAYS
 COOLING
  YESTERDAY       17            17      0       19
  MONTH TO DATE  326           306     20      359
  SINCE JUN 1    733           738     -5      844
  SINCE JAN 1   1274          1150    124     1354
......................................................


WIND (MPH)
  HIGHEST WIND SPEED    15   HIGHEST WIND DIRECTION     S (180)
  HIGHEST GUST SPEED    19   HIGHEST GUST DIRECTION     S (170)
  AVERAGE WIND SPEED     2.6




RELATIVE HUMIDITY (PERCENT)
 HIGHEST   100
 LOWEST     49
 AVERAGE    75

..........................................................




SUNRISE AND SUNSET
JULY 20 2017..........SUNRISE   644 AM EDT   SUNSET   835 PM EDT
JULY 21 2017..........SUNRISE   644 AM EDT   SUNSET   835 PM EDT


-  INDICATES NEGATIVE NUMBERS.
R  INDICATES RECORD WAS SET OR TIED.
MM INDICATES DATA IS MISSING.
T  INDICATES TRACE AMOUNT.




$$
