000
CDUS42 KTAE 212235
CLIVLD


CLIMATE REPORT
NATIONAL WEATHER SERVICE TALLAHASSEE FL
534 PM EST SUN JAN 21 2018


...................................

...THE VALDOSTA CLIMATE SUMMARY FOR JANUARY 21 2018...
VALID TODAY AS OF 0500 PM LOCAL TIME.

CLIMATE NORMAL PERIOD 1981 TO 2010
CLIMATE RECORD PERIOD 1948 TO 2018


WEATHER ITEM   OBSERVED TIME   NORMAL DEPARTURE LAST
                VALUE   (LST)  VALUE  FROM      YEAR
                                      NORMAL
......................................................
TEMPERATURE (F)
 TODAY
  MAXIMUM         72    306 PM  62     10       77
  MINIMUM         34    739 AM  38     -4       60
  AVERAGE         53            50      3       69

PRECIPITATION (IN)
  TODAY            0.00          0.11  -0.11     2.97
  MONTH TO DATE    1.46          3.15  -1.69     5.74
  SINCE DEC 1      3.04          6.32  -3.28     7.89
  SINCE JAN 1      1.46          3.15  -1.69     5.74

......................................................







THE VALDOSTA CLIMATE NORMALS FOR TOMORROW
                         NORMAL
 MAXIMUM TEMPERATURE (F)   62
 MINIMUM TEMPERATURE (F)   39



-  INDICATES NEGATIVE NUMBERS.
R  INDICATES RECORD WAS SET OR TIED.
MM INDICATES DATA IS MISSING.
T  INDICATES TRACE AMOUNT.




$$
