000
CDUS42 KTAE 290700
CLIVLD


CLIMATE REPORT
NATIONAL WEATHER SERVICE TALLAHASSEE FL
300 AM EDT FRI MAY 29 2015


...................................

...THE VALDOSTA CLIMATE SUMMARY FOR MAY 28 2015...

CLIMATE NORMAL PERIOD 1981 TO 2010
CLIMATE RECORD PERIOD 1948 TO 2015


WEATHER ITEM   OBSERVED TIME   NORMAL DEPARTURE LAST
                VALUE   (LST)  VALUE  FROM      YEAR
                                      NORMAL
......................................................
TEMPERATURE (F)
 YESTERDAY
  MAXIMUM         89    451 PM  88      1       92
  MINIMUM         66    417 AM  65      1       72
  AVERAGE         78            77      1       82

PRECIPITATION (IN)
  YESTERDAY        0.00          0.14  -0.14     0.12
  MONTH TO DATE    2.01          2.05  -0.04     2.63
  SINCE MAR 1      9.35          9.79  -0.44    15.68
  SINCE JAN 1     18.51         18.52  -0.01    21.82

DEGREE DAYS
 COOLING
  YESTERDAY       13            12      1       17
  MONTH TO DATE  308           242     66      317
  SINCE MAR 1    605           367    238      523
  SINCE JAN 1    609           377    232      555
......................................................


WIND (MPH)
  HIGHEST WIND SPEED    14   HIGHEST WIND DIRECTION     E (90)
  HIGHEST GUST SPEED    19   HIGHEST GUST DIRECTION     E (70)
  AVERAGE WIND SPEED     4.6




RELATIVE HUMIDITY (PERCENT)
 HIGHEST   100
 LOWEST     40
 AVERAGE    70

..........................................................




SUNRISE AND SUNSET
MAY 29 2015...........SUNRISE   632 AM EDT   SUNSET   830 PM EDT
MAY 30 2015...........SUNRISE   631 AM EDT   SUNSET   830 PM EDT


-  INDICATES NEGATIVE NUMBERS.
R  INDICATES RECORD WAS SET OR TIED.
MM INDICATES DATA IS MISSING.
T  INDICATES TRACE AMOUNT.




$$
