000
CDUS42 KTAE 090635
CLIVLD


CLIMATE REPORT
NATIONAL WEATHER SERVICE TALLAHASSEE FL
135 AM EST TUE FEB 9 2016


...................................

...THE VALDOSTA CLIMATE SUMMARY FOR FEBRUARY 8 2016...

CLIMATE NORMAL PERIOD 1981 TO 2010
CLIMATE RECORD PERIOD 1948 TO 2016


WEATHER ITEM   OBSERVED TIME   NORMAL DEPARTURE LAST
                VALUE   (LST)  VALUE  FROM      YEAR
                                      NORMAL
......................................................
TEMPERATURE (F)
 YESTERDAY
  MAXIMUM         65    253 PM  65      0       72
  MINIMUM         33    726 AM  40     -7       37
  AVERAGE         49            53     -4       55

PRECIPITATION (IN)
  YESTERDAY        T             0.10  -0.10     0.00
  MONTH TO DATE    3.09          0.54   2.55     0.85
  SINCE DEC 1      9.49          8.28   1.21     9.51
  SINCE JAN 1      6.98          5.11   1.87     5.41

DEGREE DAYS
 HEATING
  YESTERDAY       16            12      4       10
  MONTH TO DATE   85           105    -20      120
  SINCE DEC 1    654           943   -289      813
  SINCE JUL 1    730          1174   -444     1180
......................................................


WIND (MPH)
  HIGHEST WIND SPEED    17   HIGHEST WIND DIRECTION     S (190)
  HIGHEST GUST SPEED    25   HIGHEST GUST DIRECTION     S (200)
  AVERAGE WIND SPEED     4.4




RELATIVE HUMIDITY (PERCENT)
 HIGHEST    96
 LOWEST     30
 AVERAGE    63

..........................................................




SUNRISE AND SUNSET
FEBRUARY  9 2016......SUNRISE   719 AM EST   SUNSET   616 PM EST
FEBRUARY 10 2016......SUNRISE   719 AM EST   SUNSET   616 PM EST


-  INDICATES NEGATIVE NUMBERS.
R  INDICATES RECORD WAS SET OR TIED.
MM INDICATES DATA IS MISSING.
T  INDICATES TRACE AMOUNT.




$$
