699
CDUS42 KTAE 010756
CLIVLD


CLIMATE REPORT
NATIONAL WEATHER SERVICE TALLAHASSEE FL
356 AM EDT SUN MAY 1 2016


...................................

...THE VALDOSTA CLIMATE SUMMARY FOR APRIL 30 2016...

CLIMATE NORMAL PERIOD 1981 TO 2010
CLIMATE RECORD PERIOD 1948 TO 2016


WEATHER ITEM   OBSERVED TIME   NORMAL DEPARTURE LAST
                VALUE   (LST)  VALUE  FROM      YEAR
                                      NORMAL
......................................................
TEMPERATURE (F)
 YESTERDAY
  MAXIMUM         90    136 PM  83      7       78
  MINIMUM         67    528 AM  56     11       55
  AVERAGE         79            70      9       67

PRECIPITATION (IN)
  YESTERDAY        0.85          0.06   0.79     0.00
  MONTH TO DATE    5.82          2.87   2.95     4.84
  SINCE MAR 1     11.99          7.74   4.25     7.34
  SINCE JAN 1     20.85         16.47   4.38    16.50

DEGREE DAYS
 HEATING
  YESTERDAY        0             1     -1        0
  MONTH TO DATE   30            68    -38        0
  SINCE MAR 1    121           252   -131       96
  SINCE JUL 1   1063          1632   -569     1580

 COOLING
  YESTERDAY       14             5      9        2
  MONTH TO DATE  124            92     32      205
  SINCE MAR 1    213           125     88      297
  SINCE JAN 1    223           135     88      301
......................................................


WIND (MPH)
  HIGHEST WIND SPEED    28   HIGHEST WIND DIRECTION     S (180)
  HIGHEST GUST SPEED    44   HIGHEST GUST DIRECTION    SW (210)
  AVERAGE WIND SPEED     4.9




RELATIVE HUMIDITY (PERCENT)
 HIGHEST   100
 LOWEST     47
 AVERAGE    74

..........................................................




SUNRISE AND SUNSET
MAY  1 2016...........SUNRISE   649 AM EDT   SUNSET   812 PM EDT
MAY  2 2016...........SUNRISE   648 AM EDT   SUNSET   813 PM EDT


-  INDICATES NEGATIVE NUMBERS.
R  INDICATES RECORD WAS SET OR TIED.
MM INDICATES DATA IS MISSING.
T  INDICATES TRACE AMOUNT.




$$
