000
CDUS43 KLOT 280638
CLIVPZ


CLIMATE REPORT
NATIONAL WEATHER SERVICE CHICAGO IL
137 AM CDT THU JUL 28 2016


...................................

...THE VALPARAISO CLIMATE SUMMARY FOR JULY 27 2016...

CLIMATE NORMAL PERIOD 1981 TO 2010
CLIMATE RECORD PERIOD 1998 TO 2016


WEATHER ITEM   OBSERVED TIME   RECORD YEAR NORMAL DEPARTURE LAST
                VALUE   (LST)  VALUE       VALUE  FROM      YEAR
                                                  NORMAL
..................................................................
TEMPERATURE (F)
 YESTERDAY
  MAXIMUM         88    331 PM  90    2011  82      6       88
  MINIMUM         63    431 AM  54    2005  62      1       67
  AVERAGE         76                        72      4       78

PRECIPITATION (IN)
  YESTERDAY        0.00          0.91 2003   0.12  -0.12     0.00
  MONTH TO DATE    3.87                      3.80   0.07     4.92
  SINCE JUN 1      4.12                      7.71  -3.59    10.53
  SINCE JAN 1     13.52                     20.69  -7.17    19.32

DEGREE DAYS
 HEATING
  YESTERDAY        0                         0      0        0
  MONTH TO DATE    8                         0      8        6
  SINCE JUN 1     28                        41    -13       33
  SINCE JUL 1      8                         0      8        6

 COOLING
  YESTERDAY       11                         7      4       13
  MONTH TO DATE  245                       212     33      160
  SINCE JUN 1    445                       376     69      292
  SINCE JAN 1    522                       423     99      368
..................................................................


WIND (MPH)
  RESULTANT WIND SPEED   2   RESULTANT WIND DIRECTION   S (190)
  HIGHEST WIND SPEED    10   HIGHEST WIND DIRECTION     S (190)
  HIGHEST GUST SPEED    13   HIGHEST GUST DIRECTION     S (160)
  AVERAGE WIND SPEED     3.0



WEATHER CONDITIONS
 THE FOLLOWING WEATHER WAS RECORDED YESTERDAY.
  NO SIGNIFICANT WEATHER WAS OBSERVED.


..........................................................


THE VALPARAISO CLIMATE NORMALS FOR TODAY
                         NORMAL    RECORD    YEAR
 MAXIMUM TEMPERATURE (F)   82        91      2010
 MINIMUM TEMPERATURE (F)   62        49      2005


SUNRISE AND SUNSET
JULY 28 2016..........SUNRISE   539 AM CDT   SUNSET   809 PM CDT
JULY 29 2016..........SUNRISE   540 AM CDT   SUNSET   808 PM CDT


-  INDICATES NEGATIVE NUMBERS.
R  INDICATES RECORD WAS SET OR TIED.
MM INDICATES DATA IS MISSING.
T  INDICATES TRACE AMOUNT.




$$
