000
CDUS43 KLOT 020633
CLIVPZ


CLIMATE REPORT
NATIONAL WEATHER SERVICE CHICAGO IL
133 AM CDT SUN AUG 2 2015


...................................

...THE VALPARAISO CLIMATE SUMMARY FOR AUGUST 1 2015...

CLIMATE NORMAL PERIOD 1981 TO 2010
CLIMATE RECORD PERIOD 1998 TO 2015


WEATHER ITEM   OBSERVED TIME   RECORD YEAR NORMAL DEPARTURE LAST
                VALUE   (LST)  VALUE       VALUE  FROM      YEAR
                                                  NORMAL
..................................................................
TEMPERATURE (F)
 YESTERDAY
  MAXIMUM         85    459 PM  92    2006  82      3       81
                                      2002
  MINIMUM         60    501 AM  56    1998  62     -2       57
  AVERAGE         73                        72      1       69

PRECIPITATION (IN)
  YESTERDAY        0.00          1.38 2014   0.14  -0.14     1.38
  MONTH TO DATE    0.00                      0.14  -0.14     1.38
  SINCE JUN 1     10.53                      8.39   2.14    11.32
  SINCE JAN 1     19.32                     21.37  -2.05    20.25

DEGREE DAYS
 HEATING
  YESTERDAY        0                         0      0        0
  MONTH TO DATE    0                         0      0        0
  SINCE JUN 1     33                        45    -12       45
  SINCE JUL 1      6                         4      2       25

 COOLING
  YESTERDAY        8                         7      1        4
  MONTH TO DATE    8                         7      1        4
  SINCE JUN 1    342                       411    -69      275
  SINCE JAN 1    418                       458    -40      348
..................................................................


WIND (MPH)
  RESULTANT WIND SPEED   7   RESULTANT WIND DIRECTION   W (260)
  HIGHEST WIND SPEED    20   HIGHEST WIND DIRECTION    SW (240)
  HIGHEST GUST SPEED    23   HIGHEST GUST DIRECTION    SW (240)
  AVERAGE WIND SPEED     7.8



WEATHER CONDITIONS
 THE FOLLOWING WEATHER WAS RECORDED YESTERDAY.
  NO SIGNIFICANT WEATHER WAS OBSERVED.


..........................................................


THE VALPARAISO CLIMATE NORMALS FOR TODAY
                         NORMAL    RECORD    YEAR
 MAXIMUM TEMPERATURE (F)   81        91      2006
 MINIMUM TEMPERATURE (F)   62        53      2014


SUNRISE AND SUNSET
AUGUST  2 2015........SUNRISE   544 AM CDT   SUNSET   804 PM CDT
AUGUST  3 2015........SUNRISE   545 AM CDT   SUNSET   803 PM CDT


-  INDICATES NEGATIVE NUMBERS.
R  INDICATES RECORD WAS SET OR TIED.
MM INDICATES DATA IS MISSING.
T  INDICATES TRACE AMOUNT.




$$
