390
CDUS43 KLOT 060647
CLIVPZ


CLIMATE REPORT
NATIONAL WEATHER SERVICE CHICAGO IL
143 AM CDT FRI MAY 6 2016


...................................

...THE VALPARAISO CLIMATE SUMMARY FOR MAY 5 2016...

CLIMATE NORMAL PERIOD 1981 TO 2010
CLIMATE RECORD PERIOD 1998 TO 2016


WEATHER ITEM   OBSERVED TIME   RECORD YEAR NORMAL DEPARTURE LAST
                VALUE   (LST)  VALUE       VALUE  FROM      YEAR
                                                  NORMAL
..................................................................
TEMPERATURE (F)
 YESTERDAY
  MAXIMUM         55    509 PM  83    2000  67    -12       71
  MINIMUM         40    132 AM  34    2011  45     -5       57
  AVERAGE         48                        56     -8       64

PRECIPITATION (IN)
  YESTERDAY        T             0.63 2015   0.13  -0.13     0.63
  MONTH TO DATE    0.45                      0.69  -0.24     0.78
  SINCE MAR 1      6.18                      6.70  -0.52     3.55
  SINCE JAN 1      7.51                      9.87  -2.36     5.16

DEGREE DAYS
 HEATING
  YESTERDAY       17                        10      7        1
  MONTH TO DATE   74                        51     23       16
  SINCE MAR 1   1217                      1378   -161     1426
  SINCE JUL 1   5075                      6110  -1035     6684

 COOLING
  YESTERDAY        0                         1     -1        0
  MONTH TO DATE    0                         1     -1        2
  SINCE MAR 1      6                         6      0        2
  SINCE JAN 1      6                         6      0        2
..................................................................


WIND (MPH)
  RESULTANT WIND SPEED  10   RESULTANT WIND DIRECTION   N (350)
  HIGHEST WIND SPEED    22   HIGHEST WIND DIRECTION     N (360)
  HIGHEST GUST SPEED    33   HIGHEST GUST DIRECTION     N (350)
  AVERAGE WIND SPEED    10.5



WEATHER CONDITIONS
 THE FOLLOWING WEATHER WAS RECORDED YESTERDAY.
  NO SIGNIFICANT WEATHER WAS OBSERVED.


..........................................................


THE VALPARAISO CLIMATE NORMALS FOR TODAY
                         NORMAL    RECORD    YEAR
 MAXIMUM TEMPERATURE (F)   67        90      2004
 MINIMUM TEMPERATURE (F)   45        36      2014


SUNRISE AND SUNSET
MAY  6 2016...........SUNRISE   538 AM CDT   SUNSET   752 PM CDT
MAY  7 2016...........SUNRISE   537 AM CDT   SUNSET   753 PM CDT


-  INDICATES NEGATIVE NUMBERS.
R  INDICATES RECORD WAS SET OR TIED.
MM INDICATES DATA IS MISSING.
T  INDICATES TRACE AMOUNT.




$$
