000
CDUS43 KLOT 240636
CLIVPZ


CLIMATE REPORT
NATIONAL WEATHER SERVICE CHICAGO IL
136 AM CDT MON APR 24 2017


...................................

...THE VALPARAISO CLIMATE SUMMARY FOR APRIL 23 2017...

CLIMATE NORMAL PERIOD 1981 TO 2010
CLIMATE RECORD PERIOD 1998 TO 2017


WEATHER ITEM   OBSERVED TIME   RECORD YEAR NORMAL DEPARTURE LAST
                VALUE   (LST)  VALUE       VALUE  FROM      YEAR
                                                  NORMAL
..................................................................
TEMPERATURE (F)
 YESTERDAY
  MAXIMUM         70    415 PM  78    2008  63      7       64
  MINIMUM         38    504 AM  29    2015  41     -3       36
  AVERAGE         54                        52      2       50

PRECIPITATION (IN)
  YESTERDAY        0.00          0.59 1999   0.11  -0.11     0.00
  MONTH TO DATE    3.34                      2.55   0.79     1.87
  SINCE MAR 1      6.39                      5.03   1.36     4.92
  SINCE JAN 1      9.83                      8.20   1.63     6.25

DEGREE DAYS
 HEATING
  YESTERDAY       11                        13     -2       15
  MONTH TO DATE  267                       397   -130      416
  SINCE MAR 1   1049                      1242   -193     1057
  SINCE JUL 1   4763                      5974  -1211     4915

 COOLING
  YESTERDAY        0                         0      0        0
  MONTH TO DATE    6                         0      6        2
  SINCE MAR 1      6                         0      6        2
  SINCE JAN 1      6                         0      6        2
..................................................................


WIND (MPH)
  RESULTANT WIND SPEED   4   RESULTANT WIND DIRECTION  NE (30)
  HIGHEST WIND SPEED    12   HIGHEST WIND DIRECTION     N (10)
  HIGHEST GUST SPEED    17   HIGHEST GUST DIRECTION    NE (30)
  AVERAGE WIND SPEED     4.8



WEATHER CONDITIONS
 THE FOLLOWING WEATHER WAS RECORDED YESTERDAY.
  NO SIGNIFICANT WEATHER WAS OBSERVED.


..........................................................


THE VALPARAISO CLIMATE NORMALS FOR TODAY
                         NORMAL    RECORD    YEAR
 MAXIMUM TEMPERATURE (F)   63        84      2009
                                             1960
                                             1915
 MINIMUM TEMPERATURE (F)   41        27      2015


SUNRISE AND SUNSET
APRIL 24 2017.........SUNRISE   554 AM CDT   SUNSET   738 PM CDT
APRIL 25 2017.........SUNRISE   553 AM CDT   SUNSET   740 PM CDT


-  INDICATES NEGATIVE NUMBERS.
R  INDICATES RECORD WAS SET OR TIED.
MM INDICATES DATA IS MISSING.
T  INDICATES TRACE AMOUNT.




$$
