000
CDUS43 KLOT 250632
CLIVPZ


CLIMATE REPORT
NATIONAL WEATHER SERVICE CHICAGO IL
132 AM CDT THU MAY 25 2017


...................................

...THE VALPARAISO CLIMATE SUMMARY FOR MAY 24 2017...

CLIMATE NORMAL PERIOD 1981 TO 2010
CLIMATE RECORD PERIOD 1998 TO 2017


WEATHER ITEM   OBSERVED TIME   RECORD YEAR NORMAL DEPARTURE LAST
                VALUE   (LST)  VALUE       VALUE  FROM      YEAR
                                                  NORMAL
..................................................................
TEMPERATURE (F)
 YESTERDAY
  MAXIMUM         66   1215 PM  90    2010  73     -7       86
  MINIMUM         51    926 PM  39    2013  51      0       56
  AVERAGE         59                        62     -3       71

PRECIPITATION (IN)
  YESTERDAY        0.10          0.52 2006   0.13  -0.03     0.00
  MONTH TO DATE    3.23                      3.05   0.18     1.66
  SINCE MAR 1     11.68                      9.06   2.62     7.39
  SINCE JAN 1     15.12                     12.23   2.89     8.72

DEGREE DAYS
 HEATING
  YESTERDAY        6                         5      1        0
  MONTH TO DATE  208                       190     18      237
  SINCE MAR 1   1313                      1517   -204     1380
  SINCE JUL 1   5027                      6249  -1222     5238

 COOLING
  YESTERDAY        0                         2     -2        6
  MONTH TO DATE   33                        26      7        6
  SINCE MAR 1     46                        31     15       12
  SINCE JAN 1     46                        31     15       12
..................................................................


WIND (MPH)
  RESULTANT WIND SPEED   6   RESULTANT WIND DIRECTION   N (340)
  HIGHEST WIND SPEED    13   HIGHEST WIND DIRECTION    NW (330)
  HIGHEST GUST SPEED    19   HIGHEST GUST DIRECTION     N (350)
  AVERAGE WIND SPEED     7.4



WEATHER CONDITIONS
 THE FOLLOWING WEATHER WAS RECORDED YESTERDAY.
  RAIN
  LIGHT RAIN
  FOG


..........................................................


THE VALPARAISO CLIMATE NORMALS FOR TODAY
                         NORMAL    RECORD    YEAR
 MAXIMUM TEMPERATURE (F)   73        88      2016
 MINIMUM TEMPERATURE (F)   51        36      2013


SUNRISE AND SUNSET
MAY 25 2017...........SUNRISE   521 AM CDT   SUNSET   810 PM CDT
MAY 26 2017...........SUNRISE   520 AM CDT   SUNSET   811 PM CDT


-  INDICATES NEGATIVE NUMBERS.
R  INDICATES RECORD WAS SET OR TIED.
MM INDICATES DATA IS MISSING.
T  INDICATES TRACE AMOUNT.




$$
