000
CDUS43 KLOT 270638
CLIVPZ


CLIMATE REPORT
NATIONAL WEATHER SERVICE CHICAGO IL
137 AM CDT WED MAY 27 2015


...................................

...THE VALPARAISO CLIMATE SUMMARY FOR MAY 26 2015...

CLIMATE NORMAL PERIOD 1981 TO 2010
CLIMATE RECORD PERIOD 1998 TO 2015


WEATHER ITEM   OBSERVED TIME   RECORD YEAR NORMAL DEPARTURE LAST
                VALUE   (LST)  VALUE       VALUE  FROM      YEAR
                                                  NORMAL
..................................................................
TEMPERATURE (F)
 YESTERDAY
  MAXIMUM         78   1032 AM  91    2012  74      4       87
  MINIMUM         65    327 AM  37    2002  51     14       58
  AVERAGE         72                        62     10       73

PRECIPITATION (IN)
  YESTERDAY        0.17          0.65 2001   0.12   0.05     0.44
  MONTH TO DATE    2.47                      3.29  -0.82     3.27
  SINCE MAR 1      5.24                      9.30  -4.06     6.26
  SINCE JAN 1      6.85                     12.47  -5.62     8.89

DEGREE DAYS
 HEATING
  YESTERDAY        0                         5     -5        0
  MONTH TO DATE  133                       200    -67      224
  SINCE MAR 1   1543                      1527     16     1742
  SINCE JUL 1   6801                      6259    542     7191

 COOLING
  YESTERDAY        7                         2      5        8
  MONTH TO DATE   62                        30     32       49
  SINCE MAR 1     62                        35     27       49
  SINCE JAN 1     62                        35     27       49
..................................................................


WIND (MPH)
  RESULTANT WIND SPEED  12   RESULTANT WIND DIRECTION   S (200)
  HIGHEST WIND SPEED    28   HIGHEST WIND DIRECTION     S (190)
  HIGHEST GUST SPEED    37   HIGHEST GUST DIRECTION    SW (220)
  AVERAGE WIND SPEED    13.0



WEATHER CONDITIONS
 THE FOLLOWING WEATHER WAS RECORDED YESTERDAY.
  HEAVY RAIN
  LIGHT RAIN
  FOG


..........................................................


THE VALPARAISO CLIMATE NORMALS FOR TODAY
                         NORMAL    RECORD    YEAR
 MAXIMUM TEMPERATURE (F)   74        97      2012
 MINIMUM TEMPERATURE (F)   52        42      2008


SUNRISE AND SUNSET
MAY 27 2015...........SUNRISE   520 AM CDT   SUNSET   811 PM CDT
MAY 28 2015...........SUNRISE   519 AM CDT   SUNSET   812 PM CDT


-  INDICATES NEGATIVE NUMBERS.
R  INDICATES RECORD WAS SET OR TIED.
MM INDICATES DATA IS MISSING.
T  INDICATES TRACE AMOUNT.




$$
