000
CDUS42 KMLB 070635
CLIVRB


CLIMATE REPORT
NATIONAL WEATHER SERVICE MELBOURNE FL
135 AM EST SUN FEB 7 2016


...................................

...THE VERO BEACH CLIMATE SUMMARY FOR FEBRUARY 6 2016...

CLIMATE NORMAL PERIOD 1981 TO 2010
CLIMATE RECORD PERIOD 1942 TO 2016


WEATHER ITEM   OBSERVED TIME   RECORD YEAR NORMAL DEPARTURE LAST
                VALUE   (LST)  VALUE       VALUE  FROM      YEAR
                                                  NORMAL
..................................................................
TEMPERATURE (F)
 YESTERDAY
  MAXIMUM         75   1225 PM  89    1943  74      1       71
  MINIMUM         55   1241 AM  30    1947  53      2       52
  AVERAGE         65                        63      2       62

PRECIPITATION (IN)
  YESTERDAY        1.51R         1.29 1950   0.09   1.42     0.00
  MONTH TO DATE    1.66                      0.55   1.11     0.90
  SINCE DEC 1     15.62                      5.24  10.38     5.26
  SINCE JAN 1     11.05                      3.05   8.00     2.05

SNOWFALL (IN)
  YESTERDAY        0.0
  MONTH TO DATE    0.0
  SINCE JUL 1      0.0

DEGREE DAYS
 HEATING
  YESTERDAY        0                         4     -4        3
  MONTH TO DATE    6                        24    -18       13
  SINCE DEC 1    146                       281   -135      184
  SINCE JUL 1    147                       311   -164      263

 COOLING
  YESTERDAY        0                         2     -2        0
  MONTH TO DATE   31                        12     19        3
  SINCE DEC 1    360                       166    194      207
  SINCE JAN 1     68                        73     -5       86
..................................................................


WIND (MPH)
  HIGHEST WIND SPEED    22   HIGHEST WIND DIRECTION     W (280)
  HIGHEST GUST SPEED    26   HIGHEST GUST DIRECTION     W (270)
  AVERAGE WIND SPEED    10.4


SKY COVER
  AVERAGE SKY COVER 0.8


WEATHER CONDITIONS
 THE FOLLOWING WEATHER WAS RECORDED YESTERDAY.
  HEAVY RAIN
  RAIN
  LIGHT RAIN
  FOG


RELATIVE HUMIDITY (PERCENT)
 HIGHEST    93           900 PM
 LOWEST     58           200 AM
 AVERAGE    76

..........................................................


THE VERO BEACH CLIMATE NORMALS FOR TODAY
                         NORMAL    RECORD    YEAR
 MAXIMUM TEMPERATURE (F)   74        88      1986
 MINIMUM TEMPERATURE (F)   53        32      1978


SUNRISE AND SUNSET
FEBRUARY  7 2016......SUNRISE   705 AM EST   SUNSET   607 PM EST
FEBRUARY  8 2016......SUNRISE   704 AM EST   SUNSET   608 PM EST


-  INDICATES NEGATIVE NUMBERS.
R  INDICATES RECORD WAS SET OR TIED.
MM INDICATES DATA IS MISSING.
T  INDICATES TRACE AMOUNT.




$$
