000
CDUS42 KMLB 170635
CLIVRB


CLIMATE REPORT
NATIONAL WEATHER SERVICE MELBOURNE FL
235 AM EDT TUE OCT 17 2017


...................................

...THE VERO BEACH CLIMATE SUMMARY FOR OCTOBER 16 2017...

CLIMATE NORMAL PERIOD 1981 TO 2010
CLIMATE RECORD PERIOD 1942 TO 2017


WEATHER ITEM   OBSERVED TIME   RECORD YEAR NORMAL DEPARTURE LAST
                VALUE   (LST)  VALUE       VALUE  FROM      YEAR
                                                  NORMAL
..................................................................
TEMPERATURE (F)
 YESTERDAY
  MAXIMUM         85    314 PM  92    2009  84      1       85
  MINIMUM         71    554 AM  49    1977  69      2       76
  AVERAGE         78                        77      1       81

PRECIPITATION (IN)
  YESTERDAY        0.01          3.98 1999   0.15  -0.14     0.00
  MONTH TO DATE    5.68                      2.98   2.70     4.13
  SINCE SEP 1     18.12                      9.77   8.35     9.03
  SINCE JAN 1     47.54                     44.47   3.07    62.46

SNOWFALL (IN)
  YESTERDAY        0.0
  MONTH TO DATE    0.0
  SINCE JUL 1      0.0

DEGREE DAYS
 HEATING
  YESTERDAY        0                         0      0        0
  MONTH TO DATE    0                         0      0        0
  SINCE SEP 1      0                         0      0        0
  SINCE JUL 1      0                         0      0        0

 COOLING
  YESTERDAY       13                        12      1       16
  MONTH TO DATE  250                       210     40      247
  SINCE SEP 1    745                       679     66      770
  SINCE JAN 1   3457                      2977    480     3360
..................................................................


WIND (MPH)
  HIGHEST WIND SPEED    15   HIGHEST WIND DIRECTION     W (290)
  HIGHEST GUST SPEED    19   HIGHEST GUST DIRECTION     W (290)
  AVERAGE WIND SPEED     3.4


SKY COVER
  AVERAGE SKY COVER 0.2


WEATHER CONDITIONS
 THE FOLLOWING WEATHER WAS RECORDED YESTERDAY.
  NO SIGNIFICANT WEATHER WAS OBSERVED.


RELATIVE HUMIDITY (PERCENT)
 HIGHEST   100           400 AM
 LOWEST     69           500 PM
 AVERAGE    85

..........................................................


THE VERO BEACH CLIMATE NORMALS FOR TODAY
                         NORMAL    RECORD    YEAR
 MAXIMUM TEMPERATURE (F)   84        90      1974
 MINIMUM TEMPERATURE (F)   69        47      1977


SUNRISE AND SUNSET
OCTOBER 17 2017.......SUNRISE   723 AM EDT   SUNSET   650 PM EDT
OCTOBER 18 2017.......SUNRISE   724 AM EDT   SUNSET   649 PM EDT


-  INDICATES NEGATIVE NUMBERS.
R  INDICATES RECORD WAS SET OR TIED.
MM INDICATES DATA IS MISSING.
T  INDICATES TRACE AMOUNT.




$$
