000
CDUS42 KMLB 300632
CLIVRB


CLIMATE REPORT
NATIONAL WEATHER SERVICE MELBOURNE FL
232 AM EDT TUE AUG 30 2016


...................................

...THE VERO BEACH CLIMATE SUMMARY FOR AUGUST 29 2016...

CLIMATE NORMAL PERIOD 1981 TO 2010
CLIMATE RECORD PERIOD 1942 TO 2016


WEATHER ITEM   OBSERVED TIME   RECORD YEAR NORMAL DEPARTURE LAST
                VALUE   (LST)  VALUE       VALUE  FROM      YEAR
                                                  NORMAL
..................................................................
TEMPERATURE (F)
 YESTERDAY
  MAXIMUM         86    330 PM  95    1999  89     -3       91
  MINIMUM         76    730 PM  66    1984  74      2       76
  AVERAGE         81                        81      0       84

PRECIPITATION (IN)
  YESTERDAY        0.72          1.37 1993   0.24   0.48     0.65
  MONTH TO DATE   11.19                      6.55   4.64     5.24
  SINCE JUN 1     16.65                     18.85  -2.20    16.05
  SINCE JAN 1     52.44                     34.22  18.22    27.77

SNOWFALL (IN)
  YESTERDAY        0.0
  MONTH TO DATE    0.0
  SINCE JUL 1      0.0

DEGREE DAYS
 HEATING
  YESTERDAY        0                         0      0        0
  MONTH TO DATE    0                         0      0        0
  SINCE JUN 1      0                         0      0        0
  SINCE JUL 1      0                         0      0        0

 COOLING
  YESTERDAY       16                        16      0       19
  MONTH TO DATE  533                       486     47      533
  SINCE JUN 1   1626                      1460    166     1613
  SINCE JAN 1   2555                      2266    289     2765
..................................................................


WIND (MPH)
  HIGHEST WIND SPEED    25   HIGHEST WIND DIRECTION    SE (130)
  HIGHEST GUST SPEED    32   HIGHEST GUST DIRECTION    SE (120)
  AVERAGE WIND SPEED     8.4


SKY COVER
  AVERAGE SKY COVER 0.4


WEATHER CONDITIONS
 THE FOLLOWING WEATHER WAS RECORDED YESTERDAY.
  THUNDERSTORM
  HEAVY RAIN
  RAIN
  LIGHT RAIN
  FOG
  HAZE


RELATIVE HUMIDITY (PERCENT)
 HIGHEST    94           800 PM
 LOWEST     74           800 AM
 AVERAGE    84

..........................................................


THE VERO BEACH CLIMATE NORMALS FOR TODAY
                         NORMAL    RECORD    YEAR
 MAXIMUM TEMPERATURE (F)   89        95      2005
 MINIMUM TEMPERATURE (F)   74        68      1992
                                             1984
                                             1969


SUNRISE AND SUNSET
AUGUST 30 2016........SUNRISE   700 AM EDT   SUNSET   744 PM EDT
AUGUST 31 2016........SUNRISE   700 AM EDT   SUNSET   743 PM EDT


-  INDICATES NEGATIVE NUMBERS.
R  INDICATES RECORD WAS SET OR TIED.
MM INDICATES DATA IS MISSING.
T  INDICATES TRACE AMOUNT.




$$
