000
CDUS42 KMLB 192119
CLIVRB


CLIMATE REPORT
NATIONAL WEATHER SERVICE MELBOURNE FL
418 PM EST SUN FEB 19 2017


...................................

...THE VERO BEACH CLIMATE SUMMARY FOR FEBRUARY 19 2017...
VALID TODAY AS OF 0400 PM LOCAL TIME.

CLIMATE NORMAL PERIOD 1981 TO 2010
CLIMATE RECORD PERIOD 1942 TO 2017


WEATHER ITEM   OBSERVED TIME   RECORD YEAR NORMAL DEPARTURE LAST
                VALUE   (LST)  VALUE       VALUE  FROM      YEAR
                                                  NORMAL
..................................................................
TEMPERATURE (F)
 TODAY
  MAXIMUM         82   1225 PM  87    2012  75      7       74
                                      1992
                                      1975
  MINIMUM         68    646 AM  32    1958  55     13       63
  AVERAGE         75                        65     10       69

PRECIPITATION (IN)
  TODAY            T             1.43 1968   0.08  -0.08     0.00
  MONTH TO DATE    0.62                      1.76  -1.14     3.15
  SINCE DEC 1      3.49                      6.45  -2.96    17.11
  SINCE JAN 1      1.35                      4.26  -2.91    12.54

SNOWFALL (IN)
  TODAY            0.0
  MONTH TO DATE    0.0
  SINCE JUL 1      0.0

DEGREE DAYS
 HEATING
  TODAY            0                         3     -3        0
  MONTH TO DATE   20                        71    -51       95
  SINCE DEC 1    124                       328   -204      235
  SINCE JUL 1    143                       358   -215      236

 COOLING
  TODAY           10                         3      7        4
  MONTH TO DATE   59                        49     10       44
  SINCE DEC 1    364                       203    161      373
  SINCE JAN 1    159                       110     49       81
..................................................................


WIND (MPH)
  HIGHEST WIND SPEED    18   HIGHEST WIND DIRECTION     N (20)
  HIGHEST GUST SPEED    23   HIGHEST GUST DIRECTION    NE (30)
  AVERAGE WIND SPEED     8.4


SKY COVER
  AVERAGE SKY COVER 0.8


WEATHER CONDITIONS
 THE FOLLOWING WEATHER WAS RECORDED TODAY.
  RAIN
  FOG
  HAZE


RELATIVE HUMIDITY (PERCENT)
 HIGHEST    97           400 AM
 LOWEST     62          1200 PM
 AVERAGE    80

..........................................................


THE VERO BEACH CLIMATE NORMALS FOR TOMORROW
                         NORMAL    RECORD    YEAR
 MAXIMUM TEMPERATURE (F)   75        87      1975
 MINIMUM TEMPERATURE (F)   55        30      2015


SUNRISE AND SUNSET
FEBRUARY 19 2017......SUNRISE   655 AM EST   SUNSET   616 PM EST
FEBRUARY 20 2017......SUNRISE   654 AM EST   SUNSET   617 PM EST


-  INDICATES NEGATIVE NUMBERS.
R  INDICATES RECORD WAS SET OR TIED.
MM INDICATES DATA IS MISSING.
T  INDICATES TRACE AMOUNT.




$$
