000
CDUS42 KMLB 290635
CLIVRB


CLIMATE REPORT
NATIONAL WEATHER SERVICE MELBOURNE FL
235 AM EDT FRI JUL 29 2016


...................................

...THE VERO BEACH CLIMATE SUMMARY FOR JULY 28 2016...

CLIMATE NORMAL PERIOD 1981 TO 2010
CLIMATE RECORD PERIOD 1942 TO 2016


WEATHER ITEM   OBSERVED TIME   RECORD YEAR NORMAL DEPARTURE LAST
                VALUE   (LST)  VALUE       VALUE  FROM      YEAR
                                                  NORMAL
..................................................................
TEMPERATURE (F)
 YESTERDAY
  MAXIMUM         93    229 PM  96    2015  90      3       96
                                      1950
  MINIMUM         73    600 AM  69    1982  74     -1       76
                                      1979
                                      1978
  AVERAGE         83                        82      1       86

PRECIPITATION (IN)
  YESTERDAY        0.00          1.15 1982   0.18  -0.18     0.02
  MONTH TO DATE    0.61                      5.10  -4.49     5.55
  SINCE JUN 1      5.46                     11.77  -6.31    10.46
  SINCE JAN 1     41.25                     27.14  14.11    22.18

SNOWFALL (IN)
  YESTERDAY        0.0
  MONTH TO DATE    0.0
  SINCE JUL 1      0.0

DEGREE DAYS
 HEATING
  YESTERDAY        0                         0      0        0
  MONTH TO DATE    0                         0      0        0
  SINCE JUN 1      0                         0      0        0
  SINCE JUL 1      0                         0      0        0

 COOLING
  YESTERDAY       18                        17      1       21
  MONTH TO DATE  517                       467     50      510
  SINCE JUN 1   1034                       923    111     1023
  SINCE JAN 1   1963                      1729    234     2175
..................................................................


WIND (MPH)
  HIGHEST WIND SPEED    17   HIGHEST WIND DIRECTION     E (110)
  HIGHEST GUST SPEED    21   HIGHEST GUST DIRECTION     E (90)
  AVERAGE WIND SPEED     7.4


SKY COVER
  AVERAGE SKY COVER 0.0


WEATHER CONDITIONS
 THE FOLLOWING WEATHER WAS RECORDED YESTERDAY.
  FOG


RELATIVE HUMIDITY (PERCENT)
 HIGHEST    94           200 AM
 LOWEST     52           300 PM
 AVERAGE    73

..........................................................


THE VERO BEACH CLIMATE NORMALS FOR TODAY
                         NORMAL    RECORD    YEAR
 MAXIMUM TEMPERATURE (F)   90        97      1999
                                             1950
 MINIMUM TEMPERATURE (F)   74        69      1976
                                             1972
                                             1967


SUNRISE AND SUNSET
JULY 29 2016..........SUNRISE   643 AM EDT   SUNSET   812 PM EDT
JULY 30 2016..........SUNRISE   644 AM EDT   SUNSET   812 PM EDT


-  INDICATES NEGATIVE NUMBERS.
R  INDICATES RECORD WAS SET OR TIED.
MM INDICATES DATA IS MISSING.
T  INDICATES TRACE AMOUNT.




$$
