000
CDUS42 KMLB 300626
CLIVRB


CLIMATE REPORT
NATIONAL WEATHER SERVICE MELBOURNE FL
226 AM EDT MON MAY 30 2016


...................................

...THE VERO BEACH CLIMATE SUMMARY FOR MAY 29 2016...

CLIMATE NORMAL PERIOD 1981 TO 2010
CLIMATE RECORD PERIOD 1942 TO 2016


WEATHER ITEM   OBSERVED TIME   RECORD YEAR NORMAL DEPARTURE LAST
                VALUE   (LST)  VALUE       VALUE  FROM      YEAR
                                                  NORMAL
..................................................................
TEMPERATURE (F)
 YESTERDAY
  MAXIMUM         88   1012 AM  99    2000  87      1       88
  MINIMUM         71    334 PM  62    2008  70      1       65
  AVERAGE         80                        78      2       77

PRECIPITATION (IN)
  YESTERDAY        1.60          1.73 1978   0.16   1.44     0.00
  MONTH TO DATE   17.98                      3.04  14.94     0.45
  SINCE MAR 1     22.44                      9.88  12.56     7.55
  SINCE JAN 1     35.79                     15.05  20.74    11.18

SNOWFALL (IN)
  YESTERDAY        0.0
  MONTH TO DATE    0.0
  SINCE JUL 1      0.0

DEGREE DAYS
 HEATING
  YESTERDAY        0                         0      0        0
  MONTH TO DATE    0                         0      0        0
  SINCE MAR 1     16                        70    -54       12
  SINCE JUL 1    284                       455   -171      384

 COOLING
  YESTERDAY       15                        14      1       12
  MONTH TO DATE  344                       320     24      391
  SINCE MAR 1    802                       639    163      999
  SINCE JAN 1    900                       778    122     1124
..................................................................


WIND (MPH)
  HIGHEST WIND SPEED    29   HIGHEST WIND DIRECTION     W (270)
  HIGHEST GUST SPEED    34   HIGHEST GUST DIRECTION     W (270)
  AVERAGE WIND SPEED     3.1


SKY COVER
  AVERAGE SKY COVER 0.4


WEATHER CONDITIONS
 THE FOLLOWING WEATHER WAS RECORDED YESTERDAY.
  THUNDERSTORM
  HEAVY RAIN
  RAIN
  LIGHT RAIN
  FOG
  HAZE


RELATIVE HUMIDITY (PERCENT)
 HIGHEST    94           800 PM
 LOWEST     55          1000 AM
 AVERAGE    75

..........................................................


THE VERO BEACH CLIMATE NORMALS FOR TODAY
                         NORMAL    RECORD    YEAR
 MAXIMUM TEMPERATURE (F)   87        94      2012
 MINIMUM TEMPERATURE (F)   71        60      1971


SUNRISE AND SUNSET
MAY 30 2016...........SUNRISE   627 AM EDT   SUNSET   812 PM EDT
MAY 31 2016...........SUNRISE   626 AM EDT   SUNSET   813 PM EDT


-  INDICATES NEGATIVE NUMBERS.
R  INDICATES RECORD WAS SET OR TIED.
MM INDICATES DATA IS MISSING.
T  INDICATES TRACE AMOUNT.




$$
