000
CDUS42 KMLB 200642
CLIVRB


CLIMATE REPORT
NATIONAL WEATHER SERVICE MELBOURNE FL
242 AM EDT SAT SEP 20 2014


...................................

...THE VERO BEACH CLIMATE SUMMARY FOR SEPTEMBER 19 2014...

CLIMATE NORMAL PERIOD 1981 TO 2010
CLIMATE RECORD PERIOD 1942 TO 2014


WEATHER ITEM   OBSERVED TIME   RECORD YEAR NORMAL DEPARTURE LAST
                VALUE   (LST)  VALUE       VALUE  FROM      YEAR
                                                  NORMAL
..................................................................
TEMPERATURE (F)
 YESTERDAY
  MAXIMUM         86   1159 AM  94    1987  88     -2       86
  MINIMUM         71    625 AM  64    1981  73     -2       74
  AVERAGE         79                        81     -2       80

PRECIPITATION (IN)
  YESTERDAY        0.54          2.36 1943   0.24   0.30     0.27
  MONTH TO DATE    3.49                      4.32  -0.83     4.76
  SINCE SEP 1      3.49                      4.32  -0.83     4.76
  SINCE JAN 1     36.80                     39.02  -2.22    32.44

SNOWFALL (IN)
  YESTERDAY        0.0
  MONTH TO DATE    0.0
  SINCE JUL 1      0.0

DEGREE DAYS
 HEATING
  YESTERDAY        0                         0      0        0
  MONTH TO DATE    0                         0      0        0
  SINCE SEP 1      0                         0      0        0
  SINCE JUL 1      0                         0      0        0

 COOLING
  YESTERDAY       14                        16     -2       15
  MONTH TO DATE  272                       304    -32      297
  SINCE SEP 1    272                       304    -32      297
  SINCE JAN 1   2639                      2602     37     2703
..................................................................


WIND (MPH)
  HIGHEST WIND SPEED    17   HIGHEST WIND DIRECTION    SE (150)
  HIGHEST GUST SPEED    20   HIGHEST GUST DIRECTION    SE (150)
  AVERAGE WIND SPEED     4.6


SKY COVER
  AVERAGE SKY COVER 0.5


WEATHER CONDITIONS
 THE FOLLOWING WEATHER WAS RECORDED YESTERDAY.
  RAIN
  LIGHT RAIN
  FOG


RELATIVE HUMIDITY (PERCENT)
 HIGHEST   100           300 AM
 LOWEST     65          1200 PM
 AVERAGE    83

..........................................................


THE VERO BEACH CLIMATE NORMALS FOR TODAY
                         NORMAL    RECORD    YEAR
 MAXIMUM TEMPERATURE (F)   88        95      1987
 MINIMUM TEMPERATURE (F)   73        64      1981


SUNRISE AND SUNSET
SEPTEMBER 20 2014.....SUNRISE   709 AM EDT   SUNSET   720 PM EDT
SEPTEMBER 21 2014.....SUNRISE   710 AM EDT   SUNSET   719 PM EDT


-  INDICATES NEGATIVE NUMBERS.
R  INDICATES RECORD WAS SET OR TIED.
MM INDICATES DATA IS MISSING.
T  INDICATES TRACE AMOUNT.




$$
