000
CDUS42 KMLB 250627
CLIVRB


CLIMATE REPORT
NATIONAL WEATHER SERVICE MELBOURNE FL
226 AM EDT SUN SEP 25 2016


...................................

...THE VERO BEACH CLIMATE SUMMARY FOR SEPTEMBER 24 2016...

CLIMATE NORMAL PERIOD 1981 TO 2010
CLIMATE RECORD PERIOD 1942 TO 2016


WEATHER ITEM   OBSERVED TIME   RECORD YEAR NORMAL DEPARTURE LAST
                VALUE   (LST)  VALUE       VALUE  FROM      YEAR
                                                  NORMAL
..................................................................
TEMPERATURE (F)
 YESTERDAY
  MAXIMUM         90    122 PM  92    1988  87      3       84
                                      1979
                                      1975
  MINIMUM         75    613 AM  67    1968  73      2       74
                                      1966
  AVERAGE         83                        80      3       79

PRECIPITATION (IN)
  YESTERDAY        0.08          7.19 1963   0.23  -0.15     0.13
  MONTH TO DATE    4.31                      5.43  -1.12     8.29
  SINCE SEP 1      4.31                      5.43  -1.12     8.29
  SINCE JAN 1     57.74                     40.13  17.61    39.89

SNOWFALL (IN)
  YESTERDAY        0.0
  MONTH TO DATE    0.0
  SINCE JUL 1      0.0

DEGREE DAYS
 HEATING
  YESTERDAY        0                         0      0        0
  MONTH TO DATE    0                         0      0        0
  SINCE SEP 1      0                         0      0        0
  SINCE JUL 1      0                         0      0        0

 COOLING
  YESTERDAY       18                        15      3       14
  MONTH TO DATE  425                       380     45      414
  SINCE SEP 1    425                       380     45      414
  SINCE JAN 1   3015                      2678    337     3211
..................................................................


WIND (MPH)
  HIGHEST WIND SPEED    13   HIGHEST WIND DIRECTION     E (70)
  HIGHEST GUST SPEED    15   HIGHEST GUST DIRECTION    NE (60)
  AVERAGE WIND SPEED     4.4


SKY COVER
  AVERAGE SKY COVER 0.2


WEATHER CONDITIONS
 THE FOLLOWING WEATHER WAS RECORDED YESTERDAY.
  THUNDERSTORM
  HEAVY RAIN
  RAIN
  LIGHT RAIN
  FOG


RELATIVE HUMIDITY (PERCENT)
 HIGHEST   100           400 AM
 LOWEST     59          1000 AM
 AVERAGE    80

..........................................................


THE VERO BEACH CLIMATE NORMALS FOR TODAY
                         NORMAL    RECORD    YEAR
 MAXIMUM TEMPERATURE (F)   87        95      1997
 MINIMUM TEMPERATURE (F)   73        65      1990
                                             1967


SUNRISE AND SUNSET
SEPTEMBER 25 2016.....SUNRISE   712 AM EDT   SUNSET   714 PM EDT
SEPTEMBER 26 2016.....SUNRISE   712 AM EDT   SUNSET   713 PM EDT


-  INDICATES NEGATIVE NUMBERS.
R  INDICATES RECORD WAS SET OR TIED.
MM INDICATES DATA IS MISSING.
T  INDICATES TRACE AMOUNT.




$$
