000
CDUS42 KMLB 242115
CLIVRB


CLIMATE REPORT
NATIONAL WEATHER SERVICE MELBOURNE FL
414 PM EST TUE JAN 24 2017


...................................

...THE VERO BEACH CLIMATE SUMMARY FOR JANUARY 24 2017...
VALID TODAY AS OF 0400 PM LOCAL TIME.

CLIMATE NORMAL PERIOD 1981 TO 2010
CLIMATE RECORD PERIOD 1942 TO 2017


WEATHER ITEM   OBSERVED TIME   RECORD YEAR NORMAL DEPARTURE LAST
                VALUE   (LST)  VALUE       VALUE  FROM      YEAR
                                                  NORMAL
..................................................................
TEMPERATURE (F)
 TODAY
  MAXIMUM         77    330 PM  85    1965  73      4       56
  MINIMUM         52    725 AM  30    2003  52      0       35
  AVERAGE         65                        62      3       46

PRECIPITATION (IN)
  TODAY            0.00          2.42 1955   0.08  -0.08     0.00
  MONTH TO DATE    0.53                      1.94  -1.41     5.39
  SINCE DEC 1      2.67                      4.13  -1.46     9.96
  SINCE JAN 1      0.53                      1.94  -1.41     5.39

SNOWFALL (IN)
  TODAY            0.0
  MONTH TO DATE    0.0
  SINCE JUL 1      0.0

DEGREE DAYS
 HEATING
  TODAY            0                         5     -5       19
  MONTH TO DATE   30                       120    -90      110
  SINCE DEC 1     45                       225   -180      112
  SINCE JUL 1     64                       255   -191      113

 COOLING
  TODAY            0                         2     -2        0
  MONTH TO DATE   96                        48     48       30
  SINCE DEC 1    301                       141    160      322
  SINCE JAN 1     96                        48     48       30
..................................................................


WIND (MPH)
  HIGHEST WIND SPEED    22   HIGHEST WIND DIRECTION     W (290)
  HIGHEST GUST SPEED    28   HIGHEST GUST DIRECTION     W (290)
  AVERAGE WIND SPEED    12.5


SKY COVER
  AVERAGE SKY COVER 0.0


WEATHER CONDITIONS
 THE FOLLOWING WEATHER WAS RECORDED TODAY.
  NO SIGNIFICANT WEATHER WAS OBSERVED.


RELATIVE HUMIDITY (PERCENT)
 HIGHEST   100           700 AM
 LOWEST     36           200 PM
 AVERAGE    68

..........................................................


THE VERO BEACH CLIMATE NORMALS FOR TOMORROW
                         NORMAL    RECORD    YEAR
 MAXIMUM TEMPERATURE (F)   73        84      2002
                                             1997
                                             1990
 MINIMUM TEMPERATURE (F)   52        36      2003


SUNRISE AND SUNSET
JANUARY 24 2017.......SUNRISE   712 AM EST   SUNSET   556 PM EST
JANUARY 25 2017.......SUNRISE   711 AM EST   SUNSET   557 PM EST


-  INDICATES NEGATIVE NUMBERS.
R  INDICATES RECORD WAS SET OR TIED.
MM INDICATES DATA IS MISSING.
T  INDICATES TRACE AMOUNT.




$$
