000
CDUS41 KBTV 050550
CLIVSF


CLIMATE REPORT
NATIONAL WEATHER SERVICE BURLINGTON VT
1246 AM EST MON DEC 5 2016


...................................

...THE SPRINGFIELD VT CLIMATE SUMMARY FOR DECEMBER 4 2016...

CLIMATE NORMAL PERIOD 1981 TO 2010
CLIMATE RECORD PERIOD 9999 TO 9999


WEATHER ITEM   OBSERVED TIME   NORMAL DEPARTURE LAST
                VALUE   (LST)  VALUE  FROM      YEAR
                                      NORMAL
......................................................
TEMPERATURE (F)
 YESTERDAY
  MAXIMUM         35    244 PM  38     -3       43
  MINIMUM         20   1155 PM  22     -2       26
  AVERAGE         28            30     -2       35

PRECIPITATION (IN)
  YESTERDAY        0.00          0.12  -0.12      T
  MONTH TO DATE    0.52          0.47   0.05     0.35
  SINCE DEC 1      0.52          0.47   0.05     0.35
  SINCE JAN 1     25.48         41.05 -15.57    28.90

DEGREE DAYS
 HEATING
  YESTERDAY       37            35      2       30
  MONTH TO DATE  112           138    -26      127
  SINCE DEC 1    112           138    -26      127
  SINCE JUL 1   1568          1781   -213     1540

 COOLING
  YESTERDAY        0             0      0        0
  MONTH TO DATE    0             0      0        0
  SINCE DEC 1      0             0      0        0
  SINCE JAN 1    481           345    136      460
......................................................


WIND (MPH)
  HIGHEST WIND SPEED    15   HIGHEST WIND DIRECTION     W (270)
  HIGHEST GUST SPEED    21   HIGHEST GUST DIRECTION     W (250)
  AVERAGE WIND SPEED     4.4


SKY COVER
  AVERAGE SKY COVER 0.6


WEATHER CONDITIONS
 THE FOLLOWING WEATHER WAS RECORDED YESTERDAY.
  NO SIGNIFICANT WEATHER WAS OBSERVED.


RELATIVE HUMIDITY (PERCENT)
 HIGHEST    84          1000 PM
 LOWEST     51          1200 AM
 AVERAGE    68

..........................................................


THE SPRINGFIELD VT CLIMATE NORMALS FOR TODAY
                         NORMAL    RECORD    YEAR
 MAXIMUM TEMPERATURE (F)   38        63      2001
 MINIMUM TEMPERATURE (F)   22        -2      2003


SUNRISE AND SUNSET
DECEMBER  5 2016......SUNRISE   707 AM EST   SUNSET   414 PM EST
DECEMBER  6 2016......SUNRISE   708 AM EST   SUNSET   414 PM EST


-  INDICATES NEGATIVE NUMBERS.
R  INDICATES RECORD WAS SET OR TIED.
MM INDICATES DATA IS MISSING.
T  INDICATES TRACE AMOUNT.




$$
