000
CDUS41 KBTV 290620
CLIVSF


CLIMATE REPORT
NATIONAL WEATHER SERVICE BURLINGTON VT
216 AM EDT WED MAR 29 2017


...................................

...THE SPRINGFIELD VT CLIMATE SUMMARY FOR MARCH 28 2017...

CLIMATE NORMAL PERIOD 1981 TO 2010
CLIMATE RECORD PERIOD 9999 TO 9999


WEATHER ITEM   OBSERVED TIME   NORMAL DEPARTURE LAST
                VALUE   (LST)  VALUE  FROM      YEAR
                                      NORMAL
......................................................
TEMPERATURE (F)
 YESTERDAY
  MAXIMUM         44    224 PM  47     -3       43
  MINIMUM         33    611 AM  25      8       35
  AVERAGE         39            36      3       39

PRECIPITATION (IN)
  YESTERDAY        0.11          0.13  -0.02     0.38
  MONTH TO DATE    1.81          2.89  -1.08     1.68
  SINCE MAR 1      1.81          2.89  -1.08     1.68
  SINCE JAN 1      5.36          8.50  -3.14     6.90

DEGREE DAYS
 HEATING
  YESTERDAY       26            29     -3       26
  MONTH TO DATE 1039           951     88      748
  SINCE MAR 1   1039           951     88      748
  SINCE JUL 1   5916          6396   -480     5404

 COOLING
  YESTERDAY        0             0      0        0
  MONTH TO DATE    0             0      0        0
  SINCE MAR 1      0             0      0        0
  SINCE JAN 1      0             0      0        0
......................................................


WIND (MPH)
  HIGHEST WIND SPEED     7   HIGHEST WIND DIRECTION    SE (140)
  HIGHEST GUST SPEED     9   HIGHEST GUST DIRECTION    SE (140)
  AVERAGE WIND SPEED     0.7


SKY COVER
  AVERAGE SKY COVER 1.0


WEATHER CONDITIONS
 THE FOLLOWING WEATHER WAS RECORDED YESTERDAY.
  LIGHT RAIN
  FOG
  FOG W/VISIBILITY <= 1/4 MILE


RELATIVE HUMIDITY (PERCENT)
 HIGHEST   100          1200 AM
 LOWEST     79          1200 PM
 AVERAGE    90

..........................................................


THE SPRINGFIELD VT CLIMATE NORMALS FOR TODAY
                         NORMAL    RECORD    YEAR
 MAXIMUM TEMPERATURE (F)   47        66      1998
 MINIMUM TEMPERATURE (F)   25        13      2015


SUNRISE AND SUNSET
MARCH 29 2017.........SUNRISE   637 AM EDT   SUNSET   713 PM EDT
MARCH 30 2017.........SUNRISE   635 AM EDT   SUNSET   715 PM EDT


-  INDICATES NEGATIVE NUMBERS.
R  INDICATES RECORD WAS SET OR TIED.
MM INDICATES DATA IS MISSING.
T  INDICATES TRACE AMOUNT.




$$
