000
CDUS41 KBTV 230611
CLIVSF


CLIMATE REPORT
NATIONAL WEATHER SERVICE BURLINGTON VT
209 AM EDT TUE SEP 23 2014


...................................

...THE SPRINGFIELD VT CLIMATE SUMMARY FOR SEPTEMBER 22 2014...

CLIMATE NORMAL PERIOD 1981 TO 2010
CLIMATE RECORD PERIOD 9999 TO 9999


WEATHER ITEM   OBSERVED TIME   NORMAL DEPARTURE LAST
                VALUE   (LST)  VALUE  FROM      YEAR
                                      NORMAL
......................................................
TEMPERATURE (F)
 YESTERDAY
  MAXIMUM         65        MM  68     -3       66
  MINIMUM         54        MM  45      9       47
  AVERAGE         60            56      4       57

PRECIPITATION (IN)
  YESTERDAY        0.01          0.12  -0.11     0.37
  MONTH TO DATE    1.15          2.52  -1.37     2.98
  SINCE SEP 1      1.15          2.52  -1.37     2.98
  SINCE JAN 1     28.84         30.89  -2.05    30.46

DEGREE DAYS
 HEATING
  YESTERDAY        5             9     -4        8
  MONTH TO DATE  149           112     37      145
  SINCE SEP 1    149           112     37      145
  SINCE JUL 1    198           167     31      190

 COOLING
  YESTERDAY        0             0      0        0
  MONTH TO DATE   40            21     19       42
  SINCE SEP 1     40            21     19       42
  SINCE JAN 1    277           342    -65      495
......................................................


WIND (MPH)
  HIGHEST WIND SPEED    21   HIGHEST WIND DIRECTION     W (260)
  HIGHEST GUST SPEED    33   HIGHEST GUST DIRECTION     W (250)
  AVERAGE WIND SPEED     8.4


SKY COVER
  AVERAGE SKY COVER 0.6


WEATHER CONDITIONS
 THE FOLLOWING WEATHER WAS RECORDED YESTERDAY.
  LIGHT RAIN


RELATIVE HUMIDITY (PERCENT)
 HIGHEST   100           500 AM
 LOWEST     43           200 PM
 AVERAGE    72

..........................................................


THE SPRINGFIELD VT CLIMATE NORMALS FOR TODAY
                         NORMAL    RECORD    YEAR
 MAXIMUM TEMPERATURE (F)   68        MM        MM
 MINIMUM TEMPERATURE (F)   44        MM        MM


SUNRISE AND SUNSET
SEPTEMBER 23 2014.....SUNRISE   638 AM EDT   SUNSET   646 PM EDT
SEPTEMBER 24 2014.....SUNRISE   639 AM EDT   SUNSET   644 PM EDT


-  INDICATES NEGATIVE NUMBERS.
R  INDICATES RECORD WAS SET OR TIED.
MM INDICATES DATA IS MISSING.
T  INDICATES TRACE AMOUNT.




$$
