000
CDUS41 KBTV 300538
CLIVSF


CLIMATE REPORT
NATIONAL WEATHER SERVICE BURLINGTON VT
137 AM EDT WED JUL 30 2014


...................................

...THE SPRINGFIELD VT CLIMATE SUMMARY FOR JULY 29 2014...

CLIMATE NORMAL PERIOD 1981 TO 2010
CLIMATE RECORD PERIOD 9999 TO 9999


WEATHER ITEM   OBSERVED TIME   NORMAL DEPARTURE LAST
                VALUE   (LST)  VALUE  FROM      YEAR
                                      NORMAL
......................................................
TEMPERATURE (F)
 YESTERDAY
  MAXIMUM         74    215 PM  81     -7       83
  MINIMUM         53   1159 PM  57     -4       58
  AVERAGE         64            69     -5       71

PRECIPITATION (IN)
  YESTERDAY        0.00          0.15  -0.15     0.09
  MONTH TO DATE    6.09          4.14   1.95     5.10
  SINCE JUN 1     10.27          8.03   2.24    11.50
  SINCE JAN 1     23.80         24.30  -0.50    23.21

DEGREE DAYS
 HEATING
  YESTERDAY        1             1      0        0
  MONTH TO DATE    2            15    -13        6
  SINCE JUN 1     60           111    -51      107
  SINCE JUL 1      2            15    -13        6

 COOLING
  YESTERDAY        0             4     -4        6
  MONTH TO DATE  113           135    -22      250
  SINCE JUN 1    172           199    -27      339
  SINCE JAN 1    177           211    -34      363
......................................................


WIND (MPH)
  HIGHEST WIND SPEED    15   HIGHEST WIND DIRECTION     W (270)
  HIGHEST GUST SPEED    20   HIGHEST GUST DIRECTION     W (260)
  AVERAGE WIND SPEED     4.0


SKY COVER
  AVERAGE SKY COVER 0.6


WEATHER CONDITIONS
 THE FOLLOWING WEATHER WAS RECORDED YESTERDAY.
  FOG


RELATIVE HUMIDITY (PERCENT)
 HIGHEST   100          1000 PM
 LOWEST     41           300 PM
 AVERAGE    71

..........................................................


THE SPRINGFIELD VT CLIMATE NORMALS FOR TODAY
                         NORMAL    RECORD    YEAR
 MAXIMUM TEMPERATURE (F)   81        MM        MM
 MINIMUM TEMPERATURE (F)   57        MM        MM


SUNRISE AND SUNSET
JULY 30 2014..........SUNRISE   538 AM EDT   SUNSET   814 PM EDT
JULY 31 2014..........SUNRISE   539 AM EDT   SUNSET   813 PM EDT


-  INDICATES NEGATIVE NUMBERS.
R  INDICATES RECORD WAS SET OR TIED.
MM INDICATES DATA IS MISSING.
T  INDICATES TRACE AMOUNT.




$$
