000
CDUS41 KBTV 280539
CLIVSF


CLIMATE REPORT
NATIONAL WEATHER SERVICE BURLINGTON VT
136 AM EDT FRI AUG 28 2015


...................................

...THE SPRINGFIELD VT CLIMATE SUMMARY FOR AUGUST 27 2015...

CLIMATE NORMAL PERIOD 1981 TO 2010
CLIMATE RECORD PERIOD 9999 TO 9999


WEATHER ITEM   OBSERVED TIME   NORMAL DEPARTURE LAST
                VALUE   (LST)  VALUE  FROM      YEAR
                                      NORMAL
......................................................
TEMPERATURE (F)
 YESTERDAY
  MAXIMUM         76    205 PM  78     -2       86
  MINIMUM         53   1159 PM  54     -1       57
  AVERAGE         65            66     -1       72

PRECIPITATION (IN)
  YESTERDAY        0.00          0.12  -0.12      T
  MONTH TO DATE    3.52          3.37   0.15     3.38
  SINCE JUN 1     10.00         11.69  -1.69    13.94
  SINCE JAN 1     18.50         27.96  -9.46    27.47

DEGREE DAYS
 HEATING
  YESTERDAY        0             2     -2        0
  MONTH TO DATE    5            30    -25       36
  SINCE JUN 1    128           143    -15      101
  SINCE JUL 1     21            47    -26       43

 COOLING
  YESTERDAY        0             3     -3        7
  MONTH TO DATE  145            97     48       56
  SINCE JUN 1    330           300     30      228
  SINCE JAN 1    379           312     67      233
......................................................


WIND (MPH)
  HIGHEST WIND SPEED    16   HIGHEST WIND DIRECTION     W (290)
  HIGHEST GUST SPEED    23   HIGHEST GUST DIRECTION     W (290)
  AVERAGE WIND SPEED     2.7


SKY COVER
  AVERAGE SKY COVER 0.5


WEATHER CONDITIONS
 THE FOLLOWING WEATHER WAS RECORDED YESTERDAY.
  NO SIGNIFICANT WEATHER WAS OBSERVED.


RELATIVE HUMIDITY (PERCENT)
 HIGHEST   100           500 AM
 LOWEST     46           200 PM
 AVERAGE    73

..........................................................


THE SPRINGFIELD VT CLIMATE NORMALS FOR TODAY
                         NORMAL    RECORD    YEAR
 MAXIMUM TEMPERATURE (F)   77        88      2004
 MINIMUM TEMPERATURE (F)   54        46      2010


SUNRISE AND SUNSET
AUGUST 28 2015........SUNRISE   609 AM EDT   SUNSET   733 PM EDT
AUGUST 29 2015........SUNRISE   610 AM EDT   SUNSET   731 PM EDT


-  INDICATES NEGATIVE NUMBERS.
R  INDICATES RECORD WAS SET OR TIED.
MM INDICATES DATA IS MISSING.
T  INDICATES TRACE AMOUNT.




$$
