000
CDUS41 KBTV 240646
CLIVSF


CLIMATE REPORT
NATIONAL WEATHER SERVICE BURLINGTON VT
244 AM EDT SUN SEP 24 2017


...................................

...THE SPRINGFIELD VT CLIMATE SUMMARY FOR SEPTEMBER 23 2017...

CLIMATE NORMAL PERIOD 1981 TO 2010
CLIMATE RECORD PERIOD 9999 TO 9999


WEATHER ITEM   OBSERVED TIME   NORMAL DEPARTURE LAST
                VALUE   (LST)  VALUE  FROM      YEAR
                                      NORMAL
......................................................
TEMPERATURE (F)
 YESTERDAY
  MAXIMUM         86    354 PM  68     18       67
  MINIMUM         49    626 AM  44      5       47
  AVERAGE         68            56     12       57

PRECIPITATION (IN)
  YESTERDAY        0.00          0.13  -0.13     0.01
  MONTH TO DATE    2.23          2.65  -0.42     0.97
  SINCE SEP 1      2.23          2.65  -0.42     0.97
  SINCE JAN 1     30.52         31.02  -0.50    19.85

DEGREE DAYS
 HEATING
  YESTERDAY        0             9     -9        8
  MONTH TO DATE   83           121    -38       50
  SINCE SEP 1     83           121    -38       50
  SINCE JUL 1    148           176    -28       72

 COOLING
  YESTERDAY        3             0      3        0
  MONTH TO DATE   42            21     21       44
  SINCE SEP 1     42            21     21       44
  SINCE JAN 1    342           342      0      481
......................................................


WIND (MPH)
  HIGHEST WIND SPEED     9   HIGHEST WIND DIRECTION    NE (60)
  HIGHEST GUST SPEED    12   HIGHEST GUST DIRECTION     N (360)
  AVERAGE WIND SPEED     1.3


SKY COVER
  AVERAGE SKY COVER 0.1


WEATHER CONDITIONS
 THE FOLLOWING WEATHER WAS RECORDED YESTERDAY.
  FOG
  FOG W/VISIBILITY <= 1/4 MILE


RELATIVE HUMIDITY (PERCENT)
 HIGHEST    93           200 AM
 LOWEST     29           200 PM
 AVERAGE    61

..........................................................


THE SPRINGFIELD VT CLIMATE NORMALS FOR TODAY
                         NORMAL    RECORD    YEAR
 MAXIMUM TEMPERATURE (F)   67        91      2010
 MINIMUM TEMPERATURE (F)   44        30      1998


SUNRISE AND SUNSET
SEPTEMBER 24 2017.....SUNRISE   640 AM EDT   SUNSET   643 PM EDT
SEPTEMBER 25 2017.....SUNRISE   641 AM EDT   SUNSET   642 PM EDT


-  INDICATES NEGATIVE NUMBERS.
R  INDICATES RECORD WAS SET OR TIED.
MM INDICATES DATA IS MISSING.
T  INDICATES TRACE AMOUNT.




$$
