000
CDUS43 KLBF 012245
CLIVTN


CLIMATE REPORT
NATIONAL WEATHER SERVICE NORTH PLATTE
545 PM CDT SUN MAY 1 2016


...................................

...THE VALENTINE NE CLIMATE SUMMARY FOR MAY 1 2016...
VALID TODAY AS OF 0500 PM LOCAL TIME.

CLIMATE NORMAL PERIOD 1981 TO 2010
CLIMATE RECORD PERIOD 1885 TO 2016


WEATHER ITEM   OBSERVED TIME   RECORD YEAR NORMAL DEPARTURE LAST
                VALUE   (LST)  VALUE       VALUE  FROM      YEAR
                                                  NORMAL
..................................................................
TEMPERATURE (F)
 TODAY
  MAXIMUM         55    300 PM  97    1959  66    -11       74
  MINIMUM         36        MM  17    1909  39     -3       45
  AVERAGE         46                        53     -7       60

PRECIPITATION (IN)
  TODAY            0.04          1.79 1983   0.09  -0.05     0.08
  MONTH TO DATE    0.04                      0.09  -0.05     0.08
  SINCE MAR 1      5.59                      3.38   2.21     1.73
  SINCE JAN 1      6.27                      4.12   2.15     2.35

SNOWFALL (IN)
  TODAY           MM             3.6  1917   0.0   MM        0.0
  MONTH TO DATE   MM                         0.0   MM        0.0
  SINCE MAR 1      7.0                      11.1   -4.1      0.8
  SINCE JUL 1     38.2                      33.2    5.0     22.5
  SNOW DEPTH       0

DEGREE DAYS
 HEATING
  TODAY           19                        13      6        5
  MONTH TO DATE   19                        13      6        5
  SINCE MAR 1   1231                      1460   -229     1140
  SINCE JUL 1   5917                      6696   -779     6266

 COOLING
  TODAY            0                         0      0        0
  MONTH TO DATE    0                         0      0        0
  SINCE MAR 1      3                         4     -1        2
  SINCE JAN 1      3                         4     -1        2
..................................................................


WIND (MPH)
  HIGHEST WIND SPEED    20   HIGHEST WIND DIRECTION    NE (30)
  HIGHEST GUST SPEED    28   HIGHEST GUST DIRECTION    NE (30)
  AVERAGE WIND SPEED    14.5


SKY COVER
  POSSIBLE SUNSHINE  MM
  AVERAGE SKY COVER 0.6


WEATHER CONDITIONS
 THE FOLLOWING WEATHER WAS RECORDED TODAY.
  LIGHT RAIN


RELATIVE HUMIDITY (PERCENT)
 HIGHEST    92           100 AM
 LOWEST     38           200 PM
 AVERAGE    65

..........................................................


THE VALENTINE NE CLIMATE NORMALS FOR TOMORROW
                         NORMAL    RECORD    YEAR
 MAXIMUM TEMPERATURE (F)   67        90      1981
 MINIMUM TEMPERATURE (F)   39        21      1967
                                             1911


SUNRISE AND SUNSET
MAY  1 2016...........SUNRISE   636 AM CDT   SUNSET   844 PM CDT
MAY  2 2016...........SUNRISE   634 AM CDT   SUNSET   845 PM CDT


-  INDICATES NEGATIVE NUMBERS.
R  INDICATES RECORD WAS SET OR TIED.
MM INDICATES DATA IS MISSING.
T  INDICATES TRACE AMOUNT.




$$
