655
CDUS43 KLBF 270927
CLIVTN


CLIMATE REPORT
NATIONAL WEATHER SERVICE NORTH PLATTE
427 AM CDT TUE SEP 27 2016


...................................

...THE VALENTINE NE CLIMATE SUMMARY FOR SEPTEMBER 26 2016...

CLIMATE NORMAL PERIOD 1981 TO 2010
CLIMATE RECORD PERIOD 1885 TO 2016


WEATHER ITEM   OBSERVED TIME   RECORD YEAR NORMAL DEPARTURE LAST
                VALUE   (LST)  VALUE       VALUE  FROM      YEAR
                                                  NORMAL
..................................................................
TEMPERATURE (F)
 YESTERDAY
  MAXIMUM         75    438 PM  95    1956  72      3       79
  MINIMUM         35    146 AM  23    1934  42     -7       56
  AVERAGE         55                        57     -2       68

PRECIPITATION (IN)
  YESTERDAY        0.00          0.73 1896   0.06  -0.06     0.00
  MONTH TO DATE    1.52                      1.42   0.10     4.61
  SINCE SEP 1      1.52                      1.42   0.10     4.61
  SINCE JAN 1     23.45                     17.53   5.92    22.56

SNOWFALL (IN)
  YESTERDAY        0.0           1.9  1927   0.0    0.0      0.0
  MONTH TO DATE    0.0                       0.5   -0.5      0.0
  SINCE SEP 1      0.0                       0.5   -0.5      0.0
  SINCE JUL 1      0.0                       0.5   -0.5      0.0
  SNOW DEPTH       0

DEGREE DAYS
 HEATING
  YESTERDAY       10                         9      1        0
  MONTH TO DATE   79                       122    -43       44
  SINCE SEP 1     79                       122    -43       44
  SINCE JUL 1    107                       147    -40       75

 COOLING
  YESTERDAY        0                         1     -1        3
  MONTH TO DATE   67                        78    -11      129
  SINCE SEP 1     67                        78    -11      129
  SINCE JAN 1    864                       814     50      789
..................................................................


WIND (MPH)
  HIGHEST WIND SPEED    22   HIGHEST WIND DIRECTION    NW (330)
  HIGHEST GUST SPEED    29   HIGHEST GUST DIRECTION     N (340)
  AVERAGE WIND SPEED    10.2


SKY COVER
  POSSIBLE SUNSHINE  MM
  AVERAGE SKY COVER 0.0


WEATHER CONDITIONS
 THE FOLLOWING WEATHER WAS RECORDED YESTERDAY.
  NO SIGNIFICANT WEATHER WAS OBSERVED.


RELATIVE HUMIDITY (PERCENT)
 HIGHEST    76           100 AM
 LOWEST     23           300 PM
 AVERAGE    50

..........................................................


THE VALENTINE NE CLIMATE NORMALS FOR TODAY
                         NORMAL    RECORD    YEAR
 MAXIMUM TEMPERATURE (F)   72        98      1956
 MINIMUM TEMPERATURE (F)   42        24      1928


SUNRISE AND SUNSET
SEPTEMBER 27 2016.....SUNRISE   736 AM CDT   SUNSET   730 PM CDT
SEPTEMBER 28 2016.....SUNRISE   737 AM CDT   SUNSET   728 PM CDT


-  INDICATES NEGATIVE NUMBERS.
R  INDICATES RECORD WAS SET OR TIED.
MM INDICATES DATA IS MISSING.
T  INDICATES TRACE AMOUNT.




$$
