000
CDUS43 KLBF 310933
CLIVTN


CLIMATE REPORT
NATIONAL WEATHER SERVICE NORTH PLATTE
430 AM CDT TUE MAY 31 2016


...................................

...THE VALENTINE NE CLIMATE SUMMARY FOR MAY 30 2016...

CLIMATE NORMAL PERIOD 1981 TO 2010
CLIMATE RECORD PERIOD 1885 TO 2016


WEATHER ITEM   OBSERVED TIME   RECORD YEAR NORMAL DEPARTURE LAST
                VALUE   (LST)  VALUE       VALUE  FROM      YEAR
                                                  NORMAL
..................................................................
TEMPERATURE (F)
 YESTERDAY
  MAXIMUM         83    153 PM  98    1934  75      8       63
  MINIMUM         54   1140 PM  32    1947  49      5       34
  AVERAGE         69                        62      7       49

PRECIPITATION (IN)
  YESTERDAY        0.63          1.39 1938   0.12   0.51     0.00
  MONTH TO DATE    7.09                      3.00   4.09     7.10
  SINCE MAR 1     12.64                      6.29   6.35     8.75
  SINCE JAN 1     13.32                      7.03   6.29     9.37

SNOWFALL (IN)
  YESTERDAY        0.0           0.0    MM   0.0    0.0      0.0
  MONTH TO DATE    0.0                       0.1   -0.1      0.0
  SINCE MAR 1      7.0                      11.2   -4.2      0.8
  SINCE JUL 1     38.2                      33.3    4.9     22.5
  SNOW DEPTH       0

DEGREE DAYS
 HEATING
  YESTERDAY        0                         5     -5       16
  MONTH TO DATE  247                       257    -10      304
  SINCE MAR 1   1459                      1704   -245     1439
  SINCE JUL 1   6145                      6940   -795     6565

 COOLING
  YESTERDAY        4                         2      2        0
  MONTH TO DATE   15                        29    -14        4
  SINCE MAR 1     18                        33    -15        6
  SINCE JAN 1     18                        33    -15        6
..................................................................


WIND (MPH)
  HIGHEST WIND SPEED    30   HIGHEST WIND DIRECTION    SW (230)
  HIGHEST GUST SPEED    38   HIGHEST GUST DIRECTION    SW (230)
  AVERAGE WIND SPEED    11.0


SKY COVER
  POSSIBLE SUNSHINE  MM
  AVERAGE SKY COVER 0.1


WEATHER CONDITIONS
 THE FOLLOWING WEATHER WAS RECORDED YESTERDAY.
  THUNDERSTORM
  HEAVY RAIN
  RAIN
  LIGHT RAIN


RELATIVE HUMIDITY (PERCENT)
 HIGHEST    86           600 AM
 LOWEST     33           200 PM
 AVERAGE    60

..........................................................


THE VALENTINE NE CLIMATE NORMALS FOR TODAY
                         NORMAL    RECORD    YEAR
 MAXIMUM TEMPERATURE (F)   75        95      1984
 MINIMUM TEMPERATURE (F)   49        31      1964


SUNRISE AND SUNSET
MAY 31 2016...........SUNRISE   607 AM CDT   SUNSET   914 PM CDT
JUNE  1 2016..........SUNRISE   606 AM CDT   SUNSET   915 PM CDT


-  INDICATES NEGATIVE NUMBERS.
R  INDICATES RECORD WAS SET OR TIED.
MM INDICATES DATA IS MISSING.
T  INDICATES TRACE AMOUNT.




$$
