934
CDUS43 KLBF 270837
CLIVTN


CLIMATE REPORT
NATIONAL WEATHER SERVICE NORTH PLATTE
336 AM CDT MON MAR 27 2017


...................................

...THE VALENTINE NE CLIMATE SUMMARY FOR MARCH 26 2017...

CLIMATE NORMAL PERIOD 1981 TO 2010
CLIMATE RECORD PERIOD 1885 TO 2017


WEATHER ITEM   OBSERVED TIME   RECORD YEAR NORMAL DEPARTURE LAST
                VALUE   (LST)  VALUE       VALUE  FROM      YEAR
                                                  NORMAL
..................................................................
TEMPERATURE (F)
 YESTERDAY
  MAXIMUM         55    347 PM  87    2012  53      2       33
  MINIMUM         34   1159 PM  -6    1996  26      8       15
  AVERAGE         45                        39      6       24

PRECIPITATION (IN)
  YESTERDAY        0.00          0.72 1921   0.04  -0.04      T
  MONTH TO DATE    0.68                      0.84  -0.16     0.52
  SINCE MAR 1      0.68                      0.84  -0.16     0.52
  SINCE JAN 1      2.75                      1.58   1.17     1.20

SNOWFALL (IN)
  YESTERDAY        0.0           4.4  1931   0.2   -0.2       T
  MONTH TO DATE    3.5                       5.6   -2.1      5.5
  SINCE MAR 1      3.5                       5.6   -2.1      5.5
  SINCE JUL 1     45.3                      27.7   17.6     36.7
  SNOW DEPTH       0

DEGREE DAYS
 HEATING
  YESTERDAY       20                        26     -6       41
  MONTH TO DATE  656                       769   -113      603
  SINCE MAR 1    656                       769   -113      603
  SINCE JUL 1   5415                      6005   -590     5289

 COOLING
  YESTERDAY        0                         0      0        0
  MONTH TO DATE    0                         0      0        0
  SINCE MAR 1      0                         0      0        0
  SINCE JAN 1      0                         0      0        0
..................................................................


WIND (MPH)
  HIGHEST WIND SPEED    14   HIGHEST WIND DIRECTION    NE (40)
  HIGHEST GUST SPEED    17   HIGHEST GUST DIRECTION     S (170)
  AVERAGE WIND SPEED     6.2


SKY COVER
  POSSIBLE SUNSHINE  MM
  AVERAGE SKY COVER 0.7


WEATHER CONDITIONS
 THE FOLLOWING WEATHER WAS RECORDED YESTERDAY.
  FOG


RELATIVE HUMIDITY (PERCENT)
 HIGHEST    92          1200 AM
 LOWEST     54          1200 PM
 AVERAGE    73

..........................................................


THE VALENTINE NE CLIMATE NORMALS FOR TODAY
                         NORMAL    RECORD    YEAR
 MAXIMUM TEMPERATURE (F)   53        85      1988
 MINIMUM TEMPERATURE (F)   27        -4      1931


SUNRISE AND SUNSET
MARCH 27 2017.........SUNRISE   733 AM CDT   SUNSET   803 PM CDT
MARCH 28 2017.........SUNRISE   731 AM CDT   SUNSET   804 PM CDT


-  INDICATES NEGATIVE NUMBERS.
R  INDICATES RECORD WAS SET OR TIED.
MM INDICATES DATA IS MISSING.
T  INDICATES TRACE AMOUNT.




$$
