000
CDUS43 KLBF 290937
CLIVTN

CLIMATE REPORT
NATIONAL WEATHER SERVICE NORTH PLATTE
431 AM CDT SUN MAR 29 2015


...................................

...THE VALENTINE NE CLIMATE SUMMARY FOR MARCH 28 2015...

CLIMATE NORMAL PERIOD 1981 TO 2010
CLIMATE RECORD PERIOD 1885 TO 2015


WEATHER ITEM   OBSERVED TIME   RECORD YEAR NORMAL DEPARTURE LAST
                VALUE   (LST)  VALUE       VALUE  FROM      YEAR
                                                  NORMAL
..................................................................
TEMPERATURE (F)
 YESTERDAY
  MAXIMUM         79    451 PM  84    1895  53     26       29
  MINIMUM         25    515 AM   4    1944  27     -2       16
  AVERAGE         52                        40     12       23

PRECIPITATION (IN)
  YESTERDAY        T             1.03 1980   0.05  -0.05     0.10
  MONTH TO DATE    0.03                      0.93  -0.90     0.49
  SINCE MAR 1      0.03                      0.93  -0.90     0.49
  SINCE JAN 1      0.65                      1.67  -1.02     1.15

SNOWFALL (IN)
  YESTERDAY        0.0          13.8  1980   0.1   -0.1      0.8
  MONTH TO DATE    0.5                       5.9   -5.4      5.0
  SINCE MAR 1      0.5                       5.9   -5.4      5.0
  SINCE JUL 1     22.2                      28.0   -5.8     31.5
  SNOW DEPTH       0

DEGREE DAYS
 HEATING
  YESTERDAY       13                        25    -12       42
  MONTH TO DATE  649                       819   -170      905
  SINCE MAR 1    649                       819   -170      905
  SINCE JUL 1   5775                      6055   -280     6383

 COOLING
  YESTERDAY        0                         0      0        0
  MONTH TO DATE    2                         0      2        0
  SINCE MAR 1      2                         0      2        0
  SINCE JAN 1      2                         0      2        0
..................................................................


WIND (MPH)
  HIGHEST WIND SPEED    35   HIGHEST WIND DIRECTION     S (200)
  HIGHEST GUST SPEED    43   HIGHEST GUST DIRECTION     N (350)
  AVERAGE WIND SPEED    13.9


SKY COVER
  POSSIBLE SUNSHINE  MM
  AVERAGE SKY COVER 0.0


WEATHER CONDITIONS
 THE FOLLOWING WEATHER WAS RECORDED YESTERDAY.
  NO SIGNIFICANT WEATHER WAS OBSERVED.


RELATIVE HUMIDITY (PERCENT)
 HIGHEST    92           400 AM
 LOWEST     19           400 PM
 AVERAGE    56

..........................................................


THE VALENTINE NE CLIMATE NORMALS FOR TODAY
                         NORMAL    RECORD    YEAR
 MAXIMUM TEMPERATURE (F)   54        87      1943
 MINIMUM TEMPERATURE (F)   27         5      1969


SUNRISE AND SUNSET
MARCH 29 2015.........SUNRISE   730 AM CDT   SUNSET   805 PM CDT
MARCH 30 2015.........SUNRISE   728 AM CDT   SUNSET   806 PM CDT


-  INDICATES NEGATIVE NUMBERS.
R  INDICATES RECORD WAS SET OR TIED.
MM INDICATES DATA IS MISSING.
T  INDICATES TRACE AMOUNT.

$$
