936
CDUS43 KLBF 180936
CLIVTN


CLIMATE REPORT
NATIONAL WEATHER SERVICE NORTH PLATTE
435 AM CDT WED OCT 18 2017


...................................

...THE VALENTINE NE CLIMATE SUMMARY FOR OCTOBER 17 2017...

CLIMATE NORMAL PERIOD 1981 TO 2010
CLIMATE RECORD PERIOD 1885 TO 2017


WEATHER ITEM   OBSERVED TIME   RECORD YEAR NORMAL DEPARTURE LAST
                VALUE   (LST)  VALUE       VALUE  FROM      YEAR
                                                  NORMAL
..................................................................
TEMPERATURE (F)
 YESTERDAY
  MAXIMUM         84    221 PM  86    2001  63     21       78
  MINIMUM         33    423 AM  17    1999  34     -1       42
  AVERAGE         59                        48     11       60

PRECIPITATION (IN)
  YESTERDAY        0.00          0.26 1998   0.05  -0.05     0.00
  MONTH TO DATE    1.25                      0.78   0.47     1.34
  SINCE SEP 1      3.87                      2.42   1.45     2.86
  SINCE JAN 1     17.05                     18.53  -1.48    24.79

SNOWFALL (IN)
  YESTERDAY        0.0           0.8  2006   0.0    0.0      0.0
  MONTH TO DATE    0.0                       0.5   -0.5      3.0
  SINCE SEP 1      0.0                       1.2   -1.2      3.0
  SINCE JUL 1      0.0                       1.2   -1.2      3.0
  SNOW DEPTH       0

DEGREE DAYS
 HEATING
  YESTERDAY        6                        17    -11        5
  MONTH TO DATE  209                       238    -29      156
  SINCE SEP 1    326                       398    -72      265
  SINCE JUL 1    333                       423    -90      293

 COOLING
  YESTERDAY        0                         0      0        0
  MONTH TO DATE    0                         1     -1       14
  SINCE SEP 1    126                        82     44       81
  SINCE JAN 1   1060                       818    242      878
..................................................................


WIND (MPH)
  HIGHEST WIND SPEED    20   HIGHEST WIND DIRECTION     S (200)
  HIGHEST GUST SPEED    25   HIGHEST GUST DIRECTION    SW (210)
  AVERAGE WIND SPEED     8.9


SKY COVER
  POSSIBLE SUNSHINE  MM
  AVERAGE SKY COVER 0.0


WEATHER CONDITIONS
 THE FOLLOWING WEATHER WAS RECORDED YESTERDAY.
  NO SIGNIFICANT WEATHER WAS OBSERVED.


RELATIVE HUMIDITY (PERCENT)
 HIGHEST    89           300 AM
 LOWEST     10           300 PM
 AVERAGE    50

..........................................................


THE VALENTINE NE CLIMATE NORMALS FOR TODAY
                         NORMAL    RECORD    YEAR
 MAXIMUM TEMPERATURE (F)   62        89      1958
 MINIMUM TEMPERATURE (F)   33        13      1917


SUNRISE AND SUNSET
OCTOBER 18 2017.......SUNRISE   759 AM CDT   SUNSET   654 PM CDT
OCTOBER 19 2017.......SUNRISE   801 AM CDT   SUNSET   653 PM CDT


-  INDICATES NEGATIVE NUMBERS.
R  INDICATES RECORD WAS SET OR TIED.
MM INDICATES DATA IS MISSING.
T  INDICATES TRACE AMOUNT.




$$
