000
CDUS43 KLBF 012239
CLIVTN

CLIMATE REPORT
NATIONAL WEATHER SERVICE NORTH PLATTE
538 PM CDT FRI AUG 1 2014


...................................

...THE VALENTINE NE CLIMATE SUMMARY FOR AUGUST 1 2014...
VALID TODAY AS OF 0500 PM LOCAL TIME.

CLIMATE NORMAL PERIOD 1981 TO 2010
CLIMATE RECORD PERIOD 1885 TO 2014


WEATHER ITEM   OBSERVED TIME   RECORD YEAR NORMAL DEPARTURE LAST
                VALUE   (LST)  VALUE       VALUE  FROM      YEAR
                                                  NORMAL
..................................................................
TEMPERATURE (F)
 TODAY
  MAXIMUM         94    351 PM 106    1982  89      5       86
  MINIMUM         53    520 AM  44    2009  61     -8       65
  AVERAGE         74                        75     -1       76

PRECIPITATION (IN)
  TODAY            0.00          2.28 1951   0.10  -0.10     0.12
  MONTH TO DATE    0.00                      0.10  -0.10     0.12
  SINCE JUN 1      9.21                      6.87   2.34     6.35
  SINCE JAN 1     16.42                     14.03   2.39    15.75

SNOWFALL (IN)
  TODAY            0.0           0.0    MM   0.0    0.0      0.0
  MONTH TO DATE    0.0                       0.0    0.0      0.0
  SINCE JUN 1      0.0                       0.0    0.0      0.0
  SINCE JUL 1      0.0                       0.0    0.0      0.0
  SNOW DEPTH       0

DEGREE DAYS
 HEATING
  TODAY            0                         0      0        0
  MONTH TO DATE    0                         0      0        0
  SINCE JUN 1     73                        69      4       57
  SINCE JUL 1     19                         8     11        3

 COOLING
  TODAY            9                        10     -1       11
  MONTH TO DATE    9                        10     -1       11
  SINCE JUN 1    350                       451   -101      449
  SINCE JAN 1    411                       485    -74      488
..................................................................


WIND (MPH)
  HIGHEST WIND SPEED    13   HIGHEST WIND DIRECTION     E (70)
  HIGHEST GUST SPEED    20   HIGHEST GUST DIRECTION    NE (50)
  AVERAGE WIND SPEED     3.2


SKY COVER
  POSSIBLE SUNSHINE  MM
  AVERAGE SKY COVER 0.0


WEATHER CONDITIONS
 THE FOLLOWING WEATHER WAS RECORDED TODAY.
  FOG


RELATIVE HUMIDITY (PERCENT)
 HIGHEST   100           500 AM
 LOWEST     20           400 PM
 AVERAGE    60

..........................................................


THE VALENTINE NE CLIMATE NORMALS FOR TOMORROW
                         NORMAL    RECORD    YEAR
 MAXIMUM TEMPERATURE (F)   89       108      1938
 MINIMUM TEMPERATURE (F)   61        47      1907


SUNRISE AND SUNSET
AUGUST  1 2014........SUNRISE   633 AM CDT   SUNSET   903 PM CDT
AUGUST  2 2014........SUNRISE   634 AM CDT   SUNSET   902 PM CDT


-  INDICATES NEGATIVE NUMBERS.
R  INDICATES RECORD WAS SET OR TIED.
MM INDICATES DATA IS MISSING.
T  INDICATES TRACE AMOUNT.




$$
