000
CDUS43 KLBF 141048
CLIVTN


CLIMATE REPORT
NATIONAL WEATHER SERVICE NORTH PLATTE
438 AM CST SUN FEB 14 2016


...................................

...THE VALENTINE NE CLIMATE SUMMARY FOR FEBRUARY 13 2016...

CLIMATE NORMAL PERIOD 1981 TO 2010
CLIMATE RECORD PERIOD 1885 TO 2016


WEATHER ITEM   OBSERVED TIME   RECORD YEAR NORMAL DEPARTURE LAST
                VALUE   (LST)  VALUE       VALUE  FROM      YEAR
                                                  NORMAL
..................................................................
TEMPERATURE (F)
 YESTERDAY
  MAXIMUM         37   1028 PM  70    1954  39     -2       61
  MINIMUM         22    712 AM -30    1905  14      8       30
  AVERAGE         30                        26      4       46

PRECIPITATION (IN)
  YESTERDAY        0.01          0.35 1952   0.01   0.00     0.00
  MONTH TO DATE    0.06                      0.17  -0.11     0.16
  SINCE DEC 1      1.62                      0.80   0.82     1.37
  SINCE JAN 1      0.58                      0.43   0.15     0.47

SNOWFALL (IN)
  YESTERDAY        T             3.6  1990   0.2   -0.2      0.0
  MONTH TO DATE    1.0                       2.3   -1.3      1.5
  SINCE DEC 1     21.1                      11.2    9.9     13.7
  SINCE JUL 1     31.2                      18.8   12.4     20.1
  SNOW DEPTH       T

DEGREE DAYS
 HEATING
  YESTERDAY       35                        38     -3       19
  MONTH TO DATE  451                       513    -62      430
  SINCE DEC 1   2988                      3073    -85     2863
  SINCE JUL 1   4281                      4691   -410     4467

 COOLING
  YESTERDAY        0                         0      0        0
  MONTH TO DATE    0                         0      0        0
  SINCE DEC 1      0                         0      0        0
  SINCE JAN 1      0                         0      0        0
..................................................................


WIND (MPH)
  HIGHEST WIND SPEED    29   HIGHEST WIND DIRECTION     W (290)
  HIGHEST GUST SPEED    37   HIGHEST GUST DIRECTION    NW (300)
  AVERAGE WIND SPEED    18.2


SKY COVER
  POSSIBLE SUNSHINE  MM
  AVERAGE SKY COVER 1.0


WEATHER CONDITIONS
 THE FOLLOWING WEATHER WAS RECORDED YESTERDAY.
  LIGHT SNOW


RELATIVE HUMIDITY (PERCENT)
 HIGHEST    96           800 AM
 LOWEST     74          1200 AM
 AVERAGE    85

..........................................................


THE VALENTINE NE CLIMATE NORMALS FOR TODAY
                         NORMAL    RECORD    YEAR
 MAXIMUM TEMPERATURE (F)   40        71      1999
 MINIMUM TEMPERATURE (F)   14       -30      1936


SUNRISE AND SUNSET
FEBRUARY 14 2016......SUNRISE   741 AM CST   SUNSET   612 PM CST
FEBRUARY 15 2016......SUNRISE   740 AM CST   SUNSET   613 PM CST


-  INDICATES NEGATIVE NUMBERS.
R  INDICATES RECORD WAS SET OR TIED.
MM INDICATES DATA IS MISSING.
T  INDICATES TRACE AMOUNT.




$$
