000
CDUS43 KLBF 281039
CLIVTN

CLIMATE REPORT
NATIONAL WEATHER SERVICE NORTH PLATTE
438 AM CST SAT FEB 28 2015


...................................

...THE VALENTINE NE CLIMATE SUMMARY FOR FEBRUARY 27 2015...

CLIMATE NORMAL PERIOD 1981 TO 2010
CLIMATE RECORD PERIOD 1885 TO 2015


WEATHER ITEM   OBSERVED TIME   RECORD YEAR NORMAL DEPARTURE LAST
                VALUE   (LST)  VALUE       VALUE  FROM      YEAR
                                                  NORMAL
..................................................................
TEMPERATURE (F)
 YESTERDAY
  MAXIMUM         27    424 PM  68    1980  44    -17       30
                                      1965
                                      1932
  MINIMUM         -9    731 AM -24    1962  18    -27        0
  AVERAGE          9                        31    -22       15

PRECIPITATION (IN)
  YESTERDAY        0.00          0.66 1987   0.03  -0.03     0.00
  MONTH TO DATE    0.31                      0.46  -0.15     0.60
  SINCE DEC 1      1.52                      1.09   0.43     1.35
  SINCE JAN 1      0.62                      0.72  -0.10     0.64

SNOWFALL (IN)
  YESTERDAY        0.0           6.5  1987   0.3   -0.3      0.0
  MONTH TO DATE    3.1                       5.4   -2.3      6.5
  SINCE DEC 1     15.3                      14.3    1.0     19.2
  SINCE JUL 1     21.7                      21.9   -0.2     26.0
  SNOW DEPTH       T

DEGREE DAYS
 HEATING
  YESTERDAY       56                        34     22       50
  MONTH TO DATE 1047                      1022     25     1231
  SINCE DEC 1   3480                      3582   -102     3872
  SINCE JUL 1   5084                      5200   -116     5431

 COOLING
  YESTERDAY        0                         0      0        0
  MONTH TO DATE    0                         0      0        0
  SINCE DEC 1      0                         0      0        0
  SINCE JAN 1      0                         0      0        0
..................................................................


WIND (MPH)
  HIGHEST WIND SPEED    22   HIGHEST WIND DIRECTION     S (170)
  HIGHEST GUST SPEED    28   HIGHEST GUST DIRECTION     S (160)
  AVERAGE WIND SPEED     8.9


SKY COVER
  POSSIBLE SUNSHINE  MM
  AVERAGE SKY COVER 0.0


WEATHER CONDITIONS
 THE FOLLOWING WEATHER WAS RECORDED YESTERDAY.
  NO SIGNIFICANT WEATHER WAS OBSERVED.


RELATIVE HUMIDITY (PERCENT)
 HIGHEST    83           500 AM
 LOWEST     33           400 PM
 AVERAGE    58

..........................................................


THE VALENTINE NE CLIMATE NORMALS FOR TODAY
                         NORMAL    RECORD    YEAR
 MAXIMUM TEMPERATURE (F)   44        76      2006
 MINIMUM TEMPERATURE (F)   18       -27      1962


SUNRISE AND SUNSET
FEBRUARY 28 2015......SUNRISE   720 AM CST   SUNSET   630 PM CST
MARCH  1 2015.........SUNRISE   718 AM CST   SUNSET   631 PM CST


-  INDICATES NEGATIVE NUMBERS.
R  INDICATES RECORD WAS SET OR TIED.
MM INDICATES DATA IS MISSING.
T  INDICATES TRACE AMOUNT.

$$
