000
CDUS43 KLBF 252250
CLIVTN


CLIMATE REPORT
NATIONAL WEATHER SERVICE NORTH PLATTE
449 PM CST SUN FEB 25 2018


...................................

...THE VALENTINE NE CLIMATE SUMMARY FOR FEBRUARY 25 2018...
VALID TODAY AS OF 0400 PM LOCAL TIME.

CLIMATE NORMAL PERIOD 1981 TO 2010
CLIMATE RECORD PERIOD 1885 TO 2018


WEATHER ITEM   OBSERVED TIME   RECORD YEAR NORMAL DEPARTURE LAST
                VALUE   (LST)  VALUE       VALUE  FROM      YEAR
                                                  NORMAL
..................................................................
TEMPERATURE (F)
 TODAY
  MAXIMUM         37    429 PM  73    1995  43     -6       29
  MINIMUM         10    826 AM -19    1934  17     -7       -4
  AVERAGE         24                        30     -6       13

PRECIPITATION (IN)
  TODAY            0.00          0.95 1944   0.02  -0.02     0.00
  MONTH TO DATE    0.73                      0.41   0.32     1.16
  SINCE DEC 1      1.61                      1.04   0.57     3.01
  SINCE JAN 1      1.27                      0.67   0.60     2.07

SNOWFALL (IN)
  TODAY            0.0           9.0  1944   0.2   -0.2      0.0
  MONTH TO DATE    8.3                       4.9    3.4     18.6
  SINCE DEC 1     18.4                      13.8    4.6     35.5
  SINCE JUL 1     19.7                      21.4   -1.7     41.8
  SNOW DEPTH       4

DEGREE DAYS
 HEATING
  TODAY           41                        35      6       52
  MONTH TO DATE 1200                       953    247      809
  SINCE DEC 1   3697                      3513    184     3527
  SINCE JUL 1   4996                      5131   -135     4633

 COOLING
  TODAY            0                         0      0        0
  MONTH TO DATE    0                         0      0        0
  SINCE DEC 1      0                         0      0        0
  SINCE JAN 1      0                         0      0        0
..................................................................


WIND (MPH)
  HIGHEST WIND SPEED    16   HIGHEST WIND DIRECTION     W (270)
  HIGHEST GUST SPEED    19   HIGHEST GUST DIRECTION     W (270)
  AVERAGE WIND SPEED     9.6


SKY COVER
  POSSIBLE SUNSHINE  MM
  AVERAGE SKY COVER 0.0


WEATHER CONDITIONS
 THE FOLLOWING WEATHER WAS RECORDED TODAY.
  NO SIGNIFICANT WEATHER WAS OBSERVED.


RELATIVE HUMIDITY (PERCENT)
 HIGHEST    76          1200 AM
 LOWEST     47           200 PM
 AVERAGE    62

..........................................................


THE VALENTINE NE CLIMATE NORMALS FOR TOMORROW
                         NORMAL    RECORD    YEAR
 MAXIMUM TEMPERATURE (F)   43        68      1932
 MINIMUM TEMPERATURE (F)   17       -24      1934


SUNRISE AND SUNSET
FEBRUARY 25 2018......SUNRISE   724 AM CST   SUNSET   627 PM CST
FEBRUARY 26 2018......SUNRISE   723 AM CST   SUNSET   628 PM CST


-  INDICATES NEGATIVE NUMBERS.
R  INDICATES RECORD WAS SET OR TIED.
MM INDICATES DATA IS MISSING.
T  INDICATES TRACE AMOUNT.




$$
