000
CDUS43 KLBF 021039
CLIVTN

CLIMATE REPORT
NATIONAL WEATHER SERVICE NORTH PLATTE
536 AM CDT SUN AUG 2 2015

...................................

...THE VALENTINE NE CLIMATE SUMMARY FOR AUGUST 1 2015...

CLIMATE NORMAL PERIOD 1981 TO 2010
CLIMATE RECORD PERIOD 1885 TO 2015


WEATHER ITEM   OBSERVED TIME   RECORD YEAR NORMAL DEPARTURE LAST
                VALUE   (LST)  VALUE       VALUE  FROM      YEAR
                                                  NORMAL
..................................................................
TEMPERATURE (F)
 YESTERDAY
  MAXIMUM         85        MM 106    1982  89     -4       94
  MINIMUM         61   1100 AM  44    2009  61      0       53
  AVERAGE         73                        75     -2       74

PRECIPITATION (IN)
  YESTERDAY        0.56          2.28 1951   0.10   0.46     0.29
  MONTH TO DATE    0.56                      0.10   0.46     0.29
  SINCE JUN 1      7.23                      6.87   0.36     9.50
  SINCE JAN 1     16.62                     14.03   2.59    16.71

SNOWFALL (IN)
  YESTERDAY        0.0           0.0    MM   0.0    0.0      0.0
  MONTH TO DATE    0.0                       0.0    0.0      0.0
  SINCE JUN 1      0.0                       0.0    0.0      0.0
  SINCE JUL 1      0.0                       0.0    0.0      0.0
  SNOW DEPTH       0

DEGREE DAYS
 HEATING
  YESTERDAY        0                         0      0        0
  MONTH TO DATE    0                         0      0        0
  SINCE JUN 1     10                        69    -59       73
  SINCE JUL 1      2                         8     -6       19

 COOLING
  YESTERDAY        8                        10     -2        9
  MONTH TO DATE    8                        10     -2        9
  SINCE JUN 1    420                       451    -31      350
  SINCE JAN 1    426                       485    -59      411
..................................................................


WIND (MPH)
  HIGHEST WIND SPEED    31   HIGHEST WIND DIRECTION     S (200)
  HIGHEST GUST SPEED    43   HIGHEST GUST DIRECTION     S (200)
  AVERAGE WIND SPEED    14.0


SKY COVER
  POSSIBLE SUNSHINE  MM
  AVERAGE SKY COVER 0.2


WEATHER CONDITIONS
 THE FOLLOWING WEATHER WAS RECORDED YESTERDAY.
  RAIN
  LIGHT RAIN


RELATIVE HUMIDITY (PERCENT)
 HIGHEST    93           900 AM
 LOWEST     37           500 PM
 AVERAGE    65

..........................................................


THE VALENTINE NE CLIMATE NORMALS FOR TODAY
                         NORMAL    RECORD    YEAR
 MAXIMUM TEMPERATURE (F)   89       108      1938
 MINIMUM TEMPERATURE (F)   61        47      1907


SUNRISE AND SUNSET
AUGUST  2 2015........SUNRISE   634 AM CDT   SUNSET   902 PM CDT
AUGUST  3 2015........SUNRISE   635 AM CDT   SUNSET   901 PM CDT

$$
