000
CDUS43 KLBF 232221
CLIVTN

CLIMATE REPORT
NATIONAL WEATHER SERVICE NORTH PLATTE
520 PM CDT TUE SEP 23 2014


...................................

...THE VALENTINE NE CLIMATE SUMMARY FOR SEPTEMBER 23 2014...
VALID TODAY AS OF 0500 PM LOCAL TIME.

CLIMATE NORMAL PERIOD 1981 TO 2010
CLIMATE RECORD PERIOD 1885 TO 2014


WEATHER ITEM   OBSERVED TIME   RECORD YEAR NORMAL DEPARTURE LAST
                VALUE   (LST)  VALUE       VALUE  FROM      YEAR
                                                  NORMAL
..................................................................
TEMPERATURE (F)
 TODAY
  MAXIMUM         77    407 PM  96    1905  74      3       78
  MINIMUM         55    545 AM  23    1989  44     11       56
  AVERAGE         66                        59      7       67

PRECIPITATION (IN)
  TODAY            0.00          0.66 1941   0.05  -0.05      T
  MONTH TO DATE    0.67                      1.25  -0.58     0.65
  SINCE SEP 1      0.67                      1.25  -0.58     0.65
  SINCE JAN 1     19.71                     17.36   2.35    18.29

SNOWFALL (IN)
  TODAY            0.0           T    1985   0.1   -0.1      0.0
  MONTH TO DATE    0.0                       0.4   -0.4      0.0
  SINCE SEP 1      0.0                       0.4   -0.4      0.0
  SINCE JUL 1      0.0                       0.4   -0.4      0.0
  SNOW DEPTH       0

DEGREE DAYS
 HEATING
  TODAY            0                         8     -8        0
  MONTH TO DATE  127                        97     30       34
  SINCE SEP 1    127                        97     30       34
  SINCE JUL 1    148                       122     26       37

 COOLING
  TODAY            1                         1      0        2
  MONTH TO DATE   59                        75    -16      163
  SINCE SEP 1     59                        75    -16      163
  SINCE JAN 1    694                       811   -117      956
..................................................................


WIND (MPH)
  HIGHEST WIND SPEED    20   HIGHEST WIND DIRECTION     S (190)
  HIGHEST GUST SPEED    25   HIGHEST GUST DIRECTION     S (170)
  AVERAGE WIND SPEED    11.7


SKY COVER
  POSSIBLE SUNSHINE  MM
  AVERAGE SKY COVER 0.5


WEATHER CONDITIONS
 THE FOLLOWING WEATHER WAS RECORDED TODAY.
  LIGHT RAIN


RELATIVE HUMIDITY (PERCENT)
 HIGHEST    93           500 AM
 LOWEST     57           100 PM
 AVERAGE    75

..........................................................


THE VALENTINE NE CLIMATE NORMALS FOR TOMORROW
                         NORMAL    RECORD    YEAR
 MAXIMUM TEMPERATURE (F)   73        92      1990
 MINIMUM TEMPERATURE (F)   43        21      1926


SUNRISE AND SUNSET
SEPTEMBER 23 2014.....SUNRISE   731 AM CDT   SUNSET   738 PM CDT
SEPTEMBER 24 2014.....SUNRISE   732 AM CDT   SUNSET   736 PM CDT


-  INDICATES NEGATIVE NUMBERS.
R  INDICATES RECORD WAS SET OR TIED.
MM INDICATES DATA IS MISSING.
T  INDICATES TRACE AMOUNT.

$$
