000
CDUS43 KLBF 221116
CLIVTN


CLIMATE REPORT
NATIONAL WEATHER SERVICE NORTH PLATTE
615 AM CDT TUE AUG 22 2017


...................................

...THE VALENTINE NE CLIMATE SUMMARY FOR AUGUST 21 2017...

CLIMATE NORMAL PERIOD 1981 TO 2010
CLIMATE RECORD PERIOD 1885 TO 2017


WEATHER ITEM   OBSERVED TIME   RECORD YEAR NORMAL DEPARTURE LAST
                VALUE   (LST)  VALUE       VALUE  FROM      YEAR
                                                  NORMAL
..................................................................
TEMPERATURE (F)
 YESTERDAY
  MAXIMUM         82    344 PM 103    2010  87     -5       89
  MINIMUM         62   1153 PM  40    1986  58      4       45
  AVERAGE         72                        72      0       67

PRECIPITATION (IN)
  YESTERDAY        T             1.31 1931   0.05  -0.05     0.00
  MONTH TO DATE    2.10                      1.65   0.45     0.72
  SINCE JUN 1      3.36                      8.42  -5.06     7.99
  SINCE JAN 1     12.96                     15.58  -2.62    21.31

SNOWFALL (IN)
  YESTERDAY        0.0           0.0    MM   0.0    0.0      0.0
  MONTH TO DATE    0.0                       0.0    0.0      0.0
  SINCE JUN 1      0.0                       0.0    0.0      0.0
  SINCE JUL 1      0.0                       0.0    0.0      0.0
  SNOW DEPTH       0

DEGREE DAYS
 HEATING
  YESTERDAY        0                         1     -1        0
  MONTH TO DATE    7                         2      5        6
  SINCE JUN 1     23                        71    -48       22
  SINCE JUL 1      7                        10     -3       11

 COOLING
  YESTERDAY        7                         8     -1        2
  MONTH TO DATE  121                       192    -71      183
  SINCE JUN 1    829                       633    196      714
  SINCE JAN 1    852                       667    185      732
..................................................................


WIND (MPH)
  HIGHEST WIND SPEED    22   HIGHEST WIND DIRECTION     N (20)
  HIGHEST GUST SPEED    26   HIGHEST GUST DIRECTION    NE (30)
  AVERAGE WIND SPEED     8.3


SKY COVER
  POSSIBLE SUNSHINE  MM
  AVERAGE SKY COVER 0.6


WEATHER CONDITIONS
 THE FOLLOWING WEATHER WAS RECORDED YESTERDAY.
  LIGHT RAIN
  FOG
  FOG W/VISIBILITY <= 1/4 MILE
  HAZE


RELATIVE HUMIDITY (PERCENT)
 HIGHEST    93           300 AM
 LOWEST     45           600 PM
 AVERAGE    69

..........................................................


THE VALENTINE NE CLIMATE NORMALS FOR TODAY
                         NORMAL    RECORD    YEAR
 MAXIMUM TEMPERATURE (F)   86       105      1938
 MINIMUM TEMPERATURE (F)   58        39      1923


SUNRISE AND SUNSET
AUGUST 22 2017........SUNRISE   656 AM CDT   SUNSET   833 PM CDT
AUGUST 23 2017........SUNRISE   657 AM CDT   SUNSET   831 PM CDT


-  INDICATES NEGATIVE NUMBERS.
R  INDICATES RECORD WAS SET OR TIED.
MM INDICATES DATA IS MISSING.
T  INDICATES TRACE AMOUNT.




$$
