000
CDUS43 KLBF 290941
CLIVTN


CLIMATE REPORT
NATIONAL WEATHER SERVICE NORTH PLATTE
440 AM CDT MON AUG 29 2016


...................................

...THE VALENTINE NE CLIMATE SUMMARY FOR AUGUST 28 2016...

CLIMATE NORMAL PERIOD 1981 TO 2010
CLIMATE RECORD PERIOD 1885 TO 2016


WEATHER ITEM   OBSERVED TIME   RECORD YEAR NORMAL DEPARTURE LAST
                VALUE   (LST)  VALUE       VALUE  FROM      YEAR
                                                  NORMAL
..................................................................
TEMPERATURE (F)
 YESTERDAY
  MAXIMUM         94    320 PM 106    2012  85      9       82
  MINIMUM         64    639 AM  34    1988  56      8       60
  AVERAGE         79                        70      9       71

PRECIPITATION (IN)
  YESTERDAY        0.00          0.92 1920   0.05  -0.05     0.00
  MONTH TO DATE    0.83                      2.03  -1.20     1.89
  SINCE JUN 1      8.10                      8.80  -0.70     8.56
  SINCE JAN 1     21.42                     15.96   5.46    17.95

SNOWFALL (IN)
  YESTERDAY        0.0           0.0    MM   0.0    0.0      0.0
  MONTH TO DATE    0.0                       0.0    0.0      0.0
  SINCE JUN 1      0.0                       0.0    0.0      0.0
  SINCE JUL 1      0.0                       0.0    0.0      0.0
  SNOW DEPTH       0

DEGREE DAYS
 HEATING
  YESTERDAY        0                         1     -1        0
  MONTH TO DATE   23                         9     14       29
  SINCE JUN 1     39                        78    -39       39
  SINCE JUL 1     28                        17     11       31

 COOLING
  YESTERDAY       14                         7      7        6
  MONTH TO DATE  222                       242    -20      208
  SINCE JUN 1    753                       683     70      620
  SINCE JAN 1    771                       717     54      626
..................................................................


WIND (MPH)
  HIGHEST WIND SPEED    22   HIGHEST WIND DIRECTION     S (180)
  HIGHEST GUST SPEED    27   HIGHEST GUST DIRECTION     S (180)
  AVERAGE WIND SPEED    12.0


SKY COVER
  POSSIBLE SUNSHINE  MM
  AVERAGE SKY COVER 0.0


WEATHER CONDITIONS
 THE FOLLOWING WEATHER WAS RECORDED YESTERDAY.
  NO SIGNIFICANT WEATHER WAS OBSERVED.


RELATIVE HUMIDITY (PERCENT)
 HIGHEST    87           200 AM
 LOWEST     34           600 PM
 AVERAGE    61

..........................................................


THE VALENTINE NE CLIMATE NORMALS FOR TODAY
                         NORMAL    RECORD    YEAR
 MAXIMUM TEMPERATURE (F)   85       108      2012
 MINIMUM TEMPERATURE (F)   55        39      1988


SUNRISE AND SUNSET
AUGUST 29 2016........SUNRISE   704 AM CDT   SUNSET   821 PM CDT
AUGUST 30 2016........SUNRISE   705 AM CDT   SUNSET   819 PM CDT


-  INDICATES NEGATIVE NUMBERS.
R  INDICATES RECORD WAS SET OR TIED.
MM INDICATES DATA IS MISSING.
T  INDICATES TRACE AMOUNT.




$$
