000
CDUS46 KPQR 021142
CLIVUO


CLIMATE REPORT
NATIONAL WEATHER SERVICE PORTLAND OREGON
441 AM PDT SUN AUG 2 2015


...................................

...THE VANCOUVER WA CLIMATE SUMMARY FOR AUGUST 1 2015...

CLIMATE NORMAL PERIOD 1981 TO 2010
CLIMATE RECORD PERIOD 1891 TO 2015


WEATHER ITEM   OBSERVED TIME   RECORD YEAR NORMAL DEPARTURE LAST
                VALUE   (LST)  VALUE       VALUE  FROM      YEAR
                                                  NORMAL
..................................................................
TEMPERATURE (F)
 YESTERDAY
  MAXIMUM         98R   426 PM  96    1965  82     16       90
  MINIMUM         56    419 AM  44    1980  58     -2       66
  AVERAGE         77                        70      7       78

PRECIPITATION (IN)
  YESTERDAY        0.00                      0.01  -0.01      T
  MONTH TO DATE    0.00                      0.01  -0.01      T
  SINCE OCT 1     30.22                     36.82  -6.60    27.72
  SINCE JAN 1     15.33                     21.07  -5.74    22.25

DEGREE DAYS
 HEATING
  YESTERDAY        0                                         0
  MONTH TO DATE    0                                         0
  SINCE JUL 1      4                                         3

 COOLING
  YESTERDAY       12                                        13
  MONTH TO DATE   12                                        13
  SINCE JAN 1    440                                       245
..................................................................


WIND (MPH)
  HIGHEST WIND SPEED    17   HIGHEST WIND DIRECTION    NW (310)
  HIGHEST GUST SPEED    22   HIGHEST GUST DIRECTION    NW (320)
  AVERAGE WIND SPEED     6.0


SKY COVER
  POSSIBLE SUNSHINE  MM
  AVERAGE SKY COVER 0.0


WEATHER CONDITIONS
 THE FOLLOWING WEATHER WAS RECORDED YESTERDAY.
  NO SIGNIFICANT WEATHER WAS OBSERVED.


RELATIVE HUMIDITY (PERCENT)
 HIGHEST    62           500 AM
 LOWEST     16           400 PM
 AVERAGE    39

..........................................................




SUNRISE AND SUNSET
AUGUST  2 2015........SUNRISE   555 AM PDT   SUNSET   838 PM PDT
AUGUST  3 2015........SUNRISE   556 AM PDT   SUNSET   836 PM PDT


-  INDICATES NEGATIVE NUMBERS.
R  INDICATES RECORD WAS SET OR TIED.
MM INDICATES DATA IS MISSING.
T  INDICATES TRACE AMOUNT.




$$
