000
CDUS46 KPQR 220220
CLIVUO


CLIMATE REPORT
NATIONAL WEATHER SERVICE PORTLAND OREGON
720 PM PDT FRI JUL 21 2017


...................................

...THE VANCOUVER WA CLIMATE SUMMARY FOR JULY 21 2017...
VALID TODAY AS OF 0700 PM LOCAL TIME.

CLIMATE NORMAL PERIOD 1981 TO 2010
CLIMATE RECORD PERIOD 1891 TO 2017


WEATHER ITEM   OBSERVED TIME   RECORD YEAR NORMAL DEPARTURE LAST
                VALUE   (LST)  VALUE       VALUE  FROM      YEAR
                                                  NORMAL
..................................................................
TEMPERATURE (F)
 TODAY
  MAXIMUM         82    559 PM 104    2006  81      1       87
  MINIMUM         55    300 AM  42    1984  58     -3       57
  AVERAGE         69                        69      0       72

PRECIPITATION (IN)
  TODAY            0.00                      0.02  -0.02     0.00
  MONTH TO DATE    T                         0.56  -0.56     0.29
  SINCE OCT 1     48.88                     36.68  12.20    45.09
  SINCE JAN 1     29.02                     20.93   8.09    21.24

DEGREE DAYS
 HEATING
  TODAY            0                                         0
  MONTH TO DATE    1                                        10
  SINCE JUN 1     71                                        96
  SINCE JUL 1      1                                        10

 COOLING
  TODAY            4                                         7
  MONTH TO DATE   71                                        44
  SINCE JUN 1    149                                       125
  SINCE JAN 1    189                                       149
..................................................................


WIND (MPH)
  HIGHEST WIND SPEED    10   HIGHEST WIND DIRECTION     W (270)
  HIGHEST GUST SPEED    14   HIGHEST GUST DIRECTION     W (250)
  AVERAGE WIND SPEED     2.7


SKY COVER
  POSSIBLE SUNSHINE  MM
  AVERAGE SKY COVER 0.1


WEATHER CONDITIONS
 THE FOLLOWING WEATHER WAS RECORDED TODAY.
  NO SIGNIFICANT WEATHER WAS OBSERVED.


RELATIVE HUMIDITY (PERCENT)
 HIGHEST    87           500 AM
 LOWEST     36           300 PM
 AVERAGE    62

..........................................................


THE VANCOUVER WA CLIMATE NORMALS FOR TOMORROW
                         NORMAL    RECORD    YEAR
 MAXIMUM TEMPERATURE (F)   81        98      1928
 MINIMUM TEMPERATURE (F)   58        45      1968


SUNRISE AND SUNSET
JULY 21 2017..........SUNRISE   542 AM PDT   SUNSET   851 PM PDT
JULY 22 2017..........SUNRISE   543 AM PDT   SUNSET   850 PM PDT


-  INDICATES NEGATIVE NUMBERS.
R  INDICATES RECORD WAS SET OR TIED.
MM INDICATES DATA IS MISSING.
T  INDICATES TRACE AMOUNT.




$$
