000
CDUS46 KPQR 051142
CLIVUO


CLIMATE REPORT
NATIONAL WEATHER SERVICE PORTLAND OREGON
341 AM PST FRI FEB 5 2016


...................................

...THE VANCOUVER WA CLIMATE SUMMARY FOR FEBRUARY 4 2016...

CLIMATE NORMAL PERIOD 1981 TO 2010
CLIMATE RECORD PERIOD 1891 TO 2016


WEATHER ITEM   OBSERVED TIME   RECORD YEAR NORMAL DEPARTURE LAST
                VALUE   (LST)  VALUE       VALUE  FROM      YEAR
                                                  NORMAL
..................................................................
TEMPERATURE (F)
 YESTERDAY
  MAXIMUM         55    401 PM  62    1992  50      5       52
  MINIMUM         43   1031 PM   6    1899  35      8       42
  AVERAGE         49                        43      6       47

PRECIPITATION (IN)
  YESTERDAY        0.41                      0.18   0.23     0.14
  MONTH TO DATE    0.70                      0.71  -0.01     0.93
  SINCE OCT 1     31.65                     21.96   9.69    19.17
  SINCE JAN 1      7.80                      6.21   1.59     4.28

DEGREE DAYS
 HEATING
  YESTERDAY       16                                        18
  MONTH TO DATE   83                                        78
  SINCE JUL 1   2416                                      2257

 COOLING
  YESTERDAY        0                                         0
  MONTH TO DATE    0                                         0
  SINCE JAN 1      0                                         0
..................................................................


WIND (MPH)
  HIGHEST WIND SPEED    14   HIGHEST WIND DIRECTION     S (190)
  HIGHEST GUST SPEED    21   HIGHEST GUST DIRECTION     S (190)
  AVERAGE WIND SPEED     4.2


SKY COVER
  POSSIBLE SUNSHINE  MM
  AVERAGE SKY COVER 0.6


WEATHER CONDITIONS
 THE FOLLOWING WEATHER WAS RECORDED YESTERDAY.
  LIGHT RAIN
  FOG


RELATIVE HUMIDITY (PERCENT)
 HIGHEST   100          1000 PM
 LOWEST     72           400 PM
 AVERAGE    86

..........................................................




SUNRISE AND SUNSET
FEBRUARY  5 2016......SUNRISE   727 AM PST   SUNSET   522 PM PST
FEBRUARY  6 2016......SUNRISE   726 AM PST   SUNSET   524 PM PST


-  INDICATES NEGATIVE NUMBERS.
R  INDICATES RECORD WAS SET OR TIED.
MM INDICATES DATA IS MISSING.
T  INDICATES TRACE AMOUNT.




$$
