000
CDUS46 KPQR 271142
CLIVUO


CLIMATE REPORT
NATIONAL WEATHER SERVICE PORTLAND OREGON
441 AM PDT THU AUG 27 2015


...................................

...THE VANCOUVER WA CLIMATE SUMMARY FOR AUGUST 26 2015...

CLIMATE NORMAL PERIOD 1981 TO 2010
CLIMATE RECORD PERIOD 1891 TO 2015


WEATHER ITEM   OBSERVED TIME   RECORD YEAR NORMAL DEPARTURE LAST
                VALUE   (LST)  VALUE       VALUE  FROM      YEAR
                                                  NORMAL
..................................................................
TEMPERATURE (F)
 YESTERDAY
  MAXIMUM         89    512 PM  99    1935  81      8       93
  MINIMUM         53    546 AM  40    1970  56     -3       59
  AVERAGE         71                        68      3       76

PRECIPITATION (IN)
  YESTERDAY        0.00                      0.03  -0.03     0.00
  MONTH TO DATE    0.01                      0.57  -0.56     0.02
  SINCE OCT 1     30.23                     37.38  -7.15    27.74
  SINCE JAN 1     15.34                     21.63  -6.29    22.27

DEGREE DAYS
 HEATING
  YESTERDAY        0                                         0
  MONTH TO DATE    0                                         0
  SINCE JUL 1      4                                         3

 COOLING
  YESTERDAY        6                                        11
  MONTH TO DATE  174                                       197
  SINCE JAN 1    602                                       429
..................................................................


WIND (MPH)
  HIGHEST WIND SPEED    13   HIGHEST WIND DIRECTION    NW (300)
  HIGHEST GUST SPEED    17   HIGHEST GUST DIRECTION    NW (320)
  AVERAGE WIND SPEED     2.9


SKY COVER
  POSSIBLE SUNSHINE  MM
  AVERAGE SKY COVER 0.0


WEATHER CONDITIONS
 THE FOLLOWING WEATHER WAS RECORDED YESTERDAY.
  NO SIGNIFICANT WEATHER WAS OBSERVED.


RELATIVE HUMIDITY (PERCENT)
 HIGHEST    77           400 AM
 LOWEST     19           200 PM
 AVERAGE    48

..........................................................




SUNRISE AND SUNSET
AUGUST 27 2015........SUNRISE   626 AM PDT   SUNSET   758 PM PDT
AUGUST 28 2015........SUNRISE   627 AM PDT   SUNSET   756 PM PDT


-  INDICATES NEGATIVE NUMBERS.
R  INDICATES RECORD WAS SET OR TIED.
MM INDICATES DATA IS MISSING.
T  INDICATES TRACE AMOUNT.




$$
