000
CDUS46 KPQR 251245
CLIVUO


CLIMATE REPORT
NATIONAL WEATHER SERVICE PORTLAND OREGON
444 AM PST TUE NOV 25 2014


...................................

...THE VANCOUVER WA CLIMATE SUMMARY FOR NOVEMBER 24 2014...

CLIMATE NORMAL PERIOD 1981 TO 2010
CLIMATE RECORD PERIOD 1891 TO 2014


WEATHER ITEM   OBSERVED TIME   RECORD YEAR NORMAL DEPARTURE LAST
                VALUE   (LST)  VALUE       VALUE  FROM      YEAR
                                                  NORMAL
..................................................................
TEMPERATURE (F)
 YESTERDAY
  MAXIMUM         55   1159 PM  66    1936  51      4       50
  MINIMUM         47    750 AM  17    2010  38      9       24
  AVERAGE         51                        44      7       37

PRECIPITATION (IN)
  YESTERDAY        0.01                      0.21  -0.20     0.00
  MONTH TO DATE    2.15                      4.56  -2.41     2.68
  SINCE OCT 1      8.18                      7.63   0.55     3.80
  SINCE JAN 1     31.62                     31.02   0.60    24.87

DEGREE DAYS
 HEATING
  YESTERDAY       14                                        28
  MONTH TO DATE  493                                       452
  SINCE JUL 1    710                                       946

 COOLING
  YESTERDAY        0                                         0
  MONTH TO DATE    0                                         0
  SINCE JAN 1    531                                       450
..................................................................


WIND (MPH)
  HIGHEST WIND SPEED    12   HIGHEST WIND DIRECTION     S (190)
  HIGHEST GUST SPEED    20   HIGHEST GUST DIRECTION     S (200)
  AVERAGE WIND SPEED     4.5


SKY COVER
  POSSIBLE SUNSHINE  MM
  AVERAGE SKY COVER 0.9


WEATHER CONDITIONS
 THE FOLLOWING WEATHER WAS RECORDED YESTERDAY.
  LIGHT RAIN
  FOG


RELATIVE HUMIDITY (PERCENT)
 HIGHEST    93          1200 AM
 LOWEST     66           800 PM
 AVERAGE    80

..........................................................




SUNRISE AND SUNSET
NOVEMBER 25 2014......SUNRISE   723 AM PST   SUNSET   431 PM PST
NOVEMBER 26 2014......SUNRISE   725 AM PST   SUNSET   431 PM PST


-  INDICATES NEGATIVE NUMBERS.
R  INDICATES RECORD WAS SET OR TIED.
MM INDICATES DATA IS MISSING.
T  INDICATES TRACE AMOUNT.




$$
