000
CDUS46 KPQR 311141
CLIVUO


CLIMATE REPORT
NATIONAL WEATHER SERVICE PORTLAND OREGON
340 AM PST SAT JAN 31 2015


...................................

...THE VANCOUVER WA CLIMATE SUMMARY FOR JANUARY 30 2015...

CLIMATE NORMAL PERIOD 1981 TO 2010
CLIMATE RECORD PERIOD 1891 TO 2015


WEATHER ITEM   OBSERVED TIME   RECORD YEAR NORMAL DEPARTURE LAST
                VALUE   (LST)  VALUE       VALUE  FROM      YEAR
                                                  NORMAL
..................................................................
TEMPERATURE (F)
 YESTERDAY
  MAXIMUM         51    315 PM  64    1940  49      2       49
  MINIMUM         30    710 AM  14    1957  36     -6       42
  AVERAGE         41                        42     -1       46

PRECIPITATION (IN)
  YESTERDAY        0.00                      0.15  -0.15     0.08
  MONTH TO DATE    3.35                      5.35  -2.00     2.52
  SINCE OCT 1     18.24                     21.10  -2.86     7.99
  SINCE JAN 1      3.35                      5.35  -2.00     2.52

DEGREE DAYS
 HEATING
  YESTERDAY       24                                        19
  MONTH TO DATE  679                                       731
  SINCE JUL 1   2152                                      2729

 COOLING
  YESTERDAY        0                                         0
  MONTH TO DATE    0                                         0
  SINCE JAN 1      0                                         0
..................................................................


WIND (MPH)
  HIGHEST WIND SPEED     9   HIGHEST WIND DIRECTION    SE (130)
  HIGHEST GUST SPEED    12   HIGHEST GUST DIRECTION    SE (130)
  AVERAGE WIND SPEED     3.1


SKY COVER
  POSSIBLE SUNSHINE  MM
  AVERAGE SKY COVER 0.2


WEATHER CONDITIONS
 THE FOLLOWING WEATHER WAS RECORDED YESTERDAY.
  FOG
  FOG W/VISIBILITY <= 1/4 MILE


RELATIVE HUMIDITY (PERCENT)
 HIGHEST   100           600 AM
 LOWEST     61           300 PM
 AVERAGE    81

..........................................................




SUNRISE AND SUNSET
JANUARY 31 2015.......SUNRISE   733 AM PST   SUNSET   515 PM PST
FEBRUARY  1 2015......SUNRISE   732 AM PST   SUNSET   517 PM PST


-  INDICATES NEGATIVE NUMBERS.
R  INDICATES RECORD WAS SET OR TIED.
MM INDICATES DATA IS MISSING.
T  INDICATES TRACE AMOUNT.




$$
