000
CDUS46 KPQR 241142
CLIVUO


CLIMATE REPORT
NATIONAL WEATHER SERVICE PORTLAND OREGON
441 AM PDT MON APR 24 2017


...................................

...THE VANCOUVER WA CLIMATE SUMMARY FOR APRIL 23 2017...

CLIMATE NORMAL PERIOD 1981 TO 2010
CLIMATE RECORD PERIOD 1891 TO 2017


WEATHER ITEM   OBSERVED TIME   RECORD YEAR NORMAL DEPARTURE LAST
                VALUE   (LST)  VALUE       VALUE  FROM      YEAR
                                                  NORMAL
..................................................................
TEMPERATURE (F)
 YESTERDAY
  MAXIMUM         56   1044 AM  90    1910  63     -7       62
  MINIMUM         48   1159 PM  30    1992  43      5       51
  AVERAGE         52                        53     -1       57

PRECIPITATION (IN)
  YESTERDAY        0.20                      0.10   0.10     0.03
  MONTH TO DATE    2.95                      2.38   0.57     1.47
  SINCE OCT 1     44.55                     31.23  13.32    41.42
  SINCE JAN 1     24.69                     15.48   9.21    17.57

DEGREE DAYS
 HEATING
  YESTERDAY       13                                         8
  MONTH TO DATE  309                                       179
  SINCE JUL 1   4132                                      3497

 COOLING
  YESTERDAY        0                                         0
  MONTH TO DATE    0                                         6
  SINCE JAN 1      0                                         6
..................................................................


WIND (MPH)
  HIGHEST WIND SPEED    12   HIGHEST WIND DIRECTION     S (190)
  HIGHEST GUST SPEED    19   HIGHEST GUST DIRECTION     S (190)
  AVERAGE WIND SPEED     4.5


SKY COVER
  POSSIBLE SUNSHINE  MM
  AVERAGE SKY COVER 0.9


WEATHER CONDITIONS
 THE FOLLOWING WEATHER WAS RECORDED YESTERDAY.
  LIGHT RAIN
  FOG


RELATIVE HUMIDITY (PERCENT)
 HIGHEST   100           900 PM
 LOWEST     71           400 PM
 AVERAGE    86

..........................................................




SUNRISE AND SUNSET
APRIL 24 2017.........SUNRISE   609 AM PDT   SUNSET   809 PM PDT
APRIL 25 2017.........SUNRISE   607 AM PDT   SUNSET   810 PM PDT


-  INDICATES NEGATIVE NUMBERS.
R  INDICATES RECORD WAS SET OR TIED.
MM INDICATES DATA IS MISSING.
T  INDICATES TRACE AMOUNT.




$$
