000
CDUS41 KAKQ 180630
CLIWAL


CLIMATE REPORT
NATIONAL WEATHER SERVICE WAKEFIELD, VA
130 AM EST MON DEC 18 2017


...................................

...THE WALLOPS ISLAND VA CLIMATE SUMMARY FOR DECEMBER 17 2017...

CLIMATE NORMAL PERIOD 1981 TO 2010
CLIMATE RECORD PERIOD 1963 TO 2017


WEATHER ITEM   OBSERVED TIME   RECORD YEAR NORMAL DEPARTURE
                VALUE   (LST)  VALUE       VALUE  FROM
                                                  NORMAL
...............................................................
TEMPERATURE (F)
 YESTERDAY
  MAXIMUM         51   1240 PM  62    2015  48      3
  MINIMUM         30    717 AM  16    2010  32     -2
  AVERAGE         41                        40      1

PRECIPITATION (IN)
  YESTERDAY        T             0.60        0.11  -0.11
  MONTH TO DATE    1.84                      1.93  -0.09
  SINCE DEC 1      1.84                      1.93  -0.09
  SINCE JAN 1     48.51                     39.34   9.17

SNOWFALL (IN)
  YESTERDAY        0.0           0.3  1973   0.0    0.0
  MONTH TO DATE    1.3                       1.0    0.3
  SINCE NOV 1      1.3                       1.1    0.2
  SINCE JUL 1      1.3                       1.1    0.2

DEGREE DAYS
 HEATING
  YESTERDAY       24                               -1
  MONTH TO DATE  405                               19
  SINCE DEC 1    405                               19
  SINCE JUL 1   1008                              -82

 COOLING
  YESTERDAY        0                                0
  MONTH TO DATE    0                                0
  SINCE DEC 1      0                                0
  SINCE JAN 1   1429                              232
...............................................................


WIND (MPH)
  HIGHEST WIND SPEED    10   HIGHEST WIND DIRECTION     S (200)
  HIGHEST GUST SPEED    13   HIGHEST GUST DIRECTION     S (200)
  AVERAGE WIND SPEED     4.2




RELATIVE HUMIDITY (PERCENT)
 HIGHEST   100
 LOWEST     52
 AVERAGE    76

..........................................................


THE WALLOPS ISLAND VA CLIMATE NORMALS FOR TODAY
                         NORMAL    RECORD    YEAR
 MAXIMUM TEMPERATURE (F)   48        73      1984
 MINIMUM TEMPERATURE (F)   31        16      1989


SUNRISE AND SUNSET
DECEMBER 18 2017......SUNRISE   712 AM EST   SUNSET   445 PM EST
DECEMBER 19 2017......SUNRISE   713 AM EST   SUNSET   445 PM EST


-  INDICATES NEGATIVE NUMBERS.
R  INDICATES RECORD WAS SET OR TIED.
MM INDICATES DATA IS MISSING.
T  INDICATES TRACE AMOUNT.




$$
