000
CDUS41 KAKQ 210845
CLIWAL


CLIMATE REPORT
NATIONAL WEATHER SERVICE WAKEFIELD, VA
345 AM EST SUN DEC 21 2014


...................................

...THE WALLOPS ISLAND VA CLIMATE SUMMARY FOR DECEMBER 20 2014...

CLIMATE NORMAL PERIOD 1981 TO 2010
CLIMATE RECORD PERIOD 1963 TO 2014


WEATHER ITEM   OBSERVED TIME   RECORD YEAR NORMAL DEPARTURE
                VALUE   (LST)  VALUE       VALUE  FROM
                                                  NORMAL
...............................................................
TEMPERATURE (F)
 YESTERDAY
  MAXIMUM         37    326 PM  65    2013  48    -11
  MINIMUM         25    712 AM   7    1989  31     -6
  AVERAGE         31                        39     -8

PRECIPITATION (IN)
  YESTERDAY        0.00          0.99        0.11  -0.11
  MONTH TO DATE    1.16                      2.27  -1.11
  SINCE DEC 1      1.16                      2.27  -1.11
  SINCE JAN 1     35.92                     39.68  -3.76

SNOWFALL (IN)
  YESTERDAY        0.0           3.2  1985   0.1   -0.1
  MONTH TO DATE    0.0                       1.3   -1.3
  SINCE NOV 1      0.0                       1.4   -1.4
  SINCE JUL 1      0.0                       1.4   -1.4

DEGREE DAYS
 HEATING
  YESTERDAY       34                                8
  MONTH TO DATE  443                              -19
  SINCE DEC 1    443                              -19
  SINCE JUL 1   1137                              -29

 COOLING
  YESTERDAY        0                                0
  MONTH TO DATE    0                                0
  SINCE DEC 1      0                                0
  SINCE JAN 1   1352                              155
...............................................................


WIND (MPH)
  HIGHEST WIND SPEED     8   HIGHEST WIND DIRECTION     N (360)
  HIGHEST GUST SPEED    11   HIGHEST GUST DIRECTION     N (10)
  AVERAGE WIND SPEED     3.5




RELATIVE HUMIDITY (PERCENT)
 HIGHEST    92
 LOWEST     59
 AVERAGE    76

..........................................................


THE WALLOPS ISLAND VA CLIMATE NORMALS FOR TODAY
                         NORMAL    RECORD    YEAR
 MAXIMUM TEMPERATURE (F)   48        66      2013
 MINIMUM TEMPERATURE (F)   31         4      1989


SUNRISE AND SUNSET
DECEMBER 21 2014......SUNRISE   714 AM EST   SUNSET   446 PM EST
DECEMBER 22 2014......SUNRISE   714 AM EST   SUNSET   447 PM EST


-  INDICATES NEGATIVE NUMBERS.
R  INDICATES RECORD WAS SET OR TIED.
MM INDICATES DATA IS MISSING.
T  INDICATES TRACE AMOUNT.




$$
