000
CDUS41 KAKQ 220645
CLIWAL


CLIMATE REPORT
NATIONAL WEATHER SERVICE WAKEFIELD, VA
145 AM EST WED FEB 22 2017


...................................

...THE WALLOPS ISLAND VA CLIMATE SUMMARY FOR FEBRUARY 21 2017...

CLIMATE NORMAL PERIOD 1981 TO 2010
CLIMATE RECORD PERIOD 1963 TO 2017


WEATHER ITEM   OBSERVED TIME   RECORD YEAR NORMAL DEPARTURE
                VALUE   (LST)  VALUE       VALUE  FROM
                                                  NORMAL
...............................................................
TEMPERATURE (F)
 YESTERDAY
  MAXIMUM         52    221 PM  69    2002  48      4
  MINIMUM         37    655 AM   1    2015  31      6
  AVERAGE         45                        40      5

PRECIPITATION (IN)
  YESTERDAY        0.00          0.92        0.10  -0.10
  MONTH TO DATE    1.19                      2.02  -0.83
  SINCE DEC 1      9.95                      8.49   1.46
  SINCE JAN 1      5.98                      5.06   0.92

SNOWFALL (IN)
  YESTERDAY        0.0           0.0    MM   0.1   -0.1
  MONTH TO DATE    T                         2.6   -2.6
  SINCE NOV 1     10.1                       6.6    3.5
  SINCE JUL 1     10.1                       6.6    3.5

DEGREE DAYS
 HEATING
  YESTERDAY       20                               -5
  MONTH TO DATE  457                             -108
  SINCE DEC 1   1900                             -305
  SINCE JUL 1   2486                             -423

 COOLING
  YESTERDAY        0                                0
  MONTH TO DATE    0                                0
  SINCE DEC 1      0                                0
  SINCE JAN 1      0                                0
...............................................................


WIND (MPH)
  HIGHEST WIND SPEED    15   HIGHEST WIND DIRECTION    NE (60)
  HIGHEST GUST SPEED    18   HIGHEST GUST DIRECTION    NE (50)
  AVERAGE WIND SPEED     7.6




RELATIVE HUMIDITY (PERCENT)
 HIGHEST    92
 LOWEST     54
 AVERAGE    73

..........................................................


THE WALLOPS ISLAND VA CLIMATE NORMALS FOR TODAY
                         NORMAL    RECORD    YEAR
 MAXIMUM TEMPERATURE (F)   48        70      1997
                                             1991
 MINIMUM TEMPERATURE (F)   31        13      1968


SUNRISE AND SUNSET
FEBRUARY 22 2017......SUNRISE   643 AM EST   SUNSET   548 PM EST
FEBRUARY 23 2017......SUNRISE   641 AM EST   SUNSET   549 PM EST


-  INDICATES NEGATIVE NUMBERS.
R  INDICATES RECORD WAS SET OR TIED.
MM INDICATES DATA IS MISSING.
T  INDICATES TRACE AMOUNT.




$$
