000
CDUS41 KAKQ 300845
CLIWAL


CLIMATE REPORT
NATIONAL WEATHER SERVICE WAKEFIELD, VA
445 AM EDT THU OCT 30 2014


...................................

...THE WALLOPS ISLAND VA CLIMATE SUMMARY FOR OCTOBER 29 2014...

CLIMATE NORMAL PERIOD 1981 TO 2010
CLIMATE RECORD PERIOD 1963 TO 2014


WEATHER ITEM   OBSERVED TIME   RECORD YEAR NORMAL DEPARTURE
                VALUE   (LST)  VALUE       VALUE  FROM
                                                  NORMAL
...............................................................
TEMPERATURE (F)
 YESTERDAY
  MAXIMUM         78   1227 PM  80    1984  64     14
  MINIMUM         53   1159 PM  31    1976  46      7
  AVERAGE         66                        55     11

PRECIPITATION (IN)
  YESTERDAY        0.19          6.58        0.11   0.08
  MONTH TO DATE    1.30                      2.94  -1.64
  SINCE SEP 1      6.03                      6.92  -0.89
  SINCE JAN 1     31.62                     34.31  -2.69

SNOWFALL (IN)
  YESTERDAY        0.0           0.0    MM   0.0    0.0
  MONTH TO DATE    0.0                       0.0    0.0
  SINCE NOV 1     13.1                       7.9    5.2
  SINCE JUL 1      0.0                       0.0    0.0

DEGREE DAYS
 HEATING
  YESTERDAY        0                              -10
  MONTH TO DATE   90                             -101
  SINCE SEP 1     95                             -126
  SINCE JUL 1     95                             -127

 COOLING
  YESTERDAY        1                                1
  MONTH TO DATE   40                               12
  SINCE SEP 1    255                               63
  SINCE JAN 1   1352                              160
...............................................................


WIND (MPH)
  HIGHEST WIND SPEED    18   HIGHEST WIND DIRECTION     W (280)
  HIGHEST GUST SPEED    27   HIGHEST GUST DIRECTION     W (270)
  AVERAGE WIND SPEED     8.5




RELATIVE HUMIDITY (PERCENT)
 HIGHEST    93
 LOWEST     49
 AVERAGE    71

..........................................................


THE WALLOPS ISLAND VA CLIMATE NORMALS FOR TODAY
                         NORMAL    RECORD    YEAR
 MAXIMUM TEMPERATURE (F)   64        77      1994
 MINIMUM TEMPERATURE (F)   46        33      2008
                                             1988


SUNRISE AND SUNSET
OCTOBER 30 2014.......SUNRISE   725 AM EDT   SUNSET   605 PM EDT
OCTOBER 31 2014.......SUNRISE   726 AM EDT   SUNSET   604 PM EDT


-  INDICATES NEGATIVE NUMBERS.
R  INDICATES RECORD WAS SET OR TIED.
MM INDICATES DATA IS MISSING.
T  INDICATES TRACE AMOUNT.




$$
