000
CDUS41 KAKQ 290545
CLIWAL


CLIMATE REPORT
NATIONAL WEATHER SERVICE WAKEFIELD, VA
145 AM EDT WED MAR 29 2017


...................................

...THE WALLOPS ISLAND VA CLIMATE SUMMARY FOR MARCH 28 2017...

CLIMATE NORMAL PERIOD 1981 TO 2010
CLIMATE RECORD PERIOD 1963 TO 2017


WEATHER ITEM   OBSERVED TIME   RECORD YEAR NORMAL DEPARTURE
                VALUE   (LST)  VALUE       VALUE  FROM
                                                  NORMAL
...............................................................
TEMPERATURE (F)
 YESTERDAY
  MAXIMUM         73    306 PM  81    1991  57     16
                                      1989
  MINIMUM         51    447 AM  24    2001  40     11
  AVERAGE         62                        48     14

PRECIPITATION (IN)
  YESTERDAY        T             1.33        0.13  -0.13
  MONTH TO DATE    1.79                      3.61  -1.82
  SINCE MAR 1      1.79                      3.61  -1.82
  SINCE JAN 1      7.99                      9.41  -1.42

SNOWFALL (IN)
  YESTERDAY        0.0           0.0    MM   0.0    0.0
  MONTH TO DATE    T                         0.4   -0.4
  SINCE NOV 1     10.1                       7.8    2.3
  SINCE JUL 1     10.1                       7.8    2.3

DEGREE DAYS
 HEATING
  YESTERDAY        3                              -14
  MONTH TO DATE  572                                0
  SINCE MAR 1    572                                0
  SINCE JUL 1   3148                             -504

 COOLING
  YESTERDAY        0                                0
  MONTH TO DATE    2                                2
  SINCE MAR 1      2                                2
  SINCE JAN 1      2                                2
...............................................................


WIND (MPH)
  HIGHEST WIND SPEED    14   HIGHEST WIND DIRECTION    SW (240)
  HIGHEST GUST SPEED    17   HIGHEST GUST DIRECTION    SW (240)
  AVERAGE WIND SPEED     8.8




RELATIVE HUMIDITY (PERCENT)
 HIGHEST   100
 LOWEST     61
 AVERAGE    81

..........................................................


THE WALLOPS ISLAND VA CLIMATE NORMALS FOR TODAY
                         NORMAL    RECORD    YEAR
 MAXIMUM TEMPERATURE (F)   58        84      1989
 MINIMUM TEMPERATURE (F)   40        26      2015


SUNRISE AND SUNSET
MARCH 29 2017.........SUNRISE   651 AM EDT   SUNSET   722 PM EDT
MARCH 30 2017.........SUNRISE   650 AM EDT   SUNSET   723 PM EDT


-  INDICATES NEGATIVE NUMBERS.
R  INDICATES RECORD WAS SET OR TIED.
MM INDICATES DATA IS MISSING.
T  INDICATES TRACE AMOUNT.




$$
