000
CDUS46 KLOX 190118
CLIWJF


CLIMATE REPORT
NATIONAL WEATHER SERVICE LOS ANGELES/OXNARD CA
617 PM PDT FRI AUG 18 2017


...................................

...THE LANCASTER CLIMATE SUMMARY FOR AUGUST 18 2017...
VALID TODAY AS OF 0600 PM LOCAL TIME.

CLIMATE NORMAL PERIOD 1981 TO 2010
CLIMATE RECORD PERIOD 1948 TO 2017


WEATHER ITEM   OBSERVED TIME   RECORD YEAR NORMAL DEPARTURE LAST
                VALUE   (LST)  VALUE       VALUE  FROM      YEAR
                                                  NORMAL
..................................................................
TEMPERATURE (F)
 TODAY
  MAXIMUM         99    250 PM 112    1950  98      1      100
  MINIMUM         65    527 AM  50    1978  64      1       61
  AVERAGE         82                        81      1       81

PRECIPITATION (IN)
  TODAY            0.00          0.05 1979   0.00   0.00     0.00
  MONTH TO DATE    0.03                      0.05  -0.02     0.00
  SINCE OCT 1      6.54                      7.18  -0.64     3.82
  SINCE JAN 1      4.55                      5.05  -0.50     2.53

SNOWFALL (IN)
  TODAY            0.0           0.0    MM   0.0             0.0
  MONTH TO DATE    0.0                       0.0             0.0
  SINCE JUN 1      0.0                       0.0             0.0
  SINCE JUL 1      0.0                       0.0             0.0
  SNOW DEPTH       0

DEGREE DAYS
 HEATING
  TODAY            0                         0      0        0
  MONTH TO DATE    0                         0      0        0
  SINCE JUN 1      9                         8      1        0
  SINCE JUL 1      0                         0      0        0

 COOLING
  TODAY           17                        16      1       16
  MONTH TO DATE  329                       303     26      327
  SINCE JUN 1   1494                      1180    314     1473
  SINCE JAN 1   1655                      1369    286     1641
..................................................................


WIND (MPH)
  HIGHEST WIND SPEED    24   HIGHEST WIND DIRECTION    SW (220)
  HIGHEST GUST SPEED    29   HIGHEST GUST DIRECTION    SW (220)
  AVERAGE WIND SPEED     6.5


SKY COVER
  POSSIBLE SUNSHINE  MM
  AVERAGE SKY COVER 0.0


WEATHER CONDITIONS
 THE FOLLOWING WEATHER WAS RECORDED TODAY.
  NO SIGNIFICANT WEATHER WAS OBSERVED.


RELATIVE HUMIDITY (PERCENT)
 HIGHEST    56           400 AM
 LOWEST     16           200 PM
 AVERAGE    36

..........................................................


THE LANCASTER CLIMATE NORMALS FOR TOMORROW
                         NORMAL    RECORD    YEAR
 MAXIMUM TEMPERATURE (F)   97       113      1950
 MINIMUM TEMPERATURE (F)   64        52      1972


SUNRISE AND SUNSET
AUGUST 18 2017........SUNRISE   616 AM PDT   SUNSET   737 PM PDT
AUGUST 19 2017........SUNRISE   617 AM PDT   SUNSET   736 PM PDT


-  INDICATES NEGATIVE NUMBERS.
R  INDICATES RECORD WAS SET OR TIED.
MM INDICATES DATA IS MISSING.
T  INDICATES TRACE AMOUNT.




$$
