000
CDUS46 KLOX 260903
CLIWJF


CLIMATE REPORT
NATIONAL WEATHER SERVICE LOS ANGELES/OXNARD CA
103 AM PST THU FEB 26 2015


...................................

...THE LANCASTER FOX FIELD CA CLIMATE SUMMARY FOR FEBRUARY 25 2015...

CLIMATE NORMAL PERIOD 1981 TO 2010
CLIMATE RECORD PERIOD 1948 TO 2015


WEATHER ITEM   OBSERVED TIME   RECORD YEAR NORMAL DEPARTURE
                VALUE   (LST)  VALUE       VALUE  FROM
                                                  NORMAL
...............................................................
TEMPERATURE (F)
 YESTERDAY
  MAXIMUM         70    320 PM  81    1986  64      6
  MINIMUM         29    657 AM  18    2013  37     -8
  AVERAGE         50                        50      0

PRECIPITATION (IN)
  YESTERDAY        0.00          0.64 2001   0.06  -0.06
  MONTH TO DATE    0.39                      1.62  -1.23
  SINCE OCT 1      4.27                      5.25  -0.98
  SINCE JAN 1      1.35                      3.12  -1.77

SNOWFALL (IN)
  YESTERDAY        0.0           T    1996
  MONTH TO DATE    0.0
  SINCE DEC 1      0.0
  SINCE JUL 1      0.0
  SNOW DEPTH       0

DEGREE DAYS
 HEATING
  YESTERDAY       15                                0
  MONTH TO DATE  289                             -135
  SINCE DEC 1   1436                             -268
  SINCE JUL 1   1833                             -416

 COOLING
  YESTERDAY        0                                0
  MONTH TO DATE    0                                0
  SINCE DEC 1      0                                0
  SINCE JAN 1      0                                0
...............................................................


WIND (MPH)
  HIGHEST WIND SPEED    28   HIGHEST WIND DIRECTION     W (280)
  HIGHEST GUST SPEED    36   HIGHEST GUST DIRECTION     W (280)
  AVERAGE WIND SPEED     6.8




RELATIVE HUMIDITY (PERCENT)
 HIGHEST    85
 LOWEST     23
 AVERAGE    54

..........................................................


THE LANCASTER FOX FIELD CA CLIMATE NORMALS FOR TODAY
                         NORMAL    RECORD    YEAR
 MAXIMUM TEMPERATURE (F)   64        81      1986
 MINIMUM TEMPERATURE (F)   37        21      1984


SUNRISE AND SUNSET
FEBRUARY 26 2015......SUNRISE   626 AM PST   SUNSET   546 PM PST
FEBRUARY 27 2015......SUNRISE   625 AM PST   SUNSET   547 PM PST


-  INDICATES NEGATIVE NUMBERS.
R  INDICATES RECORD WAS SET OR TIED.
MM INDICATES DATA IS MISSING.
T  INDICATES TRACE AMOUNT.




$$
