000
CDUS46 KLOX 230112
CLIWJF


CLIMATE REPORT
NATIONAL WEATHER SERVICE LOS ANGELES/OXNARD CA
612 PM PDT FRI AUG 22 2014


...................................

...THE LANCASTER CLIMATE SUMMARY FOR AUGUST 22 2014...
VALID TODAY AS OF 0600 PM LOCAL TIME.

CLIMATE NORMAL PERIOD 1981 TO 2010
CLIMATE RECORD PERIOD 1948 TO 2014


WEATHER ITEM   OBSERVED TIME   RECORD YEAR NORMAL DEPARTURE LAST
                VALUE   (LST)  VALUE       VALUE  FROM      YEAR
                                                  NORMAL
..................................................................
TEMPERATURE (F)
 TODAY
  MAXIMUM         89    102 PM 105    1961  97     -8      101
  MINIMUM         65    246 AM  48    1959  63      2       70
  AVERAGE         77                        80     -3       86

PRECIPITATION (IN)
  TODAY            0.00          T    1984   0.01  -0.01     0.00
                                      1984
                                      2009
  MONTH TO DATE    0.03                      0.07  -0.04      T
  SINCE JUL 1      0.03                      0.16  -0.13     0.02
  SINCE JAN 1      2.35                      5.07  -2.72     1.12

SNOWFALL (IN)
  TODAY            0.0           0.0    MM   0.0             0.0
  MONTH TO DATE    0.0                       0.0             0.0
  SINCE JUN 1      0.0                       0.0             0.0
  SINCE JUL 1      0.0                       0.0             0.0
  SNOW DEPTH       0

DEGREE DAYS
 HEATING
  TODAY            0                         0      0        0
  MONTH TO DATE    0                         0      0        0
  SINCE JUN 1      0                         8     -8        0
  SINCE JUL 1      0                         0      0        0

 COOLING
  TODAY           12                        15     -3       21
  MONTH TO DATE  335                       364    -29      374
  SINCE JUN 1   1322                      1241     81     1468
  SINCE JAN 1   1522                      1430     92     1726
..................................................................


WIND (MPH)
  HIGHEST WIND SPEED    30   HIGHEST WIND DIRECTION    SW (220)
  HIGHEST GUST SPEED    39   HIGHEST GUST DIRECTION    SW (220)
  AVERAGE WIND SPEED    14.8


SKY COVER
  POSSIBLE SUNSHINE  MM
  AVERAGE SKY COVER 0.0


WEATHER CONDITIONS
 THE FOLLOWING WEATHER WAS RECORDED TODAY.
  NO SIGNIFICANT WEATHER WAS OBSERVED.


RELATIVE HUMIDITY (PERCENT)
 HIGHEST    57           200 AM
 LOWEST     25           900 AM
 AVERAGE    41

..........................................................


THE LANCASTER CLIMATE NORMALS FOR TOMORROW
                         NORMAL    RECORD    YEAR
 MAXIMUM TEMPERATURE (F)   97       106      1956
 MINIMUM TEMPERATURE (F)   63        47      1968


SUNRISE AND SUNSET
AUGUST 22 2014........SUNRISE   619 AM PDT   SUNSET   732 PM PDT
AUGUST 23 2014........SUNRISE   619 AM PDT   SUNSET   731 PM PDT


-  INDICATES NEGATIVE NUMBERS.
R  INDICATES RECORD WAS SET OR TIED.
MM INDICATES DATA IS MISSING.
T  INDICATES TRACE AMOUNT.




$$
