000
CDUS46 KLOX 240900
CLIWJF


CLIMATE REPORT
NATIONAL WEATHER SERVICE LOS ANGELES/OXNARD CA
200 AM PDT TUE OCT 24 2017


...................................

...THE LANCASTER FOX FIELD CA CLIMATE SUMMARY FOR OCTOBER 23 2017...

CLIMATE NORMAL PERIOD 1981 TO 2010
CLIMATE RECORD PERIOD 1948 TO 2017


WEATHER ITEM   OBSERVED TIME   RECORD YEAR NORMAL DEPARTURE
                VALUE   (LST)  VALUE       VALUE  FROM
                                                  NORMAL
...............................................................
TEMPERATURE (F)
 YESTERDAY
  MAXIMUM         91    317 PM  93    1959  77     14
  MINIMUM         41    642 AM  30    1984  44     -3
  AVERAGE         66                        60      6

PRECIPITATION (IN)
  YESTERDAY        0.00          0.30 1992   0.01  -0.01
  MONTH TO DATE    T                         0.28  -0.28
  SINCE OCT 1      T                         0.28  -0.28
  SINCE JAN 1      4.62                      5.53  -0.91

SNOWFALL (IN)
  YESTERDAY        0.0           0.0    MM
  MONTH TO DATE    0.0
  SINCE SEP 1      0.0
  SINCE JUL 1      0.0
  SNOW DEPTH       0

DEGREE DAYS
 HEATING
  YESTERDAY        0                               -5
  MONTH TO DATE   80                               10
  SINCE SEP 1    100                               18
  SINCE JUL 1    100                               18

 COOLING
  YESTERDAY        1                                0
  MONTH TO DATE   36                              -13
  SINCE SEP 1    303                              -17
  SINCE JAN 1   2207                              328
...............................................................


WIND (MPH)
  HIGHEST WIND SPEED    18   HIGHEST WIND DIRECTION     E (70)
  HIGHEST GUST SPEED    23   HIGHEST GUST DIRECTION     E (70)
  AVERAGE WIND SPEED     5.8




RELATIVE HUMIDITY (PERCENT)
 HIGHEST    45
 LOWEST      8
 AVERAGE    27

..........................................................


THE LANCASTER FOX FIELD CA CLIMATE NORMALS FOR TODAY
                         NORMAL    RECORD    YEAR
 MAXIMUM TEMPERATURE (F)   76        96      1959
 MINIMUM TEMPERATURE (F)   43        26      1975


SUNRISE AND SUNSET
OCTOBER 24 2017.......SUNRISE   707 AM PDT   SUNSET   607 PM PDT
OCTOBER 25 2017.......SUNRISE   707 AM PDT   SUNSET   606 PM PDT


-  INDICATES NEGATIVE NUMBERS.
R  INDICATES RECORD WAS SET OR TIED.
MM INDICATES DATA IS MISSING.
T  INDICATES TRACE AMOUNT.




$$
