000
CDUS46 KLOX 220204
CLIWJF


CLIMATE REPORT
NATIONAL WEATHER SERVICE LOS ANGELES/OXNARD CA
604 PM PST SUN JAN 21 2018


...................................

...THE LANCASTER CLIMATE SUMMARY FOR JANUARY 21 2018...
VALID TODAY AS OF 0600 PM LOCAL TIME.

CLIMATE NORMAL PERIOD 1981 TO 2010
CLIMATE RECORD PERIOD 1948 TO 2018


WEATHER ITEM   OBSERVED TIME   RECORD YEAR NORMAL DEPARTURE LAST
                VALUE   (LST)  VALUE       VALUE  FROM      YEAR
                                                  NORMAL
..................................................................
TEMPERATURE (F)
 TODAY
  MAXIMUM         53    346 PM  75    1950  59     -6       52
  MINIMUM         25    651 AM  14    1987  32     -7       37
  AVERAGE         39                        45     -6       45

PRECIPITATION (IN)
  TODAY            0.00          1.19 2010   0.05  -0.05     0.01
  MONTH TO DATE    0.95                      1.02  -0.07     1.79
  SINCE OCT 1      0.97                      3.15  -2.18     3.78
  SINCE JAN 1      0.95                      1.02  -0.07     1.79

SNOWFALL (IN)
  TODAY            0.0           0.0    MM   0.0            MM
  MONTH TO DATE    0.0                       0.2             0.0
  SINCE DEC 1      0.0                       1.5             0.0
  SINCE JUL 1      0.0                       1.5             0.0
  SNOW DEPTH       0

DEGREE DAYS
 HEATING
  TODAY           26                        20      6       20
  MONTH TO DATE  298                       431   -133      392
  SINCE DEC 1    939                      1088   -149      970
  SINCE JUL 1   1301                      1633   -332     1396

 COOLING
  TODAY            0                         0      0        0
  MONTH TO DATE    0                         0      0        0
  SINCE DEC 1      0                         0      0        0
  SINCE JAN 1      0                         0      0        0
..................................................................


WIND (MPH)
  HIGHEST WIND SPEED    17   HIGHEST WIND DIRECTION     W (290)
  HIGHEST GUST SPEED    22   HIGHEST GUST DIRECTION     W (290)
  AVERAGE WIND SPEED     4.6


SKY COVER
  POSSIBLE SUNSHINE  MM
  AVERAGE SKY COVER 0.0


WEATHER CONDITIONS
 THE FOLLOWING WEATHER WAS RECORDED TODAY.
  NO SIGNIFICANT WEATHER WAS OBSERVED.


RELATIVE HUMIDITY (PERCENT)
 HIGHEST    81           700 AM
 LOWEST     19           300 PM
 AVERAGE    50

..........................................................


THE LANCASTER CLIMATE NORMALS FOR TOMORROW
                         NORMAL    RECORD    YEAR
 MAXIMUM TEMPERATURE (F)   59        72      1970
 MINIMUM TEMPERATURE (F)   32        16      2013


SUNRISE AND SUNSET
JANUARY 21 2018.......SUNRISE   658 AM PST   SUNSET   511 PM PST
JANUARY 22 2018.......SUNRISE   657 AM PST   SUNSET   512 PM PST


-  INDICATES NEGATIVE NUMBERS.
R  INDICATES RECORD WAS SET OR TIED.
MM INDICATES DATA IS MISSING.
T  INDICATES TRACE AMOUNT.




$$
