000
CDUS46 KLOX 230917
CLIWJF


CLIMATE REPORT
NATIONAL WEATHER SERVICE LOS ANGELES/OXNARD CA
217 AM PDT SAT MAY 23 2015


...................................

...THE LANCASTER FOX FIELD CA CLIMATE SUMMARY FOR MAY 22 2015...

CLIMATE NORMAL PERIOD 1981 TO 2010
CLIMATE RECORD PERIOD 1948 TO 2015


WEATHER ITEM   OBSERVED TIME   RECORD YEAR NORMAL DEPARTURE
                VALUE   (LST)  VALUE       VALUE  FROM
                                                  NORMAL
...............................................................
TEMPERATURE (F)
 YESTERDAY
  MAXIMUM         69    115 PM 102    2000  84    -15
  MINIMUM         50    438 AM  42    1965  56     -6
  AVERAGE         60                        70    -10

PRECIPITATION (IN)
  YESTERDAY        0.00          0.01 2008   0.00   0.00
  MONTH TO DATE    0.28                      0.07   0.21
  SINCE OCT 1      4.61                      6.97  -2.36
  SINCE JAN 1      1.69                      4.84  -3.15

SNOWFALL (IN)
  YESTERDAY        0.0           0.0    MM
  MONTH TO DATE    0.0
  SINCE MAR 1      0.0
  SINCE JUL 1      0.0
  SNOW DEPTH       0

DEGREE DAYS
 HEATING
  YESTERDAY        5                                4
  MONTH TO DATE  103                               52
  SINCE MAR 1    505                             -121
  SINCE JUL 1   2374                             -545

 COOLING
  YESTERDAY        0                               -6
  MONTH TO DATE   13                              -82
  SINCE MAR 1     41                              -84
  SINCE JAN 1     41                              -84
...............................................................


WIND (MPH)
  HIGHEST WIND SPEED    33   HIGHEST WIND DIRECTION     W (270)
  HIGHEST GUST SPEED    39   HIGHEST GUST DIRECTION     W (270)
  AVERAGE WIND SPEED    22.0




RELATIVE HUMIDITY (PERCENT)
 HIGHEST    77
 LOWEST     40
 AVERAGE    59

..........................................................


THE LANCASTER FOX FIELD CA CLIMATE NORMALS FOR TODAY
                         NORMAL    RECORD    YEAR
 MAXIMUM TEMPERATURE (F)   84       102      2001
 MINIMUM TEMPERATURE (F)   56        41      2010
                                             1980


SUNRISE AND SUNSET
MAY 23 2015...........SUNRISE   545 AM PDT   SUNSET   755 PM PDT
MAY 24 2015...........SUNRISE   544 AM PDT   SUNSET   756 PM PDT


-  INDICATES NEGATIVE NUMBERS.
R  INDICATES RECORD WAS SET OR TIED.
MM INDICATES DATA IS MISSING.
T  INDICATES TRACE AMOUNT.




$$
