000
CDUS46 KLOX 240114
CLIWJF


CLIMATE REPORT
NATIONAL WEATHER SERVICE LOS ANGELES/OXNARD CA
614 PM PDT WED JUL 23 2014


...................................

...THE LANCASTER CLIMATE SUMMARY FOR JULY 23 2014...
VALID TODAY AS OF 0600 PM LOCAL TIME.

CLIMATE NORMAL PERIOD 1981 TO 2010
CLIMATE RECORD PERIOD 1948 TO 2014


WEATHER ITEM   OBSERVED TIME   RECORD YEAR NORMAL DEPARTURE LAST
                VALUE   (LST)  VALUE       VALUE  FROM      YEAR
                                                  NORMAL
..................................................................
TEMPERATURE (F)
 TODAY
  MAXIMUM        102    137 PM 111    2006  99      3       97
  MINIMUM         67    415 AM  52    1972  67      0       69
  AVERAGE         85                        83      2       83

PRECIPITATION (IN)
  TODAY            0.00          0.61 1974   0.00   0.00     0.00
  MONTH TO DATE    T                         0.07  -0.07     0.02
  SINCE JUL 1      T                         0.07  -0.07     0.02
  SINCE JAN 1      2.32                      4.98  -2.66     1.12

SNOWFALL (IN)
  TODAY            0.0           0.0    MM   0.0             0.0
  MONTH TO DATE    0.0                       0.0             0.0
  SINCE JUN 1      0.0                       0.0             0.0
  SINCE JUL 1      0.0                       0.0             0.0
  SNOW DEPTH       0

DEGREE DAYS
 HEATING
  TODAY            0                         0      0        0
  MONTH TO DATE    0                         0      0        0
  SINCE JUN 1      0                         8     -8        0
  SINCE JUL 1      0                         0      0        0

 COOLING
  TODAY           20                        18      2       18
  MONTH TO DATE  412                       394     18      471
  SINCE JUN 1    812                       735     77      938
  SINCE JAN 1   1012                       924     88     1196
..................................................................


WIND (MPH)
  HIGHEST WIND SPEED    28   HIGHEST WIND DIRECTION     W (270)
  HIGHEST GUST SPEED    31   HIGHEST GUST DIRECTION     W (270)
  AVERAGE WIND SPEED    10.2


SKY COVER
  POSSIBLE SUNSHINE  MM
  AVERAGE SKY COVER 0.0


WEATHER CONDITIONS
 THE FOLLOWING WEATHER WAS RECORDED TODAY.
  NO SIGNIFICANT WEATHER WAS OBSERVED.


RELATIVE HUMIDITY (PERCENT)
 HIGHEST    41           200 AM
 LOWEST      8           200 PM
 AVERAGE    25

..........................................................


THE LANCASTER CLIMATE NORMALS FOR TOMORROW
                         NORMAL    RECORD    YEAR
 MAXIMUM TEMPERATURE (F)   99       109      2006
 MINIMUM TEMPERATURE (F)   67        55      1995


SUNRISE AND SUNSET
JULY 23 2014..........SUNRISE   556 AM PDT   SUNSET   802 PM PDT
JULY 24 2014..........SUNRISE   557 AM PDT   SUNSET   801 PM PDT


-  INDICATES NEGATIVE NUMBERS.
R  INDICATES RECORD WAS SET OR TIED.
MM INDICATES DATA IS MISSING.
T  INDICATES TRACE AMOUNT.




$$
