000
CDUS46 KLOX 270114
CLIWJF


CLIMATE REPORT
NATIONAL WEATHER SERVICE LOS ANGELES/OXNARD CA
614 PM PDT THU MAY 26 2016


...................................

...THE LANCASTER CLIMATE SUMMARY FOR MAY 26 2016...
VALID TODAY AS OF 0600 PM LOCAL TIME.

CLIMATE NORMAL PERIOD 1981 TO 2010
CLIMATE RECORD PERIOD 1948 TO 2016


WEATHER ITEM   OBSERVED TIME   RECORD YEAR NORMAL DEPARTURE LAST
                VALUE   (LST)  VALUE       VALUE  FROM      YEAR
                                                  NORMAL
..................................................................
TEMPERATURE (F)
 TODAY
  MAXIMUM         82    221 PM 104    1974  85     -3       83
  MINIMUM         57    524 AM  37    1953  57      0       53
  AVERAGE         70                        71     -1       68

PRECIPITATION (IN)
  TODAY            0.00          0.28 1950   0.00   0.00     0.00
  MONTH TO DATE    0.00                      0.08  -0.08     0.28
  SINCE OCT 1      3.82                      6.98  -3.16     4.61
  SINCE JAN 1      2.53                      4.85  -2.32     1.69

SNOWFALL (IN)
  TODAY            0.0           0.0    MM   0.0             0.0
  MONTH TO DATE    0.0                       0.0             0.0
  SINCE MAR 1      0.0                       0.0             0.0
  SINCE JUL 1      0.0                       2.3             0.0
  SNOW DEPTH       0

DEGREE DAYS
 HEATING
  TODAY            0                         1     -1        0
  MONTH TO DATE   51                        55     -4      105
  SINCE MAR 1    421                       630   -209      507
  SINCE JUL 1   2672                      2923   -251     2376

 COOLING
  TODAY            5                         7     -2        3
  MONTH TO DATE   78                       121    -43       22
  SINCE MAR 1     99                       151    -52       50
  SINCE JAN 1    102                       151    -49       50
..................................................................


WIND (MPH)
  HIGHEST WIND SPEED    26   HIGHEST WIND DIRECTION     W (280)
  HIGHEST GUST SPEED    32   HIGHEST GUST DIRECTION    NW (300)
  AVERAGE WIND SPEED    14.2


SKY COVER
  POSSIBLE SUNSHINE  MM
  AVERAGE SKY COVER 0.0


WEATHER CONDITIONS
 THE FOLLOWING WEATHER WAS RECORDED TODAY.
  NO SIGNIFICANT WEATHER WAS OBSERVED.


RELATIVE HUMIDITY (PERCENT)
 HIGHEST    57           200 AM
 LOWEST     20           400 PM
 AVERAGE    39

..........................................................


THE LANCASTER CLIMATE NORMALS FOR TOMORROW
                         NORMAL    RECORD    YEAR
 MAXIMUM TEMPERATURE (F)   86       101      1984
 MINIMUM TEMPERATURE (F)   57        43      1998


SUNRISE AND SUNSET
MAY 26 2016...........SUNRISE   543 AM PDT   SUNSET   757 PM PDT
MAY 27 2016...........SUNRISE   542 AM PDT   SUNSET   758 PM PDT


-  INDICATES NEGATIVE NUMBERS.
R  INDICATES RECORD WAS SET OR TIED.
MM INDICATES DATA IS MISSING.
T  INDICATES TRACE AMOUNT.




$$
