673
CDUS46 KLOX 210118
CLIWJF


CLIMATE REPORT
NATIONAL WEATHER SERVICE LOS ANGELES/OXNARD CA
518 PM PST MON FEB 20 2017


...................................

...THE LANCASTER CLIMATE SUMMARY FOR FEBRUARY 20 2017...
VALID TODAY AS OF 0500 PM LOCAL TIME.

CLIMATE NORMAL PERIOD 1981 TO 2010
CLIMATE RECORD PERIOD 1948 TO 2017


WEATHER ITEM   OBSERVED TIME   RECORD YEAR NORMAL DEPARTURE LAST
                VALUE   (LST)  VALUE       VALUE  FROM      YEAR
                                                  NORMAL
..................................................................
TEMPERATURE (F)
 TODAY
  MAXIMUM         59    141 PM  79    1977  63     -4       68
  MINIMUM         48    634 AM  14    1953  36     12       28
  AVERAGE         54                        49      5       48

PRECIPITATION (IN)
  TODAY            0.00          0.57 1994   0.07  -0.07     0.00
  MONTH TO DATE    1.80                      1.30   0.50     0.03
  SINCE OCT 1      6.26                      4.93   1.33     3.05
  SINCE JAN 1      4.27                      2.80   1.47     1.76

SNOWFALL (IN)
  TODAY            0.0           T    1994   0.0             0.0
  MONTH TO DATE    0.0                       0.5             0.0
  SINCE DEC 1      0.0                       2.2             0.0
  SINCE JUL 1      0.0                       2.2             0.0
  SNOW DEPTH       0

DEGREE DAYS
 HEATING
  TODAY           11                        16     -5       17
  MONTH TO DATE  231                       348   -117      318
  SINCE DEC 1   1420                      1628   -208     1598
  SINCE JUL 1   1846                      2173   -327     2178

 COOLING
  TODAY            0                         0      0        0
  MONTH TO DATE    0                         0      0        0
  SINCE DEC 1      0                         0      0        0
  SINCE JAN 1      0                         0      0        0
..................................................................


WIND (MPH)
  HIGHEST WIND SPEED    25   HIGHEST WIND DIRECTION    SW (240)
  HIGHEST GUST SPEED    30   HIGHEST GUST DIRECTION    SW (210)
  AVERAGE WIND SPEED    16.7


SKY COVER
  POSSIBLE SUNSHINE  MM
  AVERAGE SKY COVER 0.6


WEATHER CONDITIONS
 THE FOLLOWING WEATHER WAS RECORDED TODAY.
  NO SIGNIFICANT WEATHER WAS OBSERVED.


RELATIVE HUMIDITY (PERCENT)
 HIGHEST    86          1200 AM
 LOWEST     67           100 PM
 AVERAGE    77

..........................................................


THE LANCASTER CLIMATE NORMALS FOR TOMORROW
                         NORMAL    RECORD    YEAR
 MAXIMUM TEMPERATURE (F)   63        77      2016
                                             1965
 MINIMUM TEMPERATURE (F)   36        13      1953


SUNRISE AND SUNSET
FEBRUARY 20 2017......SUNRISE   633 AM PST   SUNSET   541 PM PST
FEBRUARY 21 2017......SUNRISE   631 AM PST   SUNSET   542 PM PST


-  INDICATES NEGATIVE NUMBERS.
R  INDICATES RECORD WAS SET OR TIED.
MM INDICATES DATA IS MISSING.
T  INDICATES TRACE AMOUNT.




$$
