038
CDUS46 KLOX 110906
CLIWJF


CLIMATE REPORT
NATIONAL WEATHER SERVICE LOS ANGELES/OXNARD CA
106 AM PST THU FEB 11 2016


...................................

...THE LANCASTER FOX FIELD CA CLIMATE SUMMARY FOR FEBRUARY 10 2016...

CLIMATE NORMAL PERIOD 1981 TO 2010
CLIMATE RECORD PERIOD 1948 TO 2016


WEATHER ITEM   OBSERVED TIME   RECORD YEAR NORMAL DEPARTURE
                VALUE   (LST)  VALUE       VALUE  FROM
                                                  NORMAL
...............................................................
TEMPERATURE (F)
 YESTERDAY
  MAXIMUM         75    400 PM  78    1961  61     14
  MINIMUM         30    703 AM  20    2011  34     -4
                                      1986
  AVERAGE         53                        48      5

PRECIPITATION (IN)
  YESTERDAY        0.00          2.14 1992   0.07  -0.07
  MONTH TO DATE    T                         0.62  -0.62
  SINCE OCT 1      3.02                      4.25  -1.23
  SINCE JAN 1      1.73                      2.12  -0.39

SNOWFALL (IN)
  YESTERDAY        0.0           T    1999
  MONTH TO DATE    0.0
  SINCE DEC 1      0.0
  SINCE JUL 1      0.0
  SNOW DEPTH       0

DEGREE DAYS
 HEATING
  YESTERDAY       12                               -6
  MONTH TO DATE  195                               13
  SINCE DEC 1   1475                               13
  SINCE JUL 1   2055                               48

 COOLING
  YESTERDAY        0                                0
  MONTH TO DATE    0                                0
  SINCE DEC 1      0                                0
  SINCE JAN 1      0                                0
...............................................................


WIND (MPH)
  HIGHEST WIND SPEED     9   HIGHEST WIND DIRECTION     W (280)
  HIGHEST GUST SPEED    11   HIGHEST GUST DIRECTION     W (270)
  AVERAGE WIND SPEED     3.5




RELATIVE HUMIDITY (PERCENT)
 HIGHEST    72
 LOWEST     15
 AVERAGE    44

..........................................................


THE LANCASTER FOX FIELD CA CLIMATE NORMALS FOR TODAY
                         NORMAL    RECORD    YEAR
 MAXIMUM TEMPERATURE (F)   61        79      1971
 MINIMUM TEMPERATURE (F)   34        17      2002


SUNRISE AND SUNSET
FEBRUARY 11 2016......SUNRISE   643 AM PST   SUNSET   532 PM PST
FEBRUARY 12 2016......SUNRISE   642 AM PST   SUNSET   533 PM PST


-  INDICATES NEGATIVE NUMBERS.
R  INDICATES RECORD WAS SET OR TIED.
MM INDICATES DATA IS MISSING.
T  INDICATES TRACE AMOUNT.




$$
