000
CDUS45 KLKN 290035
CLIWMC


CLIMATE REPORT
NATIONAL WEATHER SERVICE ELKO NV
533 PM PDT TUE MAR 28 2017


...................................

...THE WINNEMUCCA AIRPORT NV CLIMATE SUMMARY FOR MARCH 28 2017...
VALID TODAY AS OF 0500 PM LOCAL TIME.

CLIMATE NORMAL PERIOD 1981 TO 2010
CLIMATE RECORD PERIOD 1877 TO 2017


WEATHER ITEM   OBSERVED TIME   RECORD YEAR NORMAL DEPARTURE LAST
                VALUE   (LST)  VALUE       VALUE  FROM      YEAR
                                                  NORMAL
..................................................................
TEMPERATURE (F)
 TODAY
  MAXIMUM         54    316 PM  76    1986  58     -4       43
                                      1978
  MINIMUM         20    552 AM   8    1999  28     -8       30
  AVERAGE         37                        43     -6       37

PRECIPITATION (IN)
  TODAY            0.00          0.36 1984   0.03  -0.03     0.16
  MONTH TO DATE    0.55                      0.75  -0.20     0.62
  SINCE OCT 1      7.68                      4.76   2.92     7.01
  SINCE JAN 1      3.14                      2.28   0.86     2.73

SNOWFALL (IN)
  TODAY            0.0           2.0  1984   0.1   -0.1      1.7
  MONTH TO DATE    1.4                       2.9   -1.5      1.7
  SINCE MAR 1      1.4                       2.9   -1.5      1.7
  SINCE JUL 1     17.5                      18.9   -1.4     21.1
  SNOW DEPTH       0

DEGREE DAYS
 HEATING
  TODAY           28                        22      6       28
  MONTH TO DATE  563                       674   -111      584
  SINCE MAR 1    563                       674   -111      584
  SINCE JUL 1   5002                      5263   -261     4761

 COOLING
  TODAY            0                         0      0        0
  MONTH TO DATE    0                         0      0        0
  SINCE MAR 1      0                         0      0        0
  SINCE JAN 1      0                         0      0        0
..................................................................


WIND (MPH)
  HIGHEST WIND SPEED    13   HIGHEST WIND DIRECTION     N (360)
  HIGHEST GUST SPEED    16   HIGHEST GUST DIRECTION     N (340)



WEATHER CONDITIONS
 THE FOLLOWING WEATHER WAS RECORDED TODAY.
  NO SIGNIFICANT WEATHER WAS OBSERVED.


RELATIVE HUMIDITY (PERCENT)
 HIGHEST   100           400 AM
 LOWEST     35           100 PM
 AVERAGE    68

..........................................................


THE WINNEMUCCA AIRPORT NV CLIMATE NORMALS FOR TOMORROW
                         NORMAL    RECORD    YEAR
 MAXIMUM TEMPERATURE (F)   58        82      1879
 MINIMUM TEMPERATURE (F)   28        11      1996


SUNRISE AND SUNSET
MARCH 28 2017.........SUNRISE   641 AM PDT   SUNSET   712 PM PDT
MARCH 29 2017.........SUNRISE   639 AM PDT   SUNSET   713 PM PDT


-  INDICATES NEGATIVE NUMBERS.
R  INDICATES RECORD WAS SET OR TIED.
MM INDICATES DATA IS MISSING.
T  INDICATES TRACE AMOUNT.




$$
