000
CDUS45 KLKN 300027
CLIWMC


CLIMATE REPORT
NATIONAL WEATHER SERVICE ELKO NV
527 PM PDT FRI MAY 29 2015


...................................

...THE WINNEMUCCA AIRPORT NV CLIMATE SUMMARY FOR MAY 29 2015...
VALID TODAY AS OF 0500 PM LOCAL TIME.

CLIMATE NORMAL PERIOD 1981 TO 2010
CLIMATE RECORD PERIOD 1877 TO 2015


WEATHER ITEM   OBSERVED TIME   RECORD YEAR NORMAL DEPARTURE LAST
                VALUE   (LST)  VALUE       VALUE  FROM      YEAR
                                                  NORMAL
..................................................................
TEMPERATURE (F)
 TODAY
  MAXIMUM         84    134 PM  98    2003  76      8       73
  MINIMUM         47    428 AM  26    2006  41      6       34
                                      1989
                                      1927
  AVERAGE         66                        59      7       54

PRECIPITATION (IN)
  TODAY            0.00          0.47 1896   0.03  -0.03     0.00
  MONTH TO DATE    2.17                      1.06   1.11     0.74
  SINCE OCT 1      7.91                      6.79   1.12     6.58
  SINCE JAN 1      5.34                      4.31   1.03     3.92

SNOWFALL (IN)
  TODAY            0.0           T    2011   0.0    0.0      0.0
  MONTH TO DATE    0.0                       0.1   -0.1      0.0
  SINCE MAR 1      2.4                       4.9   -2.5      1.9
  SINCE JUL 1      5.3                      20.9  -15.6     23.4
  SNOW DEPTH       0

DEGREE DAYS
 HEATING
  TODAY            0                         7     -7       11
  MONTH TO DATE  298                       306     -8      270
  SINCE MAR 1   1473                      1597   -124     1498
  SINCE JUL 1   5255                      6186   -931     6157

 COOLING
  TODAY            1                         1      0        0
  MONTH TO DATE    1                         7     -6        9
  SINCE MAR 1      1                         7     -6        9
  SINCE JAN 1      1                         7     -6        9
..................................................................


WIND (MPH)
  HIGHEST WIND SPEED    15   HIGHEST WIND DIRECTION    NE (50)
  HIGHEST GUST SPEED    18   HIGHEST GUST DIRECTION    NE (50)



WEATHER CONDITIONS
 THE FOLLOWING WEATHER WAS RECORDED TODAY.
  NO SIGNIFICANT WEATHER WAS OBSERVED.


RELATIVE HUMIDITY (PERCENT)
 HIGHEST    77           400 AM
 LOWEST     18           200 PM
 AVERAGE    48

..........................................................


THE WINNEMUCCA AIRPORT NV CLIMATE NORMALS FOR TOMORROW
                         NORMAL    RECORD    YEAR
 MAXIMUM TEMPERATURE (F)   77        96      2002
                                             1986
                                             1910
 MINIMUM TEMPERATURE (F)   41        25      1985


SUNRISE AND SUNSET
MAY 29 2015...........SUNRISE   523 AM PDT   SUNSET   814 PM PDT
MAY 30 2015...........SUNRISE   523 AM PDT   SUNSET   815 PM PDT


-  INDICATES NEGATIVE NUMBERS.
R  INDICATES RECORD WAS SET OR TIED.
MM INDICATES DATA IS MISSING.
T  INDICATES TRACE AMOUNT.




$$
