000
CDUS45 KLKN 300932
CLIWMC


CLIMATE REPORT
NATIONAL WEATHER SERVICE ELKO NV
232 AM PDT WED JUL 30 2014


...................................

...THE WINNEMUCCA AIRPORT NV CLIMATE SUMMARY FOR JULY 29 2014...

CLIMATE NORMAL PERIOD 1981 TO 2010
CLIMATE RECORD PERIOD 1877 TO 2014


WEATHER ITEM   OBSERVED TIME   RECORD YEAR NORMAL DEPARTURE LAST
                VALUE   (LST)  VALUE       VALUE  FROM      YEAR
                                                  NORMAL
..................................................................
TEMPERATURE (F)
 YESTERDAY
  MAXIMUM         95    200 PM 105    1972  95      0       94
  MINIMUM         64   1159 PM  40    1916  52     12       51
  AVERAGE         80                        74      6       73

PRECIPITATION (IN)
  YESTERDAY        T             0.05 1891   0.01  -0.01     0.00
  MONTH TO DATE    0.10                      0.23  -0.13     0.30
  SINCE OCT 1      6.75                      7.64  -0.89     4.67
  SINCE JAN 1      4.09                      5.16  -1.07     2.26

SNOWFALL (IN)
  YESTERDAY        0.0           0.0  1877   0.0    0.0      0.0
  MONTH TO DATE    0.0                       0.0    0.0       T
  SINCE JUN 1      0.0                       T      0.0       T
  SINCE JUL 1      0.0                       0.0    0.0       T
  SNOW DEPTH       0

DEGREE DAYS
 HEATING
  YESTERDAY        0                         0      0        0
  MONTH TO DATE    0                         6     -6        0
  SINCE JUN 1     74                       111    -37       70
  SINCE JUL 1      0                         6     -6        0

 COOLING
  YESTERDAY       15                         9      6        8
  MONTH TO DATE  369                       229    140      354
  SINCE JUN 1    443                       308    135      482
  SINCE JAN 1    452                       319    133      483
..................................................................


WIND (MPH)
  HIGHEST WIND SPEED    35   HIGHEST WIND DIRECTION    NE (60)
  HIGHEST GUST SPEED    45   HIGHEST GUST DIRECTION    NE (30)
  AVERAGE WIND SPEED     9.2



WEATHER CONDITIONS
 THE FOLLOWING WEATHER WAS RECORDED YESTERDAY.
  THUNDERSTORM
  LIGHT RAIN
  HAZE


RELATIVE HUMIDITY (PERCENT)
 HIGHEST    49           900 PM
 LOWEST     14           200 PM
 AVERAGE    32

..........................................................


THE WINNEMUCCA AIRPORT NV CLIMATE NORMALS FOR TODAY
                         NORMAL    RECORD    YEAR
 MAXIMUM TEMPERATURE (F)   95       104      2003
                                             2000
                                             1971
 MINIMUM TEMPERATURE (F)   52        40      1975
                                             1956


SUNRISE AND SUNSET
JULY 30 2014..........SUNRISE   546 AM PDT   SUNSET   809 PM PDT
JULY 31 2014..........SUNRISE   547 AM PDT   SUNSET   808 PM PDT


-  INDICATES NEGATIVE NUMBERS.
R  INDICATES RECORD WAS SET OR TIED.
MM INDICATES DATA IS MISSING.
T  INDICATES TRACE AMOUNT.




$$
