624
CDUS45 KLKN 100932
CLIWMC


CLIMATE REPORT
NATIONAL WEATHER SERVICE ELKO NV
131 AM PST SAT DEC 10 2016


...................................

...THE WINNEMUCCA AIRPORT NV CLIMATE SUMMARY FOR DECEMBER 9 2016...

CLIMATE NORMAL PERIOD 1981 TO 2010
CLIMATE RECORD PERIOD 1877 TO 2016


WEATHER ITEM   OBSERVED TIME   RECORD YEAR NORMAL DEPARTURE LAST
                VALUE   (LST)  VALUE       VALUE  FROM      YEAR
                                                  NORMAL
..................................................................
TEMPERATURE (F)
 YESTERDAY
  MAXIMUM         51    229 PM  65    1981  42      9       60
  MINIMUM         37    142 AM -34    1972  18     19       38
  AVERAGE         44                        30     14       49

PRECIPITATION (IN)
  YESTERDAY        0.01          0.48 1910   0.03  -0.02     0.00
  MONTH TO DATE    0.27                      0.27   0.00      T
  SINCE OCT 1      2.61                      1.82   0.79     2.51
  SINCE JAN 1      7.43                      7.62  -0.19     9.13

SNOWFALL (IN)
  YESTERDAY        0.0           2.6  1927   0.1   -0.1      0.0
  MONTH TO DATE    2.8                       1.4    1.4      0.0
  SINCE DEC 1      2.8                       1.4    1.4      0.0
  SINCE JUL 1      3.4                       4.9   -1.5      0.3
  SNOW DEPTH       1

DEGREE DAYS
 HEATING
  YESTERDAY       21                        35    -14       16
  MONTH TO DATE  333                       309     24      235
  SINCE DEC 1    333                       309     24      235
  SINCE JUL 1   1668                      1877   -209     1584

 COOLING
  YESTERDAY        0                         0      0        0
  MONTH TO DATE    0                         0      0        0
  SINCE DEC 1      0                         0      0        0
  SINCE JAN 1    577                       541     36      617
..................................................................


WIND (MPH)
  HIGHEST WIND SPEED    17   HIGHEST WIND DIRECTION    SE (150)
  HIGHEST GUST SPEED    24   HIGHEST GUST DIRECTION     S (180)
  AVERAGE WIND SPEED    10.7



WEATHER CONDITIONS
 THE FOLLOWING WEATHER WAS RECORDED YESTERDAY.
  LIGHT RAIN


RELATIVE HUMIDITY (PERCENT)
 HIGHEST    76          1200 AM
 LOWEST     52           100 PM
 AVERAGE    64

..........................................................


THE WINNEMUCCA AIRPORT NV CLIMATE NORMALS FOR TODAY
                         NORMAL    RECORD    YEAR
 MAXIMUM TEMPERATURE (F)   42        70      1939
 MINIMUM TEMPERATURE (F)   18       -30      1972


SUNRISE AND SUNSET
DECEMBER 10 2016......SUNRISE   705 AM PST   SUNSET   423 PM PST
DECEMBER 11 2016......SUNRISE   706 AM PST   SUNSET   423 PM PST


-  INDICATES NEGATIVE NUMBERS.
R  INDICATES RECORD WAS SET OR TIED.
MM INDICATES DATA IS MISSING.
T  INDICATES TRACE AMOUNT.




$$
