000
CDUS45 KRIW 140046
CLIWRL


CLIMATE REPORT
NATIONAL WEATHER SERVICE RIVERTON WY
644 PM MDT SUN JUL 13 2014


...................................

...THE WORLAND WY CLIMATE SUMMARY FOR JULY 13 2014...
VALID TODAY AS OF 0500 PM LOCAL TIME.

CLIMATE NORMAL PERIOD 1981 TO 2010
CLIMATE RECORD PERIOD 1947 TO 2014


WEATHER ITEM   OBSERVED TIME   RECORD YEAR NORMAL DEPARTURE LAST
                VALUE   (LST)  VALUE       VALUE  FROM      YEAR
                                                  NORMAL
..................................................................
TEMPERATURE (F)
 TODAY
  MAXIMUM         92        MM 106    2005  89      3       94
  MINIMUM         57        MM  43    1992  55      2       57
  AVERAGE         75                        72      3       76

PRECIPITATION (IN)
  TODAY            0.00          0.59 1962   0.02  -0.02     0.00
  MONTH TO DATE    0.02                      0.29  -0.27     0.17
  SINCE JUN 1      1.64                      1.44   0.20     0.26
  SINCE JAN 1      3.85                      4.60  -0.75     2.95

DEGREE DAYS
 HEATING
  TODAY            0                         0      0        0
  MONTH TO DATE    1                        10     -9        0
  SINCE JUN 1     91                       103    -12       45
  SINCE JUL 1      1                        10     -9        0

 COOLING
  TODAY           10                         7      3       11
  MONTH TO DATE  120                        84     36      148
  SINCE JUN 1    149                       168    -19      281
  SINCE JAN 1    179                       180     -1      298
..................................................................


WIND (MPH)
  HIGHEST WIND SPEED    MM   HIGHEST WIND DIRECTION    MM
  HIGHEST GUST SPEED    MM   HIGHEST GUST DIRECTION    MM
  AVERAGE WIND SPEED    MM


SKY COVER
  POSSIBLE SUNSHINE  MM
  AVERAGE SKY COVER  MM


WEATHER CONDITIONS
 THE FOLLOWING WEATHER WAS RECORDED TODAY.
  NO SIGNIFICANT WEATHER WAS OBSERVED.


RELATIVE HUMIDITY (PERCENT)
 HIGHEST    MM
 LOWEST     MM
 AVERAGE    MM

..........................................................


THE WORLAND WY CLIMATE NORMALS FOR TOMORROW
                         NORMAL    RECORD    YEAR
 MAXIMUM TEMPERATURE (F)   89       105      2002
                                             1988
 MINIMUM TEMPERATURE (F)   55        47      1994


SUNRISE AND SUNSET
JULY 13 2014..........SUNRISE   541 AM MDT   SUNSET   853 PM MDT
JULY 14 2014..........SUNRISE   542 AM MDT   SUNSET   853 PM MDT


-  INDICATES NEGATIVE NUMBERS.
R  INDICATES RECORD WAS SET OR TIED.
MM INDICATES DATA IS MISSING.
T  INDICATES TRACE AMOUNT.




$$
