000
CDUS45 KRIW 070742
CLIWRL


CLIMATE REPORT
NATIONAL WEATHER SERVICE RIVERTON WY
130 AM MDT TUE JUL 7 2015


...................................

...THE WORLAND WY CLIMATE SUMMARY FOR JULY 6 2015...

CLIMATE NORMAL PERIOD 1981 TO 2010
CLIMATE RECORD PERIOD 1947 TO 2015


WEATHER ITEM   OBSERVED TIME   RECORD YEAR NORMAL DEPARTURE LAST
                VALUE   (LST)  VALUE       VALUE  FROM      YEAR
                                                  NORMAL
..................................................................
TEMPERATURE (F)
 YESTERDAY
  MAXIMUM         75    420 PM 104    1973  87    -12       95
  MINIMUM         55    438 AM  44    1993  54      1       60
  AVERAGE         65                        71     -6       78

PRECIPITATION (IN)
  YESTERDAY        T             0.50 1994   0.03  -0.03     0.00
  MONTH TO DATE    0.10                      0.13  -0.03     0.00
  SINCE JUN 1      1.16                      1.28  -0.12     1.62
  SINCE JAN 1      5.34                      4.44   0.90     3.83

DEGREE DAYS
 HEATING
  YESTERDAY        0                         1     -1        0
  MONTH TO DATE    0                         6     -6        1
  SINCE JUN 1      4                        99    -95       91
  SINCE JUL 1      0                         6     -6        1

 COOLING
  YESTERDAY        0                         6     -6       13
  MONTH TO DATE   50                        35     15       49
  SINCE JUN 1    229                       119    110       78
  SINCE JAN 1    231                       131    100      108
..................................................................


WIND (MPH)
  HIGHEST WIND SPEED    12   HIGHEST WIND DIRECTION    SE (120)
  HIGHEST GUST SPEED    12   HIGHEST GUST DIRECTION    SE (120)
  AVERAGE WIND SPEED     4.3


SKY COVER
  POSSIBLE SUNSHINE  MM
  AVERAGE SKY COVER 0.6


WEATHER CONDITIONS
 THE FOLLOWING WEATHER WAS RECORDED YESTERDAY.
  LIGHT RAIN
  FOG
  HAZE


RELATIVE HUMIDITY (PERCENT)
 HIGHEST    93           300 AM
 LOWEST     43           400 PM
 AVERAGE    68

..........................................................


THE WORLAND WY CLIMATE NORMALS FOR TODAY
                         NORMAL    RECORD    YEAR
 MAXIMUM TEMPERATURE (F)   88       102      1983
 MINIMUM TEMPERATURE (F)   54        41      2010
                                             1993


SUNRISE AND SUNSET
JULY  7 2015..........SUNRISE   537 AM MDT   SUNSET   857 PM MDT
JULY  8 2015..........SUNRISE   537 AM MDT   SUNSET   856 PM MDT


-  INDICATES NEGATIVE NUMBERS.
R  INDICATES RECORD WAS SET OR TIED.
MM INDICATES DATA IS MISSING.
T  INDICATES TRACE AMOUNT.




$$
