000
CDUS45 KRIW 050740
CLIWRL


CLIMATE REPORT
NATIONAL WEATHER SERVICE RIVERTON WY
136 AM MDT WED AUG 5 2015


...................................

...THE WORLAND WY CLIMATE SUMMARY FOR AUGUST 4 2015...

CLIMATE NORMAL PERIOD 1981 TO 2010
CLIMATE RECORD PERIOD 1947 TO 2015


WEATHER ITEM   OBSERVED TIME   RECORD YEAR NORMAL DEPARTURE LAST
                VALUE   (LST)  VALUE       VALUE  FROM      YEAR
                                                  NORMAL
..................................................................
TEMPERATURE (F)
 YESTERDAY
  MAXIMUM         82    437 PM 103    1961  90     -8       78
  MINIMUM         59   1159 PM  44    1980  55      4       61
  AVERAGE         71                        73     -2       70

PRECIPITATION (IN)
  YESTERDAY        0.02          0.33 1973   0.01   0.01      T
  MONTH TO DATE    0.02                      0.07  -0.05      T
  SINCE JUN 1      1.49                      1.93  -0.44     1.87
  SINCE JAN 1      5.67                      5.09   0.58     4.08

DEGREE DAYS
 HEATING
  YESTERDAY        0                         0      0        0
  MONTH TO DATE    0                         0      0        0
  SINCE JUN 1     11                       106    -95       91
  SINCE JUL 1      7                        13     -6        1

 COOLING
  YESTERDAY        6                         8     -2        5
  MONTH TO DATE   33                        32      1       38
  SINCE JUN 1    410                       345     65      346
  SINCE JAN 1    412                       357     55      376
..................................................................


WIND (MPH)
  HIGHEST WIND SPEED    25   HIGHEST WIND DIRECTION     N (350)
  HIGHEST GUST SPEED    31   HIGHEST GUST DIRECTION     N (350)
  AVERAGE WIND SPEED     7.2


SKY COVER
  POSSIBLE SUNSHINE  MM
  AVERAGE SKY COVER 0.4


WEATHER CONDITIONS
 THE FOLLOWING WEATHER WAS RECORDED YESTERDAY.
  THUNDERSTORM
  LIGHT RAIN


RELATIVE HUMIDITY (PERCENT)
 HIGHEST    87          1100 PM
 LOWEST     33           400 PM
 AVERAGE    60

..........................................................


THE WORLAND WY CLIMATE NORMALS FOR TODAY
                         NORMAL    RECORD    YEAR
 MAXIMUM TEMPERATURE (F)   90       106      1979
 MINIMUM TEMPERATURE (F)   55        47      1980


SUNRISE AND SUNSET
AUGUST  5 2015........SUNRISE   604 AM MDT   SUNSET   831 PM MDT
AUGUST  6 2015........SUNRISE   605 AM MDT   SUNSET   829 PM MDT


-  INDICATES NEGATIVE NUMBERS.
R  INDICATES RECORD WAS SET OR TIED.
MM INDICATES DATA IS MISSING.
T  INDICATES TRACE AMOUNT.




$$
