000
CDUS45 KRIW 180747
CLIWRL


CLIMATE REPORT
NATIONAL WEATHER SERVICE RIVERTON WY
1246 AM MST SAT NOV 18 2017


...................................

...THE WORLAND WY CLIMATE SUMMARY FOR NOVEMBER 17 2017...

CLIMATE NORMAL PERIOD 1981 TO 2010
CLIMATE RECORD PERIOD 1947 TO 2017


WEATHER ITEM   OBSERVED TIME   RECORD YEAR NORMAL DEPARTURE LAST
                VALUE   (LST)  VALUE       VALUE  FROM      YEAR
                                                  NORMAL
..................................................................
TEMPERATURE (F)
 YESTERDAY
  MAXIMUM         43   1207 AM  69    1981  43      0       32
  MINIMUM         22   1159 PM -19    2014  16      6       18
  AVERAGE         33                        30      3       25

PRECIPITATION (IN)
  YESTERDAY        T             0.41 2016   0.02  -0.02     0.41
  MONTH TO DATE    0.68                      0.22   0.46     0.76
  SINCE SEP 1      2.98                      1.76   1.22     5.08
  SINCE JAN 1      8.48                      7.21   1.27     9.55

DEGREE DAYS
 HEATING
  YESTERDAY       32                        35     -3       40
  MONTH TO DATE  590                       519     71      360
  SINCE SEP 1   1531                      1345    186     1027
  SINCE JUL 1   1532                      1381    151     1058

 COOLING
  YESTERDAY        0                         0      0        0
  MONTH TO DATE    0                         0      0        0
  SINCE SEP 1     52                        29     23       25
  SINCE JAN 1    588                       535     53      690
..................................................................


WIND (MPH)
  HIGHEST WIND SPEED    24   HIGHEST WIND DIRECTION     N (360)
  HIGHEST GUST SPEED    32   HIGHEST GUST DIRECTION     N (10)
  AVERAGE WIND SPEED     5.5


SKY COVER
  POSSIBLE SUNSHINE  MM
  AVERAGE SKY COVER 0.6


WEATHER CONDITIONS
 THE FOLLOWING WEATHER WAS RECORDED YESTERDAY.
  LIGHT RAIN


RELATIVE HUMIDITY (PERCENT)
 HIGHEST   100           200 AM
 LOWEST     52           500 PM
 AVERAGE    76

..........................................................


THE WORLAND WY CLIMATE NORMALS FOR TODAY
                         NORMAL    RECORD    YEAR
 MAXIMUM TEMPERATURE (F)   43        64      1995
 MINIMUM TEMPERATURE (F)   16       -11      2014


SUNRISE AND SUNSET
NOVEMBER 18 2017......SUNRISE   711 AM MST   SUNSET   443 PM MST
NOVEMBER 19 2017......SUNRISE   712 AM MST   SUNSET   442 PM MST


-  INDICATES NEGATIVE NUMBERS.
R  INDICATES RECORD WAS SET OR TIED.
MM INDICATES DATA IS MISSING.
T  INDICATES TRACE AMOUNT.




$$
