000
CDUS45 KRIW 260729
CLIWRL


CLIMATE REPORT
NATIONAL WEATHER SERVICE RIVERTON WY
129 AM MDT SAT JUL 26 2014


...................................

...THE WORLAND WY CLIMATE SUMMARY FOR JULY 25 2014...

CLIMATE NORMAL PERIOD 1981 TO 2010
CLIMATE RECORD PERIOD 1947 TO 2014


WEATHER ITEM   OBSERVED TIME   RECORD YEAR NORMAL DEPARTURE LAST
                VALUE   (LST)  VALUE       VALUE  FROM      YEAR
                                                  NORMAL
..................................................................
TEMPERATURE (F)
 YESTERDAY
  MAXIMUM         94    452 PM 102    1975  90      4       88
  MINIMUM         53    406 AM  47    1993  56     -3       64
  AVERAGE         74                        73      1       76

PRECIPITATION (IN)
  YESTERDAY        0.00          0.79 1981   0.02  -0.02      T
  MONTH TO DATE    0.08                      0.57  -0.49     0.20
  SINCE JUN 1      1.70                      1.72  -0.02     0.29
  SINCE JAN 1      3.91                      4.88  -0.97     2.98

DEGREE DAYS
 HEATING
  YESTERDAY        0                         0      0        0
  MONTH TO DATE    1                        10     -9        0
  SINCE JUN 1     91                       103    -12       45
  SINCE JUL 1      1                        10     -9        0

 COOLING
  YESTERDAY        9                         8      1       11
  MONTH TO DATE  245                       180     65      289
  SINCE JUN 1    274                       264     10      422
  SINCE JAN 1    304                       276     28      439
..................................................................


WIND (MPH)
  HIGHEST WIND SPEED    12   HIGHEST WIND DIRECTION    NW (310)
  HIGHEST GUST SPEED    14   HIGHEST GUST DIRECTION    NE (40)
  AVERAGE WIND SPEED     4.8


SKY COVER
  POSSIBLE SUNSHINE  MM
  AVERAGE SKY COVER 0.0


WEATHER CONDITIONS
 THE FOLLOWING WEATHER WAS RECORDED YESTERDAY.
  NO SIGNIFICANT WEATHER WAS OBSERVED.


RELATIVE HUMIDITY (PERCENT)
 HIGHEST    47           400 AM
 LOWEST      9           500 PM
 AVERAGE    28

..........................................................


THE WORLAND WY CLIMATE NORMALS FOR TODAY
                         NORMAL    RECORD    YEAR
 MAXIMUM TEMPERATURE (F)   90       102      1988
 MINIMUM TEMPERATURE (F)   56        50      2005


SUNRISE AND SUNSET
JULY 26 2014..........SUNRISE   554 AM MDT   SUNSET   842 PM MDT
JULY 27 2014..........SUNRISE   555 AM MDT   SUNSET   841 PM MDT


-  INDICATES NEGATIVE NUMBERS.
R  INDICATES RECORD WAS SET OR TIED.
MM INDICATES DATA IS MISSING.
T  INDICATES TRACE AMOUNT.




$$
