000
CDUS45 KRIW 270738
CLIWRL


CLIMATE REPORT
NATIONAL WEATHER SERVICE RIVERTON WY
135 AM MDT SAT MAY 27 2017


...................................

...THE WORLAND WY CLIMATE SUMMARY FOR MAY 26 2017...

CLIMATE NORMAL PERIOD 1981 TO 2010
CLIMATE RECORD PERIOD 1947 TO 2017


WEATHER ITEM   OBSERVED TIME   RECORD YEAR NORMAL DEPARTURE LAST
                VALUE   (LST)  VALUE       VALUE  FROM      YEAR
                                                  NORMAL
..................................................................
TEMPERATURE (F)
 YESTERDAY
  MAXIMUM         58   1035 AM  93    1969  73    -15       66
  MINIMUM         41   1156 PM  32    1975  44     -3       41
  AVERAGE         50                        58     -8       54

PRECIPITATION (IN)
  YESTERDAY        0.02          0.73 1962   0.05  -0.03     0.03
  MONTH TO DATE    0.86                      1.18  -0.32     1.39
  SINCE MAR 1      4.34                      2.50   1.84     3.70
  SINCE JAN 1      4.74                      2.92   1.82     3.73

DEGREE DAYS
 HEATING
  YESTERDAY       15                         7      8       11
  MONTH TO DATE  267                       276     -9      284
  SINCE MAR 1   1506                      1742   -236     1577
  SINCE JUL 1   7381                      7743   -362     6962

 COOLING
  YESTERDAY        0                         0      0        0
  MONTH TO DATE    0                         0      0        2
  SINCE MAR 1      0                         1     -1        2
  SINCE JAN 1      0                         1     -1        2
..................................................................


WIND (MPH)
  HIGHEST WIND SPEED    15   HIGHEST WIND DIRECTION     S (180)
  HIGHEST GUST SPEED    18   HIGHEST GUST DIRECTION     S (190)
  AVERAGE WIND SPEED     5.2


SKY COVER
  POSSIBLE SUNSHINE  MM
  AVERAGE SKY COVER 0.9


WEATHER CONDITIONS
 THE FOLLOWING WEATHER WAS RECORDED YESTERDAY.
  LIGHT RAIN


RELATIVE HUMIDITY (PERCENT)
 HIGHEST   100          1100 PM
 LOWEST     40           900 AM
 AVERAGE    70

..........................................................


THE WORLAND WY CLIMATE NORMALS FOR TODAY
                         NORMAL    RECORD    YEAR
 MAXIMUM TEMPERATURE (F)   73        98      1969
 MINIMUM TEMPERATURE (F)   44        34      1965


SUNRISE AND SUNSET
MAY 27 2017...........SUNRISE   535 AM MDT   SUNSET   844 PM MDT
MAY 28 2017...........SUNRISE   534 AM MDT   SUNSET   845 PM MDT


-  INDICATES NEGATIVE NUMBERS.
R  INDICATES RECORD WAS SET OR TIED.
MM INDICATES DATA IS MISSING.
T  INDICATES TRACE AMOUNT.




$$
