000
CDUS45 KRIW 170746
CLIWRL


CLIMATE REPORT
NATIONAL WEATHER SERVICE RIVERTON WY
1238 AM MST WED JAN 17 2018


...................................

...THE WORLAND WY CLIMATE SUMMARY FOR JANUARY 16 2018...

CLIMATE NORMAL PERIOD 1981 TO 2010
CLIMATE RECORD PERIOD 1947 TO 2018


WEATHER ITEM   OBSERVED TIME   RECORD YEAR NORMAL DEPARTURE LAST
                VALUE   (LST)  VALUE       VALUE  FROM      YEAR
                                                  NORMAL
..................................................................
TEMPERATURE (F)
 YESTERDAY
  MAXIMUM         20    348 PM  61    1974  31    -11       14
  MINIMUM        -10    815 AM -23    1962   3    -13      -16
  AVERAGE          5                        17    -12       -1

PRECIPITATION (IN)
  YESTERDAY        0.00          0.14 1975   0.01  -0.01     0.00
  MONTH TO DATE    0.05                      0.12  -0.07     0.04
  SINCE DEC 1      0.49                      0.35   0.14     0.23
  SINCE JAN 1      0.05                      0.12  -0.07     0.04

DEGREE DAYS
 HEATING
  YESTERDAY       60                        48     12       66
  MONTH TO DATE  822                       778     44      816
  SINCE DEC 1   2274                      2249     25     2473
  SINCE JUL 1   4193                      4141     52     4012

 COOLING
  YESTERDAY        0                         0      0        0
  MONTH TO DATE    0                         0      0        0
  SINCE DEC 1      0                         0      0        0
  SINCE JAN 1      0                         0      0        0
..................................................................


WIND (MPH)
  HIGHEST WIND SPEED     9   HIGHEST WIND DIRECTION     S (180)
  HIGHEST GUST SPEED    10   HIGHEST GUST DIRECTION     S (190)
  AVERAGE WIND SPEED     1.8


SKY COVER
  POSSIBLE SUNSHINE  MM
  AVERAGE SKY COVER 0.0


WEATHER CONDITIONS
 THE FOLLOWING WEATHER WAS RECORDED YESTERDAY.
  NO SIGNIFICANT WEATHER WAS OBSERVED.


RELATIVE HUMIDITY (PERCENT)
 HIGHEST   100          1100 AM
 LOWEST     62           400 PM
 AVERAGE    81

..........................................................


THE WORLAND WY CLIMATE NORMALS FOR TODAY
                         NORMAL    RECORD    YEAR
 MAXIMUM TEMPERATURE (F)   31        53      1965
 MINIMUM TEMPERATURE (F)    4       -25      1984


SUNRISE AND SUNSET
JANUARY 17 2018.......SUNRISE   742 AM MST   SUNSET   502 PM MST
JANUARY 18 2018.......SUNRISE   741 AM MST   SUNSET   504 PM MST


-  INDICATES NEGATIVE NUMBERS.
R  INDICATES RECORD WAS SET OR TIED.
MM INDICATES DATA IS MISSING.
T  INDICATES TRACE AMOUNT.




$$
