000
CDUS45 KRIW 230737
CLIWRL


CLIMATE REPORT
NATIONAL WEATHER SERVICE RIVERTON WY
129 AM MDT TUE SEP 23 2014


...................................

...THE WORLAND WY CLIMATE SUMMARY FOR SEPTEMBER 22 2014...

CLIMATE NORMAL PERIOD 1981 TO 2010
CLIMATE RECORD PERIOD 1947 TO 2014


WEATHER ITEM   OBSERVED TIME   RECORD YEAR NORMAL DEPARTURE LAST
                VALUE   (LST)  VALUE       VALUE  FROM      YEAR
                                                  NORMAL
..................................................................
TEMPERATURE (F)
 YESTERDAY
  MAXIMUM         78    428 PM  88    1966  71      7       81
  MINIMUM         53    604 AM  28    2000  40     13       50
                                      1995
  AVERAGE         66                        55     11       66

PRECIPITATION (IN)
  YESTERDAY        0.00          0.74 1997   0.04  -0.04     0.00
  MONTH TO DATE    0.68                      0.59   0.09     0.91
  SINCE SEP 1      0.68                      0.59   0.09     0.91
  SINCE JAN 1      6.27                      6.04   0.23     4.12

DEGREE DAYS
 HEATING
  YESTERDAY        0                        10    -10        0
  MONTH TO DATE  139                       127     12       44
  SINCE SEP 1    139                       127     12       44
  SINCE JUL 1    173                       163     10       44

 COOLING
  YESTERDAY        1                         0      1        1
  MONTH TO DATE   17                        28    -11       91
  SINCE SEP 1     17                        28    -11       91
  SINCE JAN 1    526                       534     -8      852
..................................................................


WIND (MPH)
  HIGHEST WIND SPEED    10   HIGHEST WIND DIRECTION     S (180)
  HIGHEST GUST SPEED    14   HIGHEST GUST DIRECTION    SW (210)
  AVERAGE WIND SPEED     2.9


SKY COVER
  POSSIBLE SUNSHINE  MM
  AVERAGE SKY COVER 0.3


WEATHER CONDITIONS
 THE FOLLOWING WEATHER WAS RECORDED YESTERDAY.
  HAZE


RELATIVE HUMIDITY (PERCENT)
 HIGHEST    77           600 AM
 LOWEST     31           500 PM
 AVERAGE    54

..........................................................


THE WORLAND WY CLIMATE NORMALS FOR TODAY
                         NORMAL    RECORD    YEAR
 MAXIMUM TEMPERATURE (F)   70        94      1992
 MINIMUM TEMPERATURE (F)   40        27      2000
                                             1984


SUNRISE AND SUNSET
SEPTEMBER 23 2014.....SUNRISE   700 AM MDT   SUNSET   707 PM MDT
SEPTEMBER 24 2014.....SUNRISE   701 AM MDT   SUNSET   705 PM MDT


-  INDICATES NEGATIVE NUMBERS.
R  INDICATES RECORD WAS SET OR TIED.
MM INDICATES DATA IS MISSING.
T  INDICATES TRACE AMOUNT.




$$
