000
CDAK47 PAYA 230903
CLIYAK

CLIMATE REPORT
NATIONAL WEATHER SERVICE YAKUTAT, AK
103 AM AKDT WED JUL 23 2014

...................................
...THE YAKUTAT AP CLIMATE SUMMARY FOR JULY 22 2014...

CLIMATE NORMAL PERIOD  1981 TO  2010
CLIMATE RECORD PERIOD  1948 TO  2014

WEATHER ITEM   OBSERVED TIME    RECORD YEAR NORMAL DEPARTURE LAST
               VALUE    (LST)   VALUE       VALUE  FROM      YEAR
                                                   NORMAL
...................................................................
TEMPERATURE
YESTERDAY
 MAXIMUM            66  1059 AM    81  1955     61       5     64
 MINIMUM            42  0406 AM    38  1971     49      -7     52
 AVERAGE            54                          55      -1     58

PRECIPITATION
(INCHES)
 YESTERDAY        0.00           2.55  1983   0.28   -0.28   0.02
 MONTH TO DATE    4.25                        5.04   -0.79   6.02
 SINCE JUN 1     14.35                       11.43    2.92   9.40
 SINCE JAN 1     53.46                       64.39  -10.93  67.59

SNOWFALL
(INCHES)
 YESTERDAY         0.0            0.0  2014    0.0     0.0    0.0
 MONTH TO DATE     0.0                         0.0     0.0    0.0
 SINCE JUN 1       0.0                         0.0     0.0    0.0
 SINCE JUL 1       0.0                         0.0     0.0    0.0
 SNOW DEPTH (IN)     0                                          0

DEGREE DAYS
 HEATING
  YESTERDAY         11                          10       1      7
  MONTH TO DATE    223                         242     -19    235
  SINCE JUN 1      669                         668       1    577
  SINCE JUL 1      223                         242     -19    235

 COOLING
  YESTERDAY          0                           0       0      0
  MONTH TO DATE      0                           0       0      0
  SINCE JUN 1        0                           0       0      0
  SINCE JAN 1        0                           0       0      0
...................................................................

WIND (MPH)
 HIGHEST WIND SPEED    14     HIGHEST WIND DIRECTION    260
 HIGHEST GUST SPEED    17     HIGHEST GUST DIRECTION    240
 AVERAGE WIND SPEED   4.9

SKY COVER
  POSSIBLE SUNSHINE    MM          AVERAGE SKY COVER     MM

WEATHER CONDITIONS
 THE FOLLOWING WEATHER WAS RECORDED YESTERDAY.
  FOG


RELATIVE HUMIDITY
 HIGHEST RH     MM PERCENT       MM
 LOWEST  RH     MM PERCENT       MM
 AVERAGE RH     MM PERCENT       MM
...................................................................

THE YAKUTAT CLIMATE NORMALS FOR TODAY
                           NORMAL    RECORD   YEAR
 MAXIMUM TEMPERATURE (F)     61        75     1972
 MINIMUM TEMPERATURE (F)     50        37     1994

SUNRISE AND SUNSET
 JUL 23 2014..........SUNRISE  4:44 AM      SUNSET 10:06 PM
 JUL 24 2014..........SUNRISE  4:46 AM      SUNSET 10:04 PM

-  INDICATES NEGATIVE NUMBERS.
R  INDICATES RECORD HAS BEEN SET OR TIED.
MM INDICATES DATA IS MISSING.
T  INDICATES TRACE OF PRECIPITATION.

&&
-------------------------------------------------------------------

AMOUNT OF DAYLIGHT TODAY  (HOUR:MIN)........17 HOURS 22 MINUTES
GAIN/LOSS SINCE YESTERDAY (HOUR:MIN:SEC)....-0:04:11

$$
DC JUL 14
