000
CDAK47 PAYA 070914
CLIYAK

CLIMATE REPORT
NATIONAL WEATHER SERVICE YAKUTAT, AK
115 AM AKDT TUE JUL 7 2015

...................................
...THE YAKUTAT AP CLIMATE SUMMARY FOR JULY 6 2015...

CLIMATE NORMAL PERIOD  1981 TO  2010
CLIMATE RECORD PERIOD  1948 TO  2015

WEATHER ITEM   OBSERVED TIME    RECORD YEAR NORMAL DEPARTURE LAST
               VALUE    (LST)   VALUE       VALUE  FROM      YEAR
                                                   NORMAL
...................................................................
TEMPERATURE
YESTERDAY
 MAXIMUM            66  1145 AM    84  2009     60       6     61
 MINIMUM            49  0430 AM    38  1967     48       1     47
 AVERAGE            58                          54       4     54

PRECIPITATION
(INCHES)
 YESTERDAY        0.00           2.38  2010   0.20   -0.20      T
 MONTH TO DATE    0.69                        1.19   -0.50   0.21
 SINCE JUN 1      9.34                        7.58    1.76  10.31
 SINCE JAN 1     59.92                       60.54   -0.62  49.42

SNOWFALL
(INCHES)
 YESTERDAY         0.0            0.0  2015    0.0     0.0    0.0
 MONTH TO DATE     0.0                         0.0     0.0    0.0
 SINCE JUN 1       0.0                         0.0     0.0    0.0
 SINCE JUL 1       0.0                         0.0     0.0    0.0
 SNOW DEPTH (IN)     0                                          0

DEGREE DAYS
 HEATING
  YESTERDAY          7                          12      -5     11
  MONTH TO DATE     49                          72     -23     47
  SINCE JUN 1      383                         498    -115    493
  SINCE JUL 1       49                          72     -23     47

 COOLING
  YESTERDAY          0                           0       0      0
  MONTH TO DATE      0                           0       0      0
  SINCE JUN 1        0                           0       0      0
  SINCE JAN 1        0                           0       0      0
...................................................................

WIND (MPH)
 HIGHEST WIND SPEED    14     HIGHEST WIND DIRECTION    250
 HIGHEST GUST SPEED    19     HIGHEST GUST DIRECTION    240
 AVERAGE WIND SPEED   5.6

SKY COVER
  POSSIBLE SUNSHINE    MM          AVERAGE SKY COVER     MM

WEATHER CONDITIONS
 THE FOLLOWING WEATHER WAS RECORDED YESTERDAY.


RELATIVE HUMIDITY
 HIGHEST RH     MM PERCENT       MM
 LOWEST  RH     MM PERCENT       MM
 AVERAGE RH     MM PERCENT       MM
...................................................................

THE YAKUTAT CLIMATE NORMALS FOR TODAY
                           NORMAL    RECORD   YEAR
 MAXIMUM TEMPERATURE (F)     60        85     2009
 MINIMUM TEMPERATURE (F)     48        39     1994

SUNRISE AND SUNSET
 JUL 7 2015..........SUNRISE  4:14 AM      SUNSET 10:33 PM
 JUL 8 2015..........SUNRISE  4:15 AM      SUNSET 10:32 PM

-  INDICATES NEGATIVE NUMBERS.
R  INDICATES RECORD HAS BEEN SET OR TIED.
MM INDICATES DATA IS MISSING.
T  INDICATES TRACE OF PRECIPITATION.

&&
-------------------------------------------------------------------

AMOUNT OF DAYLIGHT TODAY  (HOUR:MIN)........18 HOURS 19 MINUTES
GAIN/LOSS SINCE YESTERDAY (HOUR:MIN:SEC)....-0:02:31

$$
*** JUL 15
