000
CDAK47 PAYA 240008
CLIYAK

CLIMATE REPORT
NATIONAL WEATHER SERVICE YAKUTAT, AK
408 PM AKDT TUE SEP 23 2014

...................................
...THE YAKUTAT AP CLIMATE SUMMARY FOR SEPTEMBER 23 2014...
VALID TODAY AS OF 2:00 PM LOCAL TIME

CLIMATE NORMAL PERIOD  1981 TO  2010
CLIMATE RECORD PERIOD  1948 TO  2014

WEATHER ITEM   OBSERVED TIME    RECORD YEAR NORMAL DEPARTURE LAST
               VALUE    (LST)   VALUE       VALUE  FROM      YEAR
                                                   NORMAL
...................................................................
TEMPERATURE
TODAY
 MAXIMUM            56  0117 PM    67  1995     54       2     59
 MINIMUM            37  0651 AM    22  1972     40      -3     47
 AVERAGE            47                          47       0     53

PRECIPITATION
(INCHES)
 TODAY            0.00           3.10  2004   0.79   -0.79   0.09
 MONTH TO DATE   16.69                       15.57    1.12  15.57
 SINCE SEP 1     16.69                       15.57    1.12  15.57
 SINCE JAN 1     95.49                       96.87   -1.38  93.20

SNOWFALL
(INCHES)
 TODAY             0.0              T  1983    0.0     0.0    0.0
 MONTH TO DATE     0.0                         0.0     0.0    0.0
 SINCE SEP 1       0.0                         0.0     0.0    0.0
 SINCE JUL 1       0.0                         0.0     0.0    0.0
 SNOW DEPTH (IN)     0                                          0

DEGREE DAYS
 HEATING
  TODAY             18                          18       0     12
  MONTH TO DATE    282                         367     -85    284
  SINCE SEP 1      282                         367     -85    284
  SINCE JUL 1      909                        1045    -136    848

 COOLING
  TODAY              0                           0       0      0
  MONTH TO DATE      0                           0       0      0
  SINCE SEP 1        0                           0       0      0
  SINCE JAN 1        0                           0       0      0
...................................................................

WIND (MPH)
 HIGHEST WIND SPEED     9     HIGHEST WIND DIRECTION    310
 HIGHEST GUST SPEED    12     HIGHEST GUST DIRECTION    310
 AVERAGE WIND SPEED    MM

SKY COVER
  POSSIBLE SUNSHINE  MM            AVERAGE SKY COVER MM

WEATHER CONDITIONS
 THE FOLLOWING WEATHER WAS RECORDED TODAY.
FOG


RELATIVE HUMIDITY
 HIGHEST RH     MM PERCENT       MM
 LOWEST  RH     MM PERCENT       MM
 AVERAGE RH     MM PERCENT       MM
...................................................................

THE YAKUTAT CLIMATE NORMALS FOR TOMORROW
                        NORMAL    RECORD   YEAR
 MAXIMUM TEMPERATURE      54        69     1995
 MINIMUM TEMPERATURE      40        26     1956

SUNRISE AND SUNSET
 SEP 23 2014..........SUNRISE  7:06 AM      SUNSET  7:15 PM
 SEP 24 2014..........SUNRISE  7:09 AM      SUNSET  7:12 PM

-  INDICATES NEGATIVE NUMBERS.
R  INDICATES RECORD HAS BEEN SET OR TIED.
MM INDICATES DATA IS MISSING.
T  INDICATES TRACE OF PRECIPITATION.

&&
-------------------------------------------------------------------

AMOUNT OF DAYLIGHT TODAY  (HOUR:MIN)........12 HOURS 9 MINUTES
GAIN/LOSS SINCE YESTERDAY (HOUR:MIN:SEC)....-0:05:17

$$
*** SEP 14
