000
CDAK47 PAJK 191133
CLIYAK
CLIMATE REPORT
NATIONAL WEATHER SERVICE JUNEAU, AK
330 AM AKDT THU OCT 19 2017


...................................

...THE YAKUTAT CLIMATE SUMMARY FOR OCTOBER 18 2017...

CLIMATE NORMAL PERIOD 1981 TO 2010
CLIMATE RECORD PERIOD 1917 TO 2017


WEATHER ITEM   OBSERVED RECORD YEAR NORMAL DEPARTURE LAST
                VALUE   VALUE       VALUE  FROM      YEAR
                                           NORMAL
...........................................................
TEMPERATURE (F)
 YESTERDAY
  MAXIMUM         51     56    1979  47      4       49
                               1953
  MINIMUM         38     15    1992  34      4       35
  AVERAGE         45                 41      4       42

PRECIPITATION (IN)
  YESTERDAY        0.00   7.43 1999   0.69  -0.69     0.26
  MONTH TO DATE    9.24              13.97  -4.73     2.14
  SINCE JAN 1     97.42             116.38 -18.96    97.39

SNOWFALL (IN)
  YESTERDAY        0.0    2.7  2012   0.1   -0.1      0.0
  MONTH TO DATE    0.0                0.5   -0.5       T
  SINCE JUL 1      0.0                0.5   -0.5       T
  SNOW DEPTH       0

DEGREE DAYS
 HEATING
  YESTERDAY       20                 24     -4       23
  MONTH TO DATE  203                393   -190      426
...........................................................


WIND (MPH)
  HIGHEST WIND SPEED     7   HIGHEST WIND DIRECTION    NE (40)
  HIGHEST GUST SPEED    13   HIGHEST GUST DIRECTION    NE (60)
  AVERAGE WIND SPEED     3.3


SKY COVER
  AVERAGE SKY COVER 0.9


WEATHER CONDITIONS
 THE FOLLOWING WEATHER WAS RECORDED YESTERDAY.
  NO SIGNIFICANT WEATHER WAS OBSERVED.


..........................................................


THE YAKUTAT CLIMATE NORMALS FOR TODAY
                         NORMAL    RECORD    YEAR
 MAXIMUM TEMPERATURE (F)   47        58      1925
 MINIMUM TEMPERATURE (F)   34        13      1996


SUNRISE AND SUNSET
OCTOBER 19 2017.......SUNRISE   808 AM AKDT  SUNSET   558 PM AKDT
OCTOBER 20 2017.......SUNRISE   810 AM AKDT  SUNSET   555 PM AKDT


-  INDICATES NEGATIVE NUMBERS.
R  INDICATES RECORD WAS SET OR TIED.
MM INDICATES DATA IS MISSING.
T  INDICATES TRACE AMOUNT.




$$
--------------------------------------------------------------

AMOUNT OF DAYLIGHT TODAY (HOUR:MIN)......... 9 HOURS 50 MINUTES
GAIN/LOSS SINCE YESTERDAY (HOUR:MIN:SEC).... -0:05:13

$$
