000
CDAK47 PAYA 230909
CLIYAK

CLIMATE REPORT
NATIONAL WEATHER SERVICE YAKUTAT, AK
109 AM AKDT SAT AUG 23 2014

...................................
...THE YAKUTAT AP CLIMATE SUMMARY FOR AUGUST 22 2014...

CLIMATE NORMAL PERIOD  1981 TO  2010
CLIMATE RECORD PERIOD  1948 TO  2014

WEATHER ITEM   OBSERVED TIME    RECORD YEAR NORMAL DEPARTURE LAST
               VALUE    (LST)   VALUE       VALUE  FROM      YEAR
                                                   NORMAL
...................................................................
TEMPERATURE
YESTERDAY
 MAXIMUM            60  0353 PM    78  1979     60       0     59
 MINIMUM            43  0456 AM    33  2003     46      -3     50
 AVERAGE            52                          53      -1     55

PRECIPITATION
(INCHES)
 YESTERDAY        0.00           4.62  1966   0.49   -0.49   0.01
 MONTH TO DATE   18.33                        9.38    8.95   5.07
 SINCE JUN 1     34.85                       23.65   11.20  14.96
 SINCE JAN 1     73.96                       76.61   -2.65  73.15

SNOWFALL
(INCHES)
 YESTERDAY         0.0              T  2000    0.0     0.0    0.0
 MONTH TO DATE     0.0                         0.0     0.0    0.0
 SINCE JUN 1       0.0                         0.0     0.0    0.0
 SINCE JUL 1       0.0                         0.0     0.0    0.0
 SNOW DEPTH (IN)     0                                          0

DEGREE DAYS
 HEATING
  YESTERDAY         13                          12       1     10
  MONTH TO DATE    204                         231     -27    199
  SINCE JUN 1      963                         989     -26    838
  SINCE JUL 1      517                         563     -46    496

 COOLING
  YESTERDAY          0                           0       0      0
  MONTH TO DATE      0                           0       0      0
  SINCE JUN 1        0                           0       0      0
  SINCE JAN 1        0                           0       0      0
...................................................................

WIND (MPH)
 HIGHEST WIND SPEED     8     HIGHEST WIND DIRECTION    200
 HIGHEST GUST SPEED    12     HIGHEST GUST DIRECTION    220
 AVERAGE WIND SPEED   1.1

SKY COVER
  POSSIBLE SUNSHINE    MM          AVERAGE SKY COVER     MM

WEATHER CONDITIONS
 THE FOLLOWING WEATHER WAS RECORDED YESTERDAY.
  FOG


RELATIVE HUMIDITY
 HIGHEST RH     MM PERCENT       MM
 LOWEST  RH     MM PERCENT       MM
 AVERAGE RH     MM PERCENT       MM
...................................................................

THE YAKUTAT CLIMATE NORMALS FOR TODAY
                           NORMAL    RECORD   YEAR
 MAXIMUM TEMPERATURE (F)     60        77     1979
 MINIMUM TEMPERATURE (F)     46        36     2003

SUNRISE AND SUNSET
 AUG 23 2014..........SUNRISE  5:55 AM      SUNSET  8:47 PM
 AUG 24 2014..........SUNRISE  5:57 AM      SUNSET  8:44 PM

-  INDICATES NEGATIVE NUMBERS.
R  INDICATES RECORD HAS BEEN SET OR TIED.
MM INDICATES DATA IS MISSING.
T  INDICATES TRACE OF PRECIPITATION.

&&
-------------------------------------------------------------------

AMOUNT OF DAYLIGHT TODAY  (HOUR:MIN)........14 HOURS 52 MINUTES
GAIN/LOSS SINCE YESTERDAY (HOUR:MIN:SEC)....-0:05:11

$$
*** AUG 14
