000
CDAK47 PAYA 020906
CLIYAK

CLIMATE REPORT
NATIONAL WEATHER SERVICE YAKUTAT, AK
107 AM AKDT MON MAY 2 2016

...................................
...THE YAKUTAT AP CLIMATE SUMMARY FOR MAY 1 2016...

CLIMATE NORMAL PERIOD  1981 TO  2010
CLIMATE RECORD PERIOD  1948 TO  2016

WEATHER ITEM   OBSERVED TIME    RECORD YEAR NORMAL DEPARTURE LAST
               VALUE    (LST)   VALUE       VALUE  FROM      YEAR
                                                   NORMAL
...................................................................
TEMPERATURE
YESTERDAY
 MAXIMUM            47  1251 PM    66  2014     50      -3     51
 MINIMUM            42  1159 PM    21  1972     33       9     29
 AVERAGE            45                          41       4     40

PRECIPITATION
(INCHES)
 YESTERDAY        0.24           3.15  1965   0.29   -0.05   0.02
 MONTH TO DATE    0.24                        0.29   -0.05   0.02
 SINCE MAR 1     19.77                       20.52   -0.75  24.61
 SINCE JAN 1     45.06                       45.04    0.02  48.98

SNOWFALL
(INCHES)
 YESTERDAY         0.0            3.2  1999    0.1    -0.1    0.0
 MONTH TO DATE     0.0                         0.1    -0.1    0.0
 SINCE MAR 1       0.7                        37.5   -36.8   34.3
 SINCE JUL 1      49.9                       139.7   -89.8   47.1
 SNOW DEPTH (IN)     0                                          0

DEGREE DAYS
 HEATING
  YESTERDAY         20                          24      -4     25
  MONTH TO DATE     20                          24      -4     25
  SINCE MAR 1     1485                        1862    -377   1721
  SINCE JUL 1     6823                        7991   -1168   7153

 COOLING
  YESTERDAY          0                           0       0      0
  MONTH TO DATE      0                           0       0      0
  SINCE MAR 1        0                           0       0      0
  SINCE JAN 1        0                           0       0      0
...................................................................

WIND (MPH)
 HIGHEST WIND SPEED    15     HIGHEST WIND DIRECTION    130
 HIGHEST GUST SPEED    23     HIGHEST GUST DIRECTION    110
 AVERAGE WIND SPEED   7.0

SKY COVER
  POSSIBLE SUNSHINE    MM          AVERAGE SKY COVER     MM

WEATHER CONDITIONS
 THE FOLLOWING WEATHER WAS RECORDED YESTERDAY.
  FOG
RAIN


RELATIVE HUMIDITY
 HIGHEST RH     MM PERCENT       MM
 LOWEST  RH     MM PERCENT       MM
 AVERAGE RH     MM PERCENT       MM
...................................................................

THE YAKUTAT CLIMATE NORMALS FOR TODAY
                           NORMAL    RECORD   YEAR
 MAXIMUM TEMPERATURE (F)     50        73     2014
 MINIMUM TEMPERATURE (F)     34        22     1972

SUNRISE AND SUNSET
 MAY 2 2016..........SUNRISE  5:15 AM      SUNSET  9:19 PM
 MAY 3 2016..........SUNRISE  5:12 AM      SUNSET  9:21 PM

-  INDICATES NEGATIVE NUMBERS.
R  INDICATES RECORD HAS BEEN SET OR TIED.
MM INDICATES DATA IS MISSING.
T  INDICATES TRACE OF PRECIPITATION.

&&
-------------------------------------------------------------------

AMOUNT OF DAYLIGHT TODAY  (HOUR:MIN)........16 HOURS 4 MINUTES
GAIN/LOSS SINCE YESTERDAY (HOUR:MIN:SEC)....+0:05:02

$$
*** MAY 16
