000
CDUS46 KPDT 230103
CLIYKM

CLIMATE REPORT
NATIONAL WEATHER SERVICE PENDLETON OR
501 PM PST SUN JAN 22 2017


...................................

...THE YAKIMA WA CLIMATE SUMMARY FOR JANUARY 22 2017...
VALID TODAY AS OF 0500 PM LOCAL TIME.

CLIMATE NORMAL PERIOD 1981 TO 2010
CLIMATE RECORD PERIOD 1946 TO 2017


WEATHER ITEM   OBSERVED TIME   RECORD YEAR NORMAL DEPARTURE LAST
                VALUE   (LST)  VALUE       VALUE  FROM      YEAR
                                                  NORMAL
..................................................................
TEMPERATURE (F)
 TODAY
  MAXIMUM         38    359 PM  55    2011  40     -2       45
                                      1950
  MINIMUM         31    223 AM  -3    1969  24      7       34
  AVERAGE         35                        32      3       40

PRECIPITATION (IN)
  TODAY            0.38          1.24 1970   0.03   0.35     0.01
  MONTH TO DATE    2.03                      0.86   1.17     1.84
  SINCE OCT 1      5.95                      3.98   1.97     6.49
  SINCE JAN 1      2.03                      0.86   1.17     1.84

SNOWFALL (IN)
  TODAY           MM             4.2  2012   0.1   MM        0.0
  MONTH TO DATE   13.5                       4.2    9.3     11.7
  SINCE JAN 1     13.5                       4.2    9.3     11.7
  SINCE JUL 1     20.9                      17.2    3.7     30.6
  SNOW DEPTH      MM

DEGREE DAYS
 HEATING
  TODAY           30                        33     -3       25
  MONTH TO DATE  978                       768    210      723
  SINCE DEC 1   2179                      1898    281     1758
  SINCE JUL 1   3198                      3431   -233     2872

 COOLING
  TODAY            0                         0      0        0
  MONTH TO DATE    0                         0      0        0
  SINCE DEC 1      0                         0      0        0
  SINCE JAN 1      0                         0      0        0
..................................................................


WIND (MPH)
  HIGHEST WIND SPEED     8   HIGHEST WIND DIRECTION     W (270)
  HIGHEST GUST SPEED    10   HIGHEST GUST DIRECTION     W (280)
  AVERAGE WIND SPEED     3.8


SKY COVER
  POSSIBLE SUNSHINE  MM
  AVERAGE SKY COVER 0.9


WEATHER CONDITIONS
 THE FOLLOWING WEATHER WAS RECORDED TODAY.
  LT FREEZING RAIN
  SNOW
  LIGHT SNOW
  FOG
  FOG W/VISIBILITY <= 1/4 MILE


RELATIVE HUMIDITY (PERCENT)
 HIGHEST   100           700 AM
 LOWEST     92           100 AM
 AVERAGE    96

..........................................................


THE YAKIMA WA CLIMATE NORMALS FOR TOMORROW
                         NORMAL    RECORD    YEAR
 MAXIMUM TEMPERATURE (F)   40        61      1953
 MINIMUM TEMPERATURE (F)   24        -7      1969


SUNRISE AND SUNSET
JANUARY 22 2017.......SUNRISE   736 AM PST   SUNSET   452 PM PST
JANUARY 23 2017.......SUNRISE   735 AM PST   SUNSET   453 PM PST


-  INDICATES NEGATIVE NUMBERS.
R  INDICATES RECORD WAS SET OR TIED.
MM INDICATES DATA IS MISSING.
T  INDICATES TRACE AMOUNT.




$$
