000
CDUS46 KPDT 280827
CLIYKM

CLIMATE REPORT
NATIONAL WEATHER SERVICE PENDLETON OR
1227 AM PST FRI NOV 28 2014


...................................

...THE YAKIMA WA CLIMATE SUMMARY FOR NOVEMBER 27 2014...

CLIMATE NORMAL PERIOD 1981 TO 2010
CLIMATE RECORD PERIOD 1946 TO 2014


WEATHER ITEM   OBSERVED TIME   RECORD YEAR NORMAL DEPARTURE LAST
                VALUE   (LST)  VALUE       VALUE  FROM      YEAR
                                                  NORMAL
..................................................................
TEMPERATURE (F)
 YESTERDAY
  MAXIMUM         64R  1251 PM  60    1949  42     22       42
  MINIMUM         35    144 AM   3    1985  24     11       19
  AVERAGE         50                        33     17       31

PRECIPITATION (IN)
  YESTERDAY        0.00          0.83 1984   0.04  -0.04     0.00
  MONTH TO DATE    0.32                      0.92  -0.60     0.38
  SINCE OCT 1      1.18                      1.46  -0.28     0.51
  SINCE JAN 1      5.60                      6.59  -0.99     5.17

SNOWFALL (IN)
  YESTERDAY        0.0          11.1  1984   0.2   -0.2      0.0
  MONTH TO DATE    0.1                       2.8   -2.7      0.0
  SINCE JAN 1     20.0                      11.5    8.5      1.1
  SINCE JUL 1      0.1                       2.9   -2.8      0.0
  SNOW DEPTH       0

DEGREE DAYS
 HEATING
  YESTERDAY       15                        32    -17       34
  MONTH TO DATE  725                       732     -7      693
  SINCE SEP 1   1088                      1388   -300     1309
  SINCE JUL 1   1094                      1436   -342     1309

 COOLING
  YESTERDAY        0                         0      0        0
  MONTH TO DATE    0                         0      0        0
  SINCE SEP 1     44                        32     12      135
  SINCE JAN 1    871                       472    399      970
..................................................................


WIND (MPH)
  HIGHEST WIND SPEED    28   HIGHEST WIND DIRECTION     S (190)
  HIGHEST GUST SPEED    36   HIGHEST GUST DIRECTION     S (170)
  AVERAGE WIND SPEED    15.7


SKY COVER
  POSSIBLE SUNSHINE  MM
  AVERAGE SKY COVER 0.3


WEATHER CONDITIONS
 THE FOLLOWING WEATHER WAS RECORDED YESTERDAY.
  FOG


RELATIVE HUMIDITY (PERCENT)
 HIGHEST    92           100 AM
 LOWEST     48          1000 AM
 AVERAGE    70

..........................................................


THE YAKIMA WA CLIMATE NORMALS FOR TODAY
                         NORMAL    RECORD    YEAR
 MAXIMUM TEMPERATURE (F)   41        66      1995
 MINIMUM TEMPERATURE (F)   24         8      1976


SUNRISE AND SUNSET
NOVEMBER 28 2014......SUNRISE   722 AM PST   SUNSET   418 PM PST
NOVEMBER 29 2014......SUNRISE   723 AM PST   SUNSET   417 PM PST


-  INDICATES NEGATIVE NUMBERS.
R  INDICATES RECORD WAS SET OR TIED.
MM INDICATES DATA IS MISSING.
T  INDICATES TRACE AMOUNT.




$$
