000
CDUS46 KPDT 270033
CLIYKM

CLIMATE REPORT
NATIONAL WEATHER SERVICE PENDLETON OR
430 PM PST SUN FEB 26 2017


...................................

...THE YAKIMA WA CLIMATE SUMMARY FOR FEBRUARY 26 2017...
VALID TODAY AS OF 0400 PM LOCAL TIME.

CLIMATE NORMAL PERIOD 1981 TO 2010
CLIMATE RECORD PERIOD 1946 TO 2017


WEATHER ITEM   OBSERVED TIME   RECORD YEAR NORMAL DEPARTURE LAST
                VALUE   (LST)  VALUE       VALUE  FROM      YEAR
                                                  NORMAL
..................................................................
TEMPERATURE (F)
 TODAY
  MAXIMUM         39    343 AM  65    1953  50    -11       59
  MINIMUM         33    745 AM   4    2011  27      6       30
  AVERAGE         36                        38     -2       45

PRECIPITATION (IN)
  TODAY            0.06          0.46 2010   0.03   0.03     0.01
  MONTH TO DATE    2.31                      0.73   1.58     0.40
  SINCE OCT 1      8.39                      4.99   3.40     7.36
  SINCE JAN 1      4.47                      1.87   2.60     2.71

SNOWFALL (IN)
  TODAY           MM             1.2  1976   0.1   MM        0.0
  MONTH TO DATE    9.9                       2.5    7.4      0.8
  SINCE JAN 1     29.0                       7.8   21.2     12.5
  SINCE JUL 1     36.4                      20.8   15.6     31.4
  SNOW DEPTH       0

DEGREE DAYS
 HEATING
  TODAY           29                        27      2       20
  MONTH TO DATE  856                       757     99      587
  SINCE DEC 1   3346                      2942    404     2585
  SINCE JUL 1   4365                      4475   -110     3699

 COOLING
  TODAY            0                         0      0        0
  MONTH TO DATE    0                         0      0        0
  SINCE DEC 1      0                         0      0        0
  SINCE JAN 1      0                         0      0        0
..................................................................


WIND (MPH)
  HIGHEST WIND SPEED     9   HIGHEST WIND DIRECTION     E (110)
  HIGHEST GUST SPEED    13   HIGHEST GUST DIRECTION    SE (120)
  AVERAGE WIND SPEED     4.3


SKY COVER
  POSSIBLE SUNSHINE  MM
  AVERAGE SKY COVER 0.8


WEATHER CONDITIONS
 THE FOLLOWING WEATHER WAS RECORDED TODAY.
  LIGHT RAIN
  LIGHT SNOW
  FOG


RELATIVE HUMIDITY (PERCENT)
 HIGHEST    92          1100 AM
 LOWEST     59          1200 AM
 AVERAGE    76

..........................................................


THE YAKIMA WA CLIMATE NORMALS FOR TOMORROW
                         NORMAL    RECORD    YEAR
 MAXIMUM TEMPERATURE (F)   50        65      2016
                                             1972
 MINIMUM TEMPERATURE (F)   27         7      1960


SUNRISE AND SUNSET
FEBRUARY 26 2017......SUNRISE   646 AM PST   SUNSET   544 PM PST
FEBRUARY 27 2017......SUNRISE   644 AM PST   SUNSET   546 PM PST


-  INDICATES NEGATIVE NUMBERS.
R  INDICATES RECORD WAS SET OR TIED.
MM INDICATES DATA IS MISSING.
T  INDICATES TRACE AMOUNT.




$$
