000
CDUS46 KPDT 250027 RRC
CLIYKM

CLIMATE REPORT
NATIONAL WEATHER SERVICE PENDLETON OR
526 PM PDT MON JUL 24 2017


...................................

...THE YAKIMA WA CLIMATE SUMMARY FOR JULY 24 2017...
VALID TODAY AS OF 0500 PM LOCAL TIME.

CLIMATE NORMAL PERIOD 1981 TO 2010
CLIMATE RECORD PERIOD 1946 TO 2017


WEATHER ITEM   OBSERVED TIME   RECORD YEAR NORMAL DEPARTURE LAST
                VALUE   (LST)  VALUE       VALUE  FROM      YEAR
                                                  NORMAL
..................................................................
TEMPERATURE (F)
 TODAY
  MAXIMUM         93    315 PM 102    2006  90      3       94
                                      1994
  MINIMUM         59    518 AM  40    1948  54      5       56
  AVERAGE         76                        72      4       75

PRECIPITATION (IN)
  TODAY            0.00          0.03 1970   0.00   0.00     0.00
  MONTH TO DATE    0.00                      0.18  -0.18     0.22
  SINCE OCT 1     11.49                      7.59   3.90    10.54
  SINCE JAN 1      7.57                      4.47   3.10     5.89

SNOWFALL (IN)
  TODAY            0.0           0.0  2002   0.0    0.0      0.0
                                      2001
                                      2000
  MONTH TO DATE    0.0                       0.0    0.0      0.0
  SINCE JAN 1     29.1                       8.6   20.5     12.5
  SINCE JUL 1      0.0                       0.0    0.0      0.0
  SNOW DEPTH       0

DEGREE DAYS
 HEATING
  TODAY            0                         0      0        0
  MONTH TO DATE    0                        19    -19        0
  SINCE JUN 1     51                       117    -66       68
  SINCE JUL 1      0                        19    -19        0

 COOLING
  TODAY           11                         7      4       10
  MONTH TO DATE  280                       141    139      146
  SINCE JUN 1    426                       206    220      331
  SINCE JAN 1    483                       226    257      370
..................................................................


WIND (MPH)
  HIGHEST WIND SPEED    14   HIGHEST WIND DIRECTION     W (260)
  HIGHEST GUST SPEED    19   HIGHEST GUST DIRECTION     N (20)
  AVERAGE WIND SPEED     6.6


SKY COVER
  POSSIBLE SUNSHINE  MM
  AVERAGE SKY COVER 0.0


WEATHER CONDITIONS
 THE FOLLOWING WEATHER WAS RECORDED TODAY.
  NO SIGNIFICANT WEATHER WAS OBSERVED.


RELATIVE HUMIDITY (PERCENT)
 HIGHEST    60           600 AM
 LOWEST     16           400 PM
 AVERAGE    38

..........................................................


THE YAKIMA WA CLIMATE NORMALS FOR TOMORROW
                         NORMAL    RECORD    YEAR
 MAXIMUM TEMPERATURE (F)   90       102      2016
                                             2013
 MINIMUM TEMPERATURE (F)   55        42      1949


SUNRISE AND SUNSET
JULY 24 2017..........SUNRISE   534 AM PDT   SUNSET   843 PM PDT
JULY 25 2017..........SUNRISE   535 AM PDT   SUNSET   842 PM PDT


-  INDICATES NEGATIVE NUMBERS.
R  INDICATES RECORD WAS SET OR TIED.
MM INDICATES DATA IS MISSING.
T  INDICATES TRACE AMOUNT.




$$
