000
CDUS46 KPDT 210035
CLIYKM

CLIMATE REPORT
NATIONAL WEATHER SERVICE PENDLETON OR
536 PM PDT MON OCT 20 2014


...................................

...THE YAKIMA WA CLIMATE SUMMARY FOR OCTOBER 20 2014...
VALID TODAY AS OF 0500 PM LOCAL TIME.

CLIMATE NORMAL PERIOD 1981 TO 2010
CLIMATE RECORD PERIOD 1946 TO 2014


WEATHER ITEM   OBSERVED TIME   RECORD YEAR NORMAL DEPARTURE LAST
                VALUE   (LST)  VALUE       VALUE  FROM      YEAR
                                                  NORMAL
..................................................................
TEMPERATURE (F)
 TODAY
  MAXIMUM         59    313 PM  77    2003  62     -3       73
  MINIMUM         43    432 AM  18    1996  33     10       31
  AVERAGE         51                        47      4       52

PRECIPITATION (IN)
  TODAY            0.02          0.16 1992   0.02   0.00     0.00
  MONTH TO DATE    0.10                      0.29  -0.19     0.01
  SINCE OCT 1      0.10                      0.29  -0.19     0.01
  SINCE JAN 1      4.52                      5.42  -0.90     4.67

SNOWFALL (IN)
  TODAY            0.0           0.0  2002   0.0    0.0      0.0
                                      2001
                                      1999
  MONTH TO DATE    0.0                       0.0    0.0      0.0
  SINCE JAN 1     19.9                       8.6   11.3      1.1
  SINCE JUL 1      0.0                       0.0    0.0      0.0
  SNOW DEPTH       0

DEGREE DAYS
 HEATING
  TODAY           14                        18     -4       13
  MONTH TO DATE  134                       277   -143      305
  SINCE SEP 1    204                       437   -233      430
  SINCE JUL 1    210                       485   -275      430

 COOLING
  TODAY            0                         0      0        0
  MONTH TO DATE    8                         0      8        0
  SINCE SEP 1     44                        32     12      135
  SINCE JAN 1    871                       472    399      970
..................................................................


WIND (MPH)
  HIGHEST WIND SPEED     9   HIGHEST WIND DIRECTION    SE (150)
  HIGHEST GUST SPEED    13   HIGHEST GUST DIRECTION     S (170)
  AVERAGE WIND SPEED     2.3


SKY COVER
  POSSIBLE SUNSHINE  MM
  AVERAGE SKY COVER 0.6


WEATHER CONDITIONS
 THE FOLLOWING WEATHER WAS RECORDED TODAY.
  LIGHT RAIN
  FOG


RELATIVE HUMIDITY (PERCENT)
 HIGHEST    93           300 AM
 LOWEST     77          1100 AM
 AVERAGE    85

..........................................................


THE YAKIMA WA CLIMATE NORMALS FOR TOMORROW
                         NORMAL    RECORD    YEAR
 MAXIMUM TEMPERATURE (F)   61        83      2003
 MINIMUM TEMPERATURE (F)   33        21      1987
                                             1984


SUNRISE AND SUNSET
OCTOBER 20 2014.......SUNRISE   727 AM PDT   SUNSET   606 PM PDT
OCTOBER 21 2014.......SUNRISE   728 AM PDT   SUNSET   605 PM PDT


-  INDICATES NEGATIVE NUMBERS.
R  INDICATES RECORD WAS SET OR TIED.
MM INDICATES DATA IS MISSING.
T  INDICATES TRACE AMOUNT.


$$
