000
CDUS46 KPDT 260900 RRA
CLIYKM

CLIMATE REPORT
NATIONAL WEATHER SERVICE PENDLETON OR
158 AM PDT TUE SEP 26 2017


...................................

...THE YAKIMA WA CLIMATE SUMMARY FOR SEPTEMBER 25 2017...

CLIMATE NORMAL PERIOD 1981 TO 2010
CLIMATE RECORD PERIOD 1946 TO 2017


WEATHER ITEM   OBSERVED TIME   RECORD YEAR NORMAL DEPARTURE LAST
                VALUE   (LST)  VALUE       VALUE  FROM      YEAR
                                                  NORMAL
..................................................................
TEMPERATURE (F)
 YESTERDAY
  MAXIMUM         74    507 PM  93    1952  75     -1       83
  MINIMUM         48    145 AM  27    1972  41      7       44
  AVERAGE         61                        58      3       64

PRECIPITATION (IN)
  YESTERDAY        0.00          0.38 1982   0.01  -0.01     0.00
  MONTH TO DATE    0.16                      0.29  -0.13     0.16
  SINCE OCT 1     11.87                      8.18   3.69    10.70
  SINCE JAN 1      7.95                      5.06   2.89     6.05

SNOWFALL (IN)
  YESTERDAY        0.0           0.0  2002   0.0    0.0      0.0
                                      2001
                                      1999
  MONTH TO DATE    0.0                       0.0    0.0      0.0
  SINCE JAN 1     29.1                       8.6   20.5     12.5
  SINCE JUL 1      0.0                       0.0    0.0      0.0
  SNOW DEPTH       0

DEGREE DAYS
 HEATING
  YESTERDAY        4                         8     -4        1
  MONTH TO DATE   88                       115    -27       82
  SINCE SEP 1     88                       115    -27       82
  SINCE JUL 1     88                       163    -75       85

 COOLING
  YESTERDAY        0                         0      0        0
  MONTH TO DATE  116                        31     85       12
  SINCE SEP 1    116                        31     85       12
  SINCE JAN 1   1054                       471    583      765
..................................................................


WIND (MPH)
  HIGHEST WIND SPEED    10   HIGHEST WIND DIRECTION     N (340)
  HIGHEST GUST SPEED    13   HIGHEST GUST DIRECTION    NW (330)
  AVERAGE WIND SPEED     2.2


SKY COVER
  POSSIBLE SUNSHINE  MM
  AVERAGE SKY COVER 0.6


WEATHER CONDITIONS
 THE FOLLOWING WEATHER WAS RECORDED YESTERDAY.
  NO SIGNIFICANT WEATHER WAS OBSERVED.


RELATIVE HUMIDITY (PERCENT)
 HIGHEST    83           500 AM
 LOWEST     38           100 PM
 AVERAGE    61

..........................................................


THE YAKIMA WA CLIMATE NORMALS FOR TODAY
                         NORMAL    RECORD    YEAR
 MAXIMUM TEMPERATURE (F)   74        90      1952
                                             1949
 MINIMUM TEMPERATURE (F)   40        26      1972


SUNRISE AND SUNSET
SEPTEMBER 26 2017.....SUNRISE   655 AM PDT   SUNSET   651 PM PDT
SEPTEMBER 27 2017.....SUNRISE   656 AM PDT   SUNSET   649 PM PDT


-  INDICATES NEGATIVE NUMBERS.
R  INDICATES RECORD WAS SET OR TIED.
MM INDICATES DATA IS MISSING.
T  INDICATES TRACE AMOUNT.

$$
