000
CDUS46 KPDT 120829
CLIYKM

CLIMATE REPORT
NATIONAL WEATHER SERVICE PENDLETON OR
126 AM PDT SAT JUL 12 2014


...................................

...THE YAKIMA WA CLIMATE SUMMARY FOR JULY 11 2014...

CLIMATE NORMAL PERIOD 1981 TO 2010
CLIMATE RECORD PERIOD 1946 TO 2014


WEATHER ITEM   OBSERVED TIME   RECORD YEAR NORMAL DEPARTURE LAST
                VALUE   (LST)  VALUE       VALUE  FROM      YEAR
                                                  NORMAL
..................................................................
TEMPERATURE (F)
 YESTERDAY
  MAXIMUM         98    519 PM 104    2002  87     11       90
  MINIMUM         61    440 AM  38    1974  53      8       53
  AVERAGE         80                        70     10       72

PRECIPITATION (IN)
  YESTERDAY        0.00          0.06 1975   0.01  -0.01     0.00
  MONTH TO DATE    0.00                      0.11  -0.11      T
  SINCE OCT 1      3.83                      7.52  -3.69     7.97
  SINCE JAN 1      3.00                      4.40  -1.40     4.17

SNOWFALL (IN)
  YESTERDAY        0.0           9.0  2006   0.0    0.0      0.0
  MONTH TO DATE    0.0                       0.0    0.0      0.0
  SINCE JAN 1     19.9                       8.6   11.3      1.1
  SINCE JUL 1      0.0                       0.0    0.0      0.0
  SNOW DEPTH       0

DEGREE DAYS
 HEATING
  YESTERDAY        0                         1     -1        0
  MONTH TO DATE    0                        11    -11        0
  SINCE JUN 1     30                       109    -79       39
  SINCE JUL 1      0                        11    -11        0

 COOLING
  YESTERDAY       15                         6      9        7
  MONTH TO DATE  157                        53    104      147
  SINCE JUN 1    259                       118    141      263
  SINCE JAN 1    282                       138    144      315
..................................................................


WIND (MPH)
  HIGHEST WIND SPEED    13   HIGHEST WIND DIRECTION    NW (320)
  HIGHEST GUST SPEED    17   HIGHEST GUST DIRECTION    NW (320)
  AVERAGE WIND SPEED     6.1


SKY COVER
  POSSIBLE SUNSHINE  MM
  AVERAGE SKY COVER 0.0


WEATHER CONDITIONS
 THE FOLLOWING WEATHER WAS RECORDED YESTERDAY.
  NO SIGNIFICANT WEATHER WAS OBSERVED.


RELATIVE HUMIDITY (PERCENT)
 HIGHEST    56           300 AM
 LOWEST     10           400 PM
 AVERAGE    33

..........................................................


THE YAKIMA WA CLIMATE NORMALS FOR TODAY
                         NORMAL    RECORD    YEAR
 MAXIMUM TEMPERATURE (F)   88       105      2002
 MINIMUM TEMPERATURE (F)   53        40      1974
                                             1971


SUNRISE AND SUNSET
JULY 12 2014..........SUNRISE   521 AM PDT   SUNSET   854 PM PDT
JULY 13 2014..........SUNRISE   522 AM PDT   SUNSET   853 PM PDT


-  INDICATES NEGATIVE NUMBERS.
R  INDICATES RECORD WAS SET OR TIED.
MM INDICATES DATA IS MISSING.
T  INDICATES TRACE AMOUNT.




$$
