000
CDUS46 KPDT 290844
CLIYKM

CLIMATE REPORT
NATIONAL WEATHER SERVICE PENDLETON OR
144 AM PDT FRI APR 29 2016


...................................

...THE YAKIMA WA CLIMATE SUMMARY FOR APRIL 28 2016...

CLIMATE NORMAL PERIOD 1981 TO 2010
CLIMATE RECORD PERIOD 1946 TO 2016


WEATHER ITEM   OBSERVED TIME   RECORD YEAR NORMAL DEPARTURE LAST
                VALUE   (LST)  VALUE       VALUE  FROM      YEAR
                                                  NORMAL
..................................................................
TEMPERATURE (F)
 YESTERDAY
  MAXIMUM         75    245 PM  89    1987  67      8       84
  MINIMUM         38    503 AM  27    1999  37      1       41
                                      1984
  AVERAGE         57                        52      5       63

PRECIPITATION (IN)
  YESTERDAY        0.00          0.80 1995   0.02  -0.02     0.00
  MONTH TO DATE    0.27                      0.51  -0.24      T
  SINCE OCT 1      9.46                      6.17   3.29     4.52
  SINCE JAN 1      4.81                      3.05   1.76     2.42

SNOWFALL (IN)
  YESTERDAY        0.0           0.0  2002   0.0    0.0      0.0
                                      2001
                                      2000
  MONTH TO DATE    0.0                       0.0    0.0      0.0
  SINCE JAN 1     12.5                       8.6    3.9      1.6
  SINCE JUL 1     31.4                      21.6    9.8      1.6
  SNOW DEPTH       0

DEGREE DAYS
 HEATING
  YESTERDAY        8                        13     -5        2
  MONTH TO DATE  187                       451   -264      366
  SINCE MAR 1    746                      1128   -382      820
  SINCE JUL 1   4496                      5655  -1159     4402

 COOLING
  YESTERDAY        0                         0      0        0
  MONTH TO DATE    6                         0      6        0
  SINCE MAR 1      6                         0      6        0
  SINCE JAN 1      6                         0      6        0
..................................................................


WIND (MPH)
  HIGHEST WIND SPEED    21   HIGHEST WIND DIRECTION    NW (320)
  HIGHEST GUST SPEED    27   HIGHEST GUST DIRECTION    NW (320)
  AVERAGE WIND SPEED     6.4


SKY COVER
  POSSIBLE SUNSHINE  MM
  AVERAGE SKY COVER 0.3


WEATHER CONDITIONS
 THE FOLLOWING WEATHER WAS RECORDED YESTERDAY.
  NO SIGNIFICANT WEATHER WAS OBSERVED.


RELATIVE HUMIDITY (PERCENT)
 HIGHEST    76           500 AM
 LOWEST     25           400 PM
 AVERAGE    51

..........................................................


THE YAKIMA WA CLIMATE NORMALS FOR TODAY
                         NORMAL    RECORD    YEAR
 MAXIMUM TEMPERATURE (F)   67        87      1957
 MINIMUM TEMPERATURE (F)   37        24      1952


SUNRISE AND SUNSET
APRIL 29 2016.........SUNRISE   550 AM PDT   SUNSET   810 PM PDT
APRIL 30 2016.........SUNRISE   548 AM PDT   SUNSET   811 PM PDT


-  INDICATES NEGATIVE NUMBERS.
R  INDICATES RECORD WAS SET OR TIED.
MM INDICATES DATA IS MISSING.
T  INDICATES TRACE AMOUNT.




$$
