000
CDUS46 KPDT 290031
CLIYKM

CLIMATE REPORT
NATIONAL WEATHER SERVICE PENDLETON OR
531 PM PDT SAT MAR 28 2015


...................................

...THE YAKIMA WA CLIMATE SUMMARY FOR MARCH 28 2015...
VALID TODAY AS OF 0500 PM LOCAL TIME.

CLIMATE NORMAL PERIOD 1981 TO 2010
CLIMATE RECORD PERIOD 1946 TO 2015


WEATHER ITEM   OBSERVED TIME   RECORD YEAR NORMAL DEPARTURE LAST
                VALUE   (LST)  VALUE       VALUE  FROM      YEAR
                                                  NORMAL
..................................................................
TEMPERATURE (F)
 TODAY
  MAXIMUM         67    252 PM  77    1994  60      7       53
  MINIMUM         43    556 AM  18    1954  32     11       31
  AVERAGE         55                        46      9       42

PRECIPITATION (IN)
  TODAY            0.00          0.24 1955   0.01  -0.01     0.03
  MONTH TO DATE    0.73                      0.57   0.16     0.60
  SINCE OCT 1      4.52                      5.61  -1.09     3.16
  SINCE JAN 1      2.42                      2.49  -0.07     2.33

SNOWFALL (IN)
  TODAY            0.0           0.5  2008   0.0    0.0      0.0
  MONTH TO DATE    0.0                       0.7   -0.7      1.7
  SINCE JAN 1      1.6                       8.6   -7.0     19.9
  SINCE JUL 1      1.6                      21.6  -20.0     19.9
  SNOW DEPTH       0

DEGREE DAYS
 HEATING
  TODAY           10                        19     -9       23
  MONTH TO DATE  421                       619   -198      572
  SINCE MAR 1    421                       619   -198      572
  SINCE JUL 1   4003                      5146  -1143     4974

 COOLING
  TODAY            0                         0      0        0
  MONTH TO DATE    0                         0      0        0
  SINCE MAR 1      0                         0      0        0
  SINCE JAN 1      0                         0      0        0
..................................................................


WIND (MPH)
  HIGHEST WIND SPEED    32   HIGHEST WIND DIRECTION    NW (320)
  HIGHEST GUST SPEED    42   HIGHEST GUST DIRECTION    NW (320)
  AVERAGE WIND SPEED    13.7


SKY COVER
  POSSIBLE SUNSHINE  MM
  AVERAGE SKY COVER 0.1


WEATHER CONDITIONS
 THE FOLLOWING WEATHER WAS RECORDED TODAY.
  NO SIGNIFICANT WEATHER WAS OBSERVED.


RELATIVE HUMIDITY (PERCENT)
 HIGHEST    65           600 AM
 LOWEST     26           200 PM
 AVERAGE    46

..........................................................


THE YAKIMA WA CLIMATE NORMALS FOR TOMORROW
                         NORMAL    RECORD    YEAR
 MAXIMUM TEMPERATURE (F)   60        76      1966
 MINIMUM TEMPERATURE (F)   32        14      1954


SUNRISE AND SUNSET
MARCH 28 2015.........SUNRISE   650 AM PDT   SUNSET   726 PM PDT
MARCH 29 2015.........SUNRISE   648 AM PDT   SUNSET   727 PM PDT


-  INDICATES NEGATIVE NUMBERS.
R  INDICATES RECORD WAS SET OR TIED.
MM INDICATES DATA IS MISSING.
T  INDICATES TRACE AMOUNT.

$$
