000
CDUS41 KPBZ 122227
CLIZZV


CLIMATE REPORT
NATIONAL WEATHER SERVICE PITTSBURGH PA
525 PM EST TUE DEC 12 2017


...................................

...THE ZANESVILLE OH CLIMATE SUMMARY FOR DECEMBER 12 2017...
VALID TODAY AS OF 0500 PM LOCAL TIME.

CLIMATE NORMAL PERIOD 1981 TO 2010
CLIMATE RECORD PERIOD 1895 TO 2017


WEATHER ITEM   OBSERVED TIME   RECORD YEAR NORMAL DEPARTURE LAST
                VALUE   (LST)  VALUE       VALUE  FROM      YEAR
                                                  NORMAL
..................................................................
TEMPERATURE (F)
 TODAY
  MAXIMUM         41    224 AM  71    2015  41      0       44
  MINIMUM         24    359 PM  -6    1962  25     -1       26
  AVERAGE         33                        33      0       35

PRECIPITATION (IN)
  TODAY            0.01          1.02 1959   0.08  -0.07     0.19
  MONTH TO DATE    0.28                      1.06  -0.78     1.39
  SINCE JUN 1     21.80                     20.88   0.92    15.75
  SINCE JAN 1     39.92                     36.34   3.58    30.73

DEGREE DAYS
 HEATING
  TODAY           32                        32      0       30
  MONTH TO DATE  365                       358      7      373
  SINCE DEC 1    365                       358      7      373
  SINCE JUL 1   1349                      1499   -150     1230

 COOLING
  TODAY            0                         0      0        0
  MONTH TO DATE    0                         0      0        0
  SINCE DEC 1      0                         0      0        0
  SINCE JAN 1    877                       768    109     1355
..................................................................


WIND (MPH)
  HIGHEST WIND SPEED    25   HIGHEST WIND DIRECTION    NW (330)
  HIGHEST GUST SPEED    32   HIGHEST GUST DIRECTION     W (290)
  AVERAGE WIND SPEED    14.0


SKY COVER
  POSSIBLE SUNSHINE  MM
  AVERAGE SKY COVER 0.9


WEATHER CONDITIONS
 THE FOLLOWING WEATHER WAS RECORDED TODAY.
  LIGHT SNOW
  FOG
  HAZE


RELATIVE HUMIDITY (PERCENT)
 HIGHEST    82           800 AM
 LOWEST     40           400 PM
 AVERAGE    61

..........................................................


THE ZANESVILLE OH CLIMATE NORMALS FOR TOMORROW
                         NORMAL    RECORD    YEAR
 MAXIMUM TEMPERATURE (F)   41        66      2015
                                             1901
 MINIMUM TEMPERATURE (F)   25        -7      1962


SUNRISE AND SUNSET
DECEMBER 12 2017......SUNRISE   740 AM EST   SUNSET   503 PM EST
DECEMBER 13 2017......SUNRISE   741 AM EST   SUNSET   503 PM EST


-  INDICATES NEGATIVE NUMBERS.
R  INDICATES RECORD WAS SET OR TIED.
MM INDICATES DATA IS MISSING.
T  INDICATES TRACE AMOUNT.




$$
