000
CDUS41 KPBZ 240703
CLIZZV


CLIMATE REPORT
NATIONAL WEATHER SERVICE PITTSBURGH PA
302 AM EDT THU APR 24 2014


...................................

...THE ZANESVILLE OH CLIMATE SUMMARY FOR APRIL 23 2014...

CLIMATE NORMAL PERIOD 1981 TO 2010
CLIMATE RECORD PERIOD 1946 TO 2014


WEATHER ITEM   OBSERVED TIME   RECORD YEAR NORMAL DEPARTURE LAST
                VALUE   (LST)  VALUE       VALUE  FROM      YEAR
                                                  NORMAL
..................................................................
TEMPERATURE (F)
 YESTERDAY
  MAXIMUM         56    409 PM  88    1985  66    -10       72
  MINIMUM         39   1159 PM  24    1986  42     -3       43
  AVERAGE         48                        54     -6       58

PRECIPITATION (IN)
  YESTERDAY        0.00         MM      MM   0.11  -0.11     0.00
  MONTH TO DATE    2.96                      2.65   0.31     1.30
  SINCE JUN 1     35.67                     32.88   2.79    31.27
  SINCE JAN 1      7.36                     10.48  -3.12     7.96

DEGREE DAYS
 HEATING
  YESTERDAY       17                        11      6        7
  MONTH TO DATE  292                       341    -49      306
  SINCE MAR 1   1193                      1094     99     1192
  SINCE JUL 1   5750                      5285    465     5323

 COOLING
  YESTERDAY        0                         0      0        0
  MONTH TO DATE    5                         0      5       17
  SINCE MAR 1      5                         1      4       17
  SINCE JAN 1      5                         1      4       17
..................................................................


WIND (MPH)
  HIGHEST WIND SPEED    16   HIGHEST WIND DIRECTION    NW (320)
  HIGHEST GUST SPEED    21   HIGHEST GUST DIRECTION    NW (320)
  AVERAGE WIND SPEED     7.7


SKY COVER
  POSSIBLE SUNSHINE  MM
  AVERAGE SKY COVER 0.5


WEATHER CONDITIONS
 THE FOLLOWING WEATHER WAS RECORDED YESTERDAY.
  NO SIGNIFICANT WEATHER WAS OBSERVED.


RELATIVE HUMIDITY (PERCENT)
 HIGHEST    64           500 AM
 LOWEST     41           500 PM
 AVERAGE    53

..........................................................


THE ZANESVILLE OH CLIMATE NORMALS FOR TODAY
                         NORMAL    RECORD    YEAR
 MAXIMUM TEMPERATURE (F)   66        86      1960
 MINIMUM TEMPERATURE (F)   42        27      2003


SUNRISE AND SUNSET
APRIL 24 2014.........SUNRISE   637 AM EDT   SUNSET   815 PM EDT
APRIL 25 2014.........SUNRISE   636 AM EDT   SUNSET   816 PM EDT


-  INDICATES NEGATIVE NUMBERS.
R  INDICATES RECORD WAS SET OR TIED.
MM INDICATES DATA IS MISSING.
T  INDICATES TRACE AMOUNT.




$$
