000
CDUS41 KPBZ 230702
CLIZZV


CLIMATE REPORT
NATIONAL WEATHER SERVICE PITTSBURGH PA
302 AM EDT SAT AUG 23 2014


...................................

...THE ZANESVILLE OH CLIMATE SUMMARY FOR AUGUST 22 2014...

CLIMATE NORMAL PERIOD 1981 TO 2010
CLIMATE RECORD PERIOD 1946 TO 2014


WEATHER ITEM   OBSERVED TIME   RECORD YEAR NORMAL DEPARTURE LAST
                VALUE   (LST)  VALUE       VALUE  FROM      YEAR
                                                  NORMAL
..................................................................
TEMPERATURE (F)
 YESTERDAY
  MAXIMUM         82    419 PM  95    1983  83     -1       84
  MINIMUM         69    627 AM  41    1950  60      9       62
  AVERAGE         76                        71      5       73

PRECIPITATION (IN)
  YESTERDAY        0.14         MM      MM   0.10   0.04     0.39
  MONTH TO DATE    3.12                      2.30   0.82     3.41
  SINCE JUN 1     13.47                     10.13   3.34    16.09
  SINCE JAN 1     27.80                     25.59   2.21    26.68

DEGREE DAYS
 HEATING
  YESTERDAY        0                         0      0        0
  MONTH TO DATE    9                         0      9        9
  SINCE JUN 1     31                        35     -4       27
  SINCE JUL 1     21                         3     18        9

 COOLING
  YESTERDAY       11                         7      4        8
  MONTH TO DATE  124                       164    -40      111
  SINCE JUN 1    483                       571    -88      542
  SINCE JAN 1    565                       625    -60      650
..................................................................


WIND (MPH)
  HIGHEST WIND SPEED    10   HIGHEST WIND DIRECTION    SE (150)
  HIGHEST GUST SPEED    14   HIGHEST GUST DIRECTION     E (100)
  AVERAGE WIND SPEED     3.6


SKY COVER
  POSSIBLE SUNSHINE  MM
  AVERAGE SKY COVER 0.8


WEATHER CONDITIONS
 THE FOLLOWING WEATHER WAS RECORDED YESTERDAY.
  RAIN
  LIGHT RAIN
  FOG
  FOG W/VISIBILITY <= 1/4 MILE


RELATIVE HUMIDITY (PERCENT)
 HIGHEST    97           700 AM
 LOWEST     69           200 PM
 AVERAGE    83

..........................................................


THE ZANESVILLE OH CLIMATE NORMALS FOR TODAY
                         NORMAL    RECORD    YEAR
 MAXIMUM TEMPERATURE (F)   83        94      1968
 MINIMUM TEMPERATURE (F)   60        41      1952


SUNRISE AND SUNSET
AUGUST 23 2014........SUNRISE   647 AM EDT   SUNSET   813 PM EDT
AUGUST 24 2014........SUNRISE   648 AM EDT   SUNSET   811 PM EDT


-  INDICATES NEGATIVE NUMBERS.
R  INDICATES RECORD WAS SET OR TIED.
MM INDICATES DATA IS MISSING.
T  INDICATES TRACE AMOUNT.




$$
