467
CDUS41 KPBZ 282111
CLIZZV


CLIMATE REPORT
NATIONAL WEATHER SERVICE PITTSBURGH PA
510 PM EDT THU APR 28 2016


...................................

...THE ZANESVILLE OH CLIMATE SUMMARY FOR APRIL 28 2016...
VALID TODAY AS OF 0500 PM LOCAL TIME.

CLIMATE NORMAL PERIOD 1981 TO 2010
CLIMATE RECORD PERIOD 1946 TO 2016


WEATHER ITEM   OBSERVED TIME   RECORD YEAR NORMAL DEPARTURE LAST
                VALUE   (LST)  VALUE       VALUE  FROM      YEAR
                                                  NORMAL
..................................................................
TEMPERATURE (F)
 TODAY
  MAXIMUM         68    343 PM  88    1986  67      1       63
  MINIMUM         49    701 AM  25    1947  44      5       31
  AVERAGE         59                        56      3       47

PRECIPITATION (IN)
  TODAY            0.40         MM      MM   0.11   0.29     0.00
  MONTH TO DATE    4.13                      3.22   0.91     5.99
  SINCE JUN 1     34.57                     33.45   1.12    35.73
  SINCE JAN 1     12.24                     11.05   1.19    13.32

DEGREE DAYS
 HEATING
  TODAY            6                        10     -4       18
  MONTH TO DATE  333                       393    -60      346
  SINCE MAR 1    796                      1146   -350     1216
  SINCE JUL 1   4142                      5337  -1195     5873

 COOLING
  TODAY            0                         0      0        0
  MONTH TO DATE    3                         0      3        1
  SINCE MAR 1      8                         1      7        1
  SINCE JAN 1      8                         1      7        1
..................................................................


WIND (MPH)
  HIGHEST WIND SPEED    12   HIGHEST WIND DIRECTION     N (360)
  HIGHEST GUST SPEED    14   HIGHEST GUST DIRECTION     N (10)
  AVERAGE WIND SPEED     5.2


SKY COVER
  POSSIBLE SUNSHINE  MM
  AVERAGE SKY COVER 0.9


WEATHER CONDITIONS
 THE FOLLOWING WEATHER WAS RECORDED TODAY.
  HEAVY RAIN
  RAIN
  LIGHT RAIN
  FOG


RELATIVE HUMIDITY (PERCENT)
 HIGHEST    83          1000 AM
 LOWEST     51           300 AM
 AVERAGE    67

..........................................................


THE ZANESVILLE OH CLIMATE NORMALS FOR TOMORROW
                         NORMAL    RECORD    YEAR
 MAXIMUM TEMPERATURE (F)   68        83      1991
 MINIMUM TEMPERATURE (F)   44        28      1977


SUNRISE AND SUNSET
APRIL 28 2016.........SUNRISE   631 AM EDT   SUNSET   820 PM EDT
APRIL 29 2016.........SUNRISE   630 AM EDT   SUNSET   821 PM EDT


-  INDICATES NEGATIVE NUMBERS.
R  INDICATES RECORD WAS SET OR TIED.
MM INDICATES DATA IS MISSING.
T  INDICATES TRACE AMOUNT.




$$
