000
CDUS41 KPBZ 222118
CLIZZV


CLIMATE REPORT
NATIONAL WEATHER SERVICE PITTSBURGH PA
518 PM EDT TUE AUG 22 2017


...................................

...THE ZANESVILLE OH CLIMATE SUMMARY FOR AUGUST 22 2017...
VALID TODAY AS OF 0500 PM LOCAL TIME.

CLIMATE NORMAL PERIOD 1981 TO 2010
CLIMATE RECORD PERIOD 1895 TO 2017


WEATHER ITEM   OBSERVED TIME   RECORD YEAR NORMAL DEPARTURE LAST
                VALUE   (LST)  VALUE       VALUE  FROM      YEAR
                                                  NORMAL
..................................................................
TEMPERATURE (F)
 TODAY
  MAXIMUM         87   1220 PM 102    1936  83      4       78
  MINIMUM         71    608 AM  41    1950  60     11       56
  AVERAGE         79                        71      8       67

PRECIPITATION (IN)
  TODAY            0.32          2.55 1913   0.10   0.22     0.00
  MONTH TO DATE    1.43                      2.30  -0.87     2.72
  SINCE JUN 1     11.88                     10.13   1.75     7.93
  SINCE JAN 1     30.00                     25.59   4.41    22.91

DEGREE DAYS
 HEATING
  TODAY            0                         0      0        0
  MONTH TO DATE    0                         0      0        0
  SINCE JUN 1     23                        35    -12        4
  SINCE JUL 1      0                         3     -3        0

 COOLING
  TODAY           14                         7      7        2
  MONTH TO DATE  161                       164     -3      271
  SINCE JUN 1    618                       571     47      954
  SINCE JAN 1    705                       625     80     1048
..................................................................


WIND (MPH)
  HIGHEST WIND SPEED    26   HIGHEST WIND DIRECTION    NW (310)
  HIGHEST GUST SPEED    35   HIGHEST GUST DIRECTION    NW (310)
  AVERAGE WIND SPEED     6.3


SKY COVER
  POSSIBLE SUNSHINE  MM
  AVERAGE SKY COVER 0.3


WEATHER CONDITIONS
 THE FOLLOWING WEATHER WAS RECORDED TODAY.
  THUNDERSTORM
  HEAVY RAIN
  RAIN
  LIGHT RAIN
  FOG


RELATIVE HUMIDITY (PERCENT)
 HIGHEST    84          1200 AM
 LOWEST     65          1200 PM
 AVERAGE    75

..........................................................


THE ZANESVILLE OH CLIMATE NORMALS FOR TOMORROW
                         NORMAL    RECORD    YEAR
 MAXIMUM TEMPERATURE (F)   83        99      1936
 MINIMUM TEMPERATURE (F)   60        41      1952


SUNRISE AND SUNSET
AUGUST 22 2017........SUNRISE   646 AM EDT   SUNSET   814 PM EDT
AUGUST 23 2017........SUNRISE   647 AM EDT   SUNSET   812 PM EDT


-  INDICATES NEGATIVE NUMBERS.
R  INDICATES RECORD WAS SET OR TIED.
MM INDICATES DATA IS MISSING.
T  INDICATES TRACE AMOUNT.




$$
