000
CDUS41 KPBZ 280832
CLIZZV


CLIMATE REPORT
NATIONAL WEATHER SERVICE PITTSBURGH PA
331 AM EST FRI NOV 28 2014


...................................

...THE ZANESVILLE OH CLIMATE SUMMARY FOR NOVEMBER 27 2014...

CLIMATE NORMAL PERIOD 1981 TO 2010
CLIMATE RECORD PERIOD 1946 TO 2014


WEATHER ITEM   OBSERVED TIME   RECORD YEAR NORMAL DEPARTURE LAST
                VALUE   (LST)  VALUE       VALUE  FROM      YEAR
                                                  NORMAL
..................................................................
TEMPERATURE (F)
 YESTERDAY
  MAXIMUM         33   1254 PM  76    1990  48    -15       31
  MINIMUM         28   1159 PM   7    1950  30     -2       22
  AVERAGE         31                        39     -8       27

PRECIPITATION (IN)
  YESTERDAY        0.03         MM      MM   0.11  -0.08      T
  MONTH TO DATE    1.47                      2.83  -1.36     3.05
  SINCE JUN 1     19.14                     19.51  -0.37    24.16
  SINCE JAN 1     33.47                     34.97  -1.50    34.75

DEGREE DAYS
 HEATING
  YESTERDAY       34                        26      8       38
  MONTH TO DATE  748                       573    175      648
  SINCE SEP 1   1216                      1049    167     1059
  SINCE JUL 1   1237                      1060    177     1068

 COOLING
  YESTERDAY        0                         0      0        0
  MONTH TO DATE    0                         0      0        0
  SINCE SEP 1     86                        91     -5      123
  SINCE JAN 1    727                       768    -41      856
..................................................................


WIND (MPH)
  HIGHEST WIND SPEED    15   HIGHEST WIND DIRECTION     W (290)
  HIGHEST GUST SPEED    21   HIGHEST GUST DIRECTION     W (290)
  AVERAGE WIND SPEED     7.4


SKY COVER
  POSSIBLE SUNSHINE  MM
  AVERAGE SKY COVER 1.0


WEATHER CONDITIONS
 THE FOLLOWING WEATHER WAS RECORDED YESTERDAY.
  HEAVY SNOW
  SNOW
  LIGHT SNOW
  FOG
  FOG W/VISIBILITY <= 1/4 MILE
  HAZE


RELATIVE HUMIDITY (PERCENT)
 HIGHEST    92          1000 AM
 LOWEST     63           500 PM
 AVERAGE    78

..........................................................


THE ZANESVILLE OH CLIMATE NORMALS FOR TODAY
                         NORMAL    RECORD    YEAR
 MAXIMUM TEMPERATURE (F)   47        68      2005
 MINIMUM TEMPERATURE (F)   30         9      1955


SUNRISE AND SUNSET
NOVEMBER 28 2014......SUNRISE   727 AM EST   SUNSET   504 PM EST
NOVEMBER 29 2014......SUNRISE   728 AM EST   SUNSET   504 PM EST


-  INDICATES NEGATIVE NUMBERS.
R  INDICATES RECORD WAS SET OR TIED.
MM INDICATES DATA IS MISSING.
T  INDICATES TRACE AMOUNT.




$$
