000
CDUS41 KPBZ 052112
CLIZZV


CLIMATE REPORT
NATIONAL WEATHER SERVICE PITTSBURGH PA
512 PM EDT SUN JUL 5 2015


...................................

...THE ZANESVILLE OH CLIMATE SUMMARY FOR JULY 5 2015...
VALID TODAY AS OF 0500 PM LOCAL TIME.

CLIMATE NORMAL PERIOD 1981 TO 2010
CLIMATE RECORD PERIOD 1946 TO 2015


WEATHER ITEM   OBSERVED TIME   RECORD YEAR NORMAL DEPARTURE LAST
                VALUE   (LST)  VALUE       VALUE  FROM      YEAR
                                                  NORMAL
..................................................................
TEMPERATURE (F)
 TODAY
  MAXIMUM         81    316 PM  96    1949  84     -3       77
  MINIMUM         57    511 AM  45    1979  62     -5       48
  AVERAGE         69                        73     -4       63

PRECIPITATION (IN)
  TODAY            0.00         MM      MM   0.14  -0.14     0.00
  MONTH TO DATE    0.12                      0.67  -0.55     0.45
  SINCE JUN 1      7.46                      4.71   2.75     7.19
  SINCE JAN 1     23.36                     20.17   3.19    21.52

DEGREE DAYS
 HEATING
  TODAY            0                         0      0        2
  MONTH TO DATE    0                         0      0        2
  SINCE JUN 1     24                        32     -8       12
  SINCE JUL 1      0                         0      0        2

 COOLING
  TODAY            4                         8     -4        0
  MONTH TO DATE   16                        40    -24       23
  SINCE JUN 1    203                       198      5      219
  SINCE JAN 1    320                       252     68      301
..................................................................


WIND (MPH)
  HIGHEST WIND SPEED     8   HIGHEST WIND DIRECTION     E (90)
  HIGHEST GUST SPEED    10   HIGHEST GUST DIRECTION     E (110)
  AVERAGE WIND SPEED     2.2


SKY COVER
  POSSIBLE SUNSHINE  MM
  AVERAGE SKY COVER 0.0


WEATHER CONDITIONS
 THE FOLLOWING WEATHER WAS RECORDED TODAY.
  FOG
  HAZE


RELATIVE HUMIDITY (PERCENT)
 HIGHEST    93           500 AM
 LOWEST     54          1200 PM
 AVERAGE    74

..........................................................


THE ZANESVILLE OH CLIMATE NORMALS FOR TOMORROW
                         NORMAL    RECORD    YEAR
 MAXIMUM TEMPERATURE (F)   84        98      2012
                                             1988
 MINIMUM TEMPERATURE (F)   62        44      1972


SUNRISE AND SUNSET
JULY  5 2015..........SUNRISE   605 AM EDT   SUNSET   859 PM EDT
JULY  6 2015..........SUNRISE   605 AM EDT   SUNSET   859 PM EDT


-  INDICATES NEGATIVE NUMBERS.
R  INDICATES RECORD WAS SET OR TIED.
MM INDICATES DATA IS MISSING.
T  INDICATES TRACE AMOUNT.




$$
