000
CDUS41 KPBZ 241324
CLIZZV


CLIMATE REPORT
NATIONAL WEATHER SERVICE PITTSBURGH PA
824 AM EST FRI FEB 24 2017


...................................

...THE ZANESVILLE OH CLIMATE SUMMARY FOR FEBRUARY 24 2017...
VALID AS OF 0800 AM LOCAL TIME.

CLIMATE NORMAL PERIOD 1981 TO 2010
CLIMATE RECORD PERIOD 1946 TO 2017


WEATHER ITEM   OBSERVED TIME   RECORD YEAR NORMAL DEPARTURE LAST
                VALUE   (LST)  VALUE       VALUE  FROM      YEAR
                                                  NORMAL
..................................................................
TEMPERATURE (F)
 TODAY
  MAXIMUM         60   1237 AM  70    1961
  MINIMUM         56    307 AM -14    2015  25     31       41

PRECIPITATION (IN)
  TODAY            0.00         MM      MM   0.07  -0.07     1.07
  MONTH TO DATE    1.83                      1.84  -0.01     2.88
  SINCE JUN 1     23.36                     26.90  -3.54    26.13
  SINCE JAN 1      4.74                      4.50   0.24     3.80

DEGREE DAYS
 HEATING
  TODAY            7

 COOLING
  TODAY            0
..................................................................







THE ZANESVILLE OH CLIMATE NORMALS FOR TOMORROW
                         NORMAL    RECORD    YEAR
 MAXIMUM TEMPERATURE (F)   44        74      2000
 MINIMUM TEMPERATURE (F)   25        -1      1967


SUNRISE AND SUNSET
FEBRUARY 24 2017......SUNRISE   708 AM EST   SUNSET   614 PM EST
FEBRUARY 25 2017......SUNRISE   706 AM EST   SUNSET   615 PM EST


-  INDICATES NEGATIVE NUMBERS.
R  INDICATES RECORD WAS SET OR TIED.
MM INDICATES DATA IS MISSING.
T  INDICATES TRACE AMOUNT.




$$
