000
CDUS41 KPBZ 272213
CLIZZV


CLIMATE REPORT
NATIONAL WEATHER SERVICE PITTSBURGH PA
512 PM EST TUE JAN 27 2015


...................................

...THE ZANESVILLE OH CLIMATE SUMMARY FOR JANUARY 27 2015...
VALID TODAY AS OF 0500 PM LOCAL TIME.

CLIMATE NORMAL PERIOD 1981 TO 2010
CLIMATE RECORD PERIOD 1946 TO 2015


WEATHER ITEM   OBSERVED TIME   RECORD YEAR NORMAL DEPARTURE LAST
                VALUE   (LST)  VALUE       VALUE  FROM      YEAR
                                                  NORMAL
..................................................................
TEMPERATURE (F)
 TODAY
  MAXIMUM         23    133 PM  64    1999  38    -15       42
  MINIMUM         14    846 AM -13    2003  21     -7       -3
  AVERAGE         19                        29    -10       20

PRECIPITATION (IN)
  TODAY            T            MM      MM   0.08  -0.08     0.05
  MONTH TO DATE    2.21                      2.35  -0.14     1.30
  SINCE JUN 1     24.62                     24.75  -0.13    29.61
  SINCE JAN 1      2.21                      2.35  -0.14     1.30

DEGREE DAYS
 HEATING
  TODAY           46                        36     10       45
  MONTH TO DATE 1023                       972     51     1111
  SINCE DEC 1   1932                      1976    -44     2064
  SINCE JUL 1   3239                      3117    122     3240

 COOLING
  TODAY            0                         0      0        0
  MONTH TO DATE    0                         0      0        0
  SINCE DEC 1      0                         0      0        0
  SINCE JAN 1      0                         0      0        0
..................................................................


WIND (MPH)
  HIGHEST WIND SPEED    13   HIGHEST WIND DIRECTION    NW (330)
  HIGHEST GUST SPEED    16   HIGHEST GUST DIRECTION    NW (330)
  AVERAGE WIND SPEED     6.6


SKY COVER
  POSSIBLE SUNSHINE  MM
  AVERAGE SKY COVER 1.0


WEATHER CONDITIONS
 THE FOLLOWING WEATHER WAS RECORDED TODAY.
  LIGHT SNOW
  FOG
  HAZE


RELATIVE HUMIDITY (PERCENT)
 HIGHEST    88           700 AM
 LOWEST     68           300 PM
 AVERAGE    78

..........................................................


THE ZANESVILLE OH CLIMATE NORMALS FOR TOMORROW
                         NORMAL    RECORD    YEAR
 MAXIMUM TEMPERATURE (F)   38        65      2002
 MINIMUM TEMPERATURE (F)   21       -18      1963


SUNRISE AND SUNSET
JANUARY 27 2015.......SUNRISE   740 AM EST   SUNSET   541 PM EST
JANUARY 28 2015.......SUNRISE   740 AM EST   SUNSET   542 PM EST


-  INDICATES NEGATIVE NUMBERS.
R  INDICATES RECORD WAS SET OR TIED.
MM INDICATES DATA IS MISSING.
T  INDICATES TRACE AMOUNT.




$$
