000
CXUS52 KTAE 011250
CLMAAF

CLIMATE REPORT
NATIONAL WEATHER SERVICE TALLAHASSEE FL
844 AM EDT WED JUL 1 2015

...................................

...THE APALACHICOLA CLIMATE SUMMARY FOR THE MONTH OF JUNE 2015...

CLIMATE NORMAL PERIOD 1981 TO 2010
CLIMATE RECORD PERIOD 1931 TO 2015

WEATHER         OBSERVED                   LAST YEAR`S
                 VALUE   DATE(S)           VALUE  DATE(S)

.........................................................
TEMPERATURE (F)
HIGHEST            96   06/17                  97  06/29
LOWEST             71   06/05                  70  06/05
                        06/04                      06/04
                        06/03
AVG. MAXIMUM     91.6                        89.6
AVG. MINIMUM     75.6                        74.2
MEAN             83.6                        81.9
DAYS MAX >= 90     24                          12
DAYS MAX <= 32      0                           0
DAYS MIN <= 32      0                           0
DAYS MIN <= 0       0                           0

PRECIPITATION (INCHES)
TOTALS           6.88                        3.46
DAILY AVG.       0.24                        0.13
DAYS >= .01        12                           7
DAYS >= .10         9                           5
DAYS >= .50         6                           2
DAYS >= 1.00        2                           1
GREATEST
 24 HR. TOTAL    2.89   06/09 TO 06/10       2.68

DEGREE_DAYS
HEATING TOTAL       0                           0
 SINCE 7/1       1022                        1136
COOLING TOTAL     546                         394
 SINCE 1/1       1452                         887
..........................................................

WIND (MPH)
AVERAGE WIND SPEED              6.6
HIGHEST WIND SPEED/DIRECTION    25/150    DATE  06/09
HIGHEST GUST SPEED/DIRECTION    32/260    DATE  06/28

SKY COVER
AVERAGE SKY COVER           0.20

AVERAGE RH (PERCENT)     71

WEATHER CONDITIONS. NUMBER OF DAYS WITH
THUNDERSTORM              0     MIXED PRECIP               0
HEAVY RAIN                8     RAIN                       9
LIGHT RAIN               12     FREEZING RAIN              0
LT FREEZING RAIN          0     HAIL                       0
HEAVY SNOW                0     SNOW                       0
LIGHT SNOW                0     SLEET                      0
FOG                       8     FOG W/VIS <= 1/4 MILE      0
HAZE                      6

-  INDICATES NEGATIVE NUMBERS.
R  INDICATES RECORD WAS SET OR TIED.
MM INDICATES DATA IS MISSING.
T  INDICATES TRACE AMOUNT.

$$
