000
CXUS52 KTAE 011350
CLMAAF

CLIMATE REPORT
NATIONAL WEATHER SERVICE TALLAHASSEE FL
835 AM EDT MON AUG 1 2016

...................................

...THE APALACHICOLA CLIMATE SUMMARY FOR THE MONTH OF JULY 2016...

CLIMATE NORMAL PERIOD 1981 TO 2010
CLIMATE RECORD PERIOD 1931 TO 2016

WEATHER         OBSERVED                   LAST YEAR`S
                 VALUE   DATE(S)           VALUE  DATE(S)

.........................................................
TEMPERATURE (F)
HIGHEST            95   07/08                 100  07/29
                        07/07
LOWEST             73   07/21                  73  07/09
                        07/19
AVG. MAXIMUM     91.9                        93.6
AVG. MINIMUM     75.8                        77.3
MEAN             83.9                        85.4
DAYS MAX >= 90     29                          30
DAYS MAX <= 32      0                           0
DAYS MIN <= 32      0                           0
DAYS MIN <= 0       0                           0

PRECIPITATION (INCHES)
TOTALS           2.69                        5.33
DAILY AVG.       0.09                        0.17
DAYS >= .01        11                          12
DAYS >= .10         7                           9
DAYS >= .50         2                           4
DAYS >= 1.00        0                           1
GREATEST
 24 HR. TOTAL    1.32   06/30 TO 07/01       2.44

DEGREE_DAYS
HEATING TOTAL       0                           0
 SINCE 7/1          0                           0
COOLING TOTAL     595                         641
 SINCE 1/1       1626                        2093
..........................................................

WIND (MPH)
AVERAGE WIND SPEED              6.1
HIGHEST WIND SPEED/DIRECTION    26/220    DATE  07/26
HIGHEST GUST SPEED/DIRECTION    33/230    DATE  07/26

SKY COVER
AVERAGE SKY COVER           0.10

AVERAGE RH (PERCENT)     81

WEATHER CONDITIONS. NUMBER OF DAYS WITH
THUNDERSTORM              0     MIXED PRECIP               0
HEAVY RAIN                7     RAIN                       5
LIGHT RAIN               15     FREEZING RAIN              0
LT FREEZING RAIN          0     HAIL                       0
HEAVY SNOW                0     SNOW                       0
LIGHT SNOW                0     SLEET                      0
FOG                       9     FOG W/VIS <= 1/4 MILE      0
HAZE                      1

-  INDICATES NEGATIVE NUMBERS.
R  INDICATES RECORD WAS SET OR TIED.
MM INDICATES DATA IS MISSING.
T  INDICATES TRACE AMOUNT.

$$
