000
CXUS55 KABQ 011131
CLMABQ
CLIMATE REPORT
NATIONAL WEATHER SERVICE ALBUQUERQUE NM
431 AM MST FRI MAR 01 2024
...................................
...THE ALBUQUERQUE NM CLIMATE SUMMARY FOR THE MONTH OF FEBRUARY 2024...
CLIMATE NORMAL PERIOD 1991 TO 2020
CLIMATE RECORD PERIOD 1891 TO 2024
WEATHER OBSERVED NORMAL DEPART LAST YEAR`S
VALUE DATE(S) VALUE FROM VALUE DATE(S)
NORMAL
................................................................
TEMPERATURE (F)
RECORD
HIGH 76 02/25/1986
LOW -7 02/03/2011
HIGHEST 69 02/26 69 0 65 02/21
LOWEST 24 02/09 15 9 17 02/17
02/12
AVG. MAXIMUM 56.1 54.1 2.0 52.4
AVG. MINIMUM 32.3 29.8 2.5 27.2
MEAN 44.2 41.9 2.3 39.8
DAYS MAX >= 90 0 0.0 0.0 0
DAYS MAX <= 32 0 0.2 -0.2 0
DAYS MIN <= 32 14 18.2 -4.2 23
DAYS MIN <= 0 0 0.0 0.0 0
PRECIPITATION (INCHES)
RECORD
MAXIMUM 1.82 1993
MINIMUM T 2009
TOTALS 0.41 0.43 -0.02 0.32
DAILY AVG. 0.01 NAN NAN 0.01
DAYS >= .01 3 3.7 -0.7 4
DAYS >= .10 1 1.3 -0.3 2
DAYS >= .50 0 0.2 -0.2 0
DAYS >= 1.00 0 0.0 0.0 0
GREATEST
24 HR. TOTAL 0.33 02/10 TO 02/10 0.14
SNOWFALL (INCHES)
RECORDS
TOTAL 10.3 1986
TOTALS 2.7 1.5 1.2 1.8
SINCE 7/1 6.1 6.9 -0.8 MM
SNOWDEPTH AVG. 0 0
DAYS >= 1.0 1 0.4 0.6 1
GREATEST
SNOW DEPTH 1 02/11 1 02/15
24 HR TOTAL MM 1.8
DEGREE DAYS
HEATING TOTAL 595 645 -50 698
SINCE 7/1 2865 3231 -366 MM
COOLING TOTAL 0 0 0 0
SINCE 1/1 0 0 0 MM
................................................................
WIND (MPH)
AVERAGE WIND SPEED 8.3
HIGHEST WIND SPEED/DIRECTION 46/280 DATE 02/27
HIGHEST GUST SPEED/DIRECTION 64/260 DATE 02/27
SKY COVER
POSSIBLE SUNSHINE (PERCENT) MM
AVERAGE SKY COVER 0.47
NUMBER OF DAYS FAIR 11
NUMBER OF DAYS PC 13
NUMBER OF DAYS CLOUDY 5
AVERAGE RH (PERCENT) 46
WEATHER CONDITIONS. NUMBER OF DAYS WITH
THUNDERSTORM 1 MIXED PRECIP 0
HEAVY RAIN 0 RAIN 0
LIGHT RAIN 5 FREEZING RAIN 0
LT FREEZING RAIN 0 HAIL 1
HEAVY SNOW 1 SNOW 1
LIGHT SNOW 1 SLEET 0
FOG 2 FOG W/VIS <= 1/4 MILE 1
HAZE 3
- INDICATES NEGATIVE NUMBERS.
R INDICATES RECORD WAS SET OR TIED.
MM INDICATES DATA IS MISSING.
T INDICATES TRACE AMOUNT.
$$