000
CXUS51 KPHI 011052
CLMACY


CLIMATE REPORT
NATIONAL WEATHER SERVICE MOUNT HOLLY NJ
652 AM EDT FRI APR 1 2016

...................................

...THE ATLANTIC CITY CLIMATE SUMMARY FOR THE MONTH OF MARCH 2016...

CLIMATE NORMAL PERIOD 1981 TO 2010
CLIMATE RECORD PERIOD 1874 TO 2016

WEATHER         OBSERVED          NORMAL  DEPART  LAST YEAR`S
                 VALUE   DATE(S)  VALUE   FROM    VALUE  DATE(S)
                                          NORMAL
................................................................
TEMPERATURE (F)
RECORD
 HIGH              87   03/30/1998
                        03/29/1945
 LOW                2   03/03/2014
HIGHEST            81   03/10        73       8       70  03/17
LOWEST             21   03/05        15       6        8  03/07
                                                          03/06
AVG. MAXIMUM     58.1              51.8     6.3     48.7
AVG. MINIMUM     37.5              32.7     4.8     27.4
MEAN             47.8              42.2     5.6     38.0
DAYS MAX >= 90      0               0.0     0.0        0
DAYS MAX <= 32      0               0.4    -0.4        1
DAYS MIN <= 32     10              14.8    -4.8       24
DAYS MIN <= 0       0               0.0     0.0        0

PRECIPITATION (INCHES)
RECORD
 MAXIMUM         9.25   1994
 MINIMUM         0.37   2006
TOTALS           3.12              4.21   -1.09     6.64
DAILY AVG.       0.10              0.14   -0.04     0.21
DAYS >= .01        12              10.3     1.7       14
DAYS >= .10         7               6.8     0.2        9
DAYS >= .50         2               3.1    -1.1        4
DAYS >= 1.00        1               1.1    -0.1        2
GREATEST
 24 HR. TOTAL    1.30   03/13 TO 03/14              2.40

SNOWFALL (INCHES)
RECORDS
 TOTAL             MM   5
 24 HR TOTAL       MM
TOTALS            5.1               1.1     4.0      7.4
SINCE 7/1        25.7              16.2     9.5     22.4
SNOWDEPTH AVG.      0                MM      MM        0
DAYS >= 1.0         1               0.4     0.6        1
GREATEST
 SNOW DEPTH         1   03/21                          7  03/06
                        03/04
 24 HR TOTAL      4.3   MM                           7.0

DEGREE_DAYS
HEATING TOTAL     531               706    -175      827
 SINCE 7/1       3412              4297    -885     4702
COOLING TOTAL       3                 0       3        0
 SINCE 1/1          3                 0       3        0
.................................................................

WIND (MPH)
AVERAGE WIND SPEED              9.9
HIGHEST WIND SPEED/DIRECTION    35/300    DATE  03/28
HIGHEST GUST SPEED/DIRECTION    45/300    DATE  03/28

SKY COVER
POSSIBLE SUNSHINE (PERCENT)   MM
AVERAGE SKY COVER           0.30
NUMBER OF DAYS FAIR           18
NUMBER OF DAYS PC              9
NUMBER OF DAYS CLOUDY          4

AVERAGE RH (PERCENT)     64

WEATHER CONDITIONS. NUMBER OF DAYS WITH
THUNDERSTORM              0     MIXED PRECIP               0
HEAVY RAIN                4     RAIN                       5
LIGHT RAIN               11     FREEZING RAIN              0
LT FREEZING RAIN          0     HEAVY SNOW                 0
SNOW                      1     LIGHT SNOW                 4
SLEET                     2     FOG                       15
FOG W/VIS <= 1/4 MILE     2     HAZE                       3

-  INDICATES NEGATIVE NUMBERS.
R  INDICATES RECORD WAS SET OR TIED.
MM INDICATES DATA IS MISSING.
T  INDICATES TRACE AMOUNT.

$$
