000
CXAK58 PADQ 011413
CLMADQ


CLIMATE REPORT
NATIONAL WEATHER SERVICE ANCHORAGE, AK
613 AM AKDT THU JUN 1 2017

...................................

...THE KODIAK CLIMATE SUMMARY FOR THE MONTH OF MAY 2017...

CLIMATE NORMAL PERIOD 1981 TO 2010
CLIMATE RECORD PERIOD 1913 TO 2017

WEATHER         OBSERVED          NORMAL  DEPART  LAST YEAR`S
                 VALUE   DATE(S)  VALUE   FROM    VALUE  DATE(S)
                                          NORMAL
................................................................
TEMPERATURE (F)
RECORD
 HIGH              80   MM
 LOW               32   05/26/2017
HIGHEST            66                MM      MM       67
LOWEST             32R               MM      MM       36
AVG. MAXIMUM     51.2              49.9     1.3     54.4
AVG. MINIMUM     39.2              38.7     0.5     42.3
MEAN             45.2              44.3     0.9     48.3
DAYS MAX >= 90      0               0.0     0.0        0
DAYS MAX <= 32      0               0.0     0.0        0
DAYS MIN <= 32      1               2.3    -1.3        0
DAYS MIN <= 0       0               0.0     0.0        0

PRECIPITATION (INCHES)
RECORD
 MAXIMUM           MM   MM
 MINIMUM           MM   MM
TOTALS           7.17              5.62    1.55     3.25
DAILY AVG.       0.23              0.18    0.05     0.10
DAYS >= .01        18              16.3     1.7       13
DAYS >= .10        13               9.9     3.1        8
DAYS >= .50         5               3.7     1.3        4
DAYS >= 1.00        2               1.5     0.5        0
GREATEST
 24 HR. TOTAL    1.92   05/06 TO 05/06           05/05 TO 05/05
                                                          05/29 TO 05/29
                                                          05/29 TO 05/29
 STORM TOTAL       MM                                 MM
 (MM/DD(HH))            MM                    05/05(00) TO 05/05(00)
                                                 05/29(00) TO 05/29(00)9
                                                 05/29(00) TO 05/29(00)9

SNOWFALL (INCHES)
RECORDS
 TOTAL             MM   MM
 24 HR TOTAL       MM
 SNOW DEPTH        MM   MM
TOTALS            0.0               0.2    -0.2      0.0
SINCE 7/1        28.4              68.9   -40.5      0.0
SNOWDEPTH AVG.      0                MM      MM        0
DAYS >= TRACE       0               0.2    -0.2        0
DAYS >= 1.0         0               0.1    -0.1
GREATEST
 SNOW DEPTH         0   MM                             0  MM
 24 HR TOTAL      0.0   05/31 TO 05/31           05/29 TO 05/29
                                                          05/29 TO 05/29
                                                          05/29 TO 05/29
 STORM TOTAL       MM                                 MM
 (MM/DD(HH))            MM

DEGREE_DAYS
HEATING TOTAL     607               642     -35      475
 SINCE 7/1       7808              8334    -526     6115
COOLING TOTAL       0                 0       0        0
 SINCE 1/1          0                 0       0        0

FREEZE DATES
RECORD
 EARLIEST     MM
 LATEST       MM
EARLIEST                        MM
LATEST                          MM
..........................................................

WIND (MPH)
AVERAGE WIND SPEED              9.9
RESULTANT WIND SPEED/DIRECTION   2/053
HIGHEST WIND SPEED/DIRECTION    35/020    DATE  05/02
HIGHEST GUST SPEED/DIRECTION    48/030    DATE  05/02

SKY COVER
POSSIBLE SUNSHINE (PERCENT)   MM
AVERAGE SKY COVER           0.70
NUMBER OF DAYS FAIR            3
NUMBER OF DAYS PC             13
NUMBER OF DAYS CLOUDY         15

AVERAGE RH (PERCENT)     77

WEATHER CONDITIONS. NUMBER OF DAYS WITH
THUNDERSTORM              0     MIXED PRECIP               0
HEAVY RAIN                1     RAIN                       8
LIGHT RAIN               22     FREEZING RAIN              0
LT FREEZING RAIN          0     HAIL                       0
HEAVY SNOW                0     SNOW                       0
LIGHT SNOW                0     SLEET                      0
FOG                      16     FOG W/VIS <= 1/4 MILE      0
HAZE                      2

-  INDICATES NEGATIVE NUMBERS.
R  INDICATES RECORD WAS SET OR TIED.
MM INDICATES DATA IS MISSING.
T  INDICATES TRACE AMOUNT.

$$
