000
CXUS42 KFFC 011836
CLMAHN


CLIMATE REPORT
NATIONAL WEATHER SERVICE PEACHTREE CITY GA
235 PM EDT SUN OCT 1 2017

...................................

...THE ATHENS CLIMATE SUMMARY FOR THE MONTH OF SEPTEMBER 2017...

CLIMATE NORMAL PERIOD 1981 TO 2010
CLIMATE RECORD PERIOD 1898 TO 2017

WEATHER         OBSERVED          NORMAL  DEPART  LAST YEAR`S
                 VALUE   DATE(S)  VALUE   FROM    VALUE  DATE(S)
                                          NORMAL
................................................................
TEMPERATURE (F)
RECORD
 HIGH             108   09/08/1925
 LOW               30   09/24/1928
HIGHEST            92   09/28        MM      MM       96  09/08
                        09/27
LOWEST             51   09/07        MM      MM       50  09/30
AVG. MAXIMUM     84.1              84.0     0.1     90.0
AVG. MINIMUM     60.9              62.7    -1.8     65.4
MEAN             72.5              73.3    -0.8     77.7
DAYS MAX >= 90      5               5.3    -0.3       20
DAYS MAX <= 32      0               0.0     0.0        0
DAYS MIN <= 32      0               0.0     0.0        0
DAYS MIN <= 0       0               0.0     0.0        0

PRECIPITATION (INCHES)
RECORD
 MAXIMUM        11.84   2004
 MINIMUM         0.17   2005
TOTALS           4.19              3.94    0.25     1.22
DAILY AVG.       0.14              0.13    0.01     0.04
GREATEST
 24 HR. TOTAL    3.21   09/11 TO 09/11           09/17 TO 09/18
                                                          09/18 TO 09/18
                                                          09/18 TO 09/19

DEGREE_DAYS
HEATING TOTAL       9                10      -1        0
 SINCE 7/1          9                10      -1        0
COOLING TOTAL     243               260     -17      386
 SINCE 1/1       1882              1815      67     2300
..........................................................

WIND (MPH)
AVERAGE WIND SPEED              3.7
HIGHEST WIND SPEED/DIRECTION    36/060    DATE  09/11
HIGHEST GUST SPEED/DIRECTION    52/060    DATE  09/11

SKY COVER
POSSIBLE SUNSHINE (PERCENT)   MM
AVERAGE SKY COVER           0.20
NUMBER OF DAYS FAIR           24
NUMBER OF DAYS PC              3
NUMBER OF DAYS CLOUDY          3

AVERAGE RH (PERCENT)     73

WEATHER CONDITIONS. NUMBER OF DAYS WITH
THUNDERSTORM              0     MIXED PRECIP               0
HEAVY RAIN                2     RAIN                       2
LIGHT RAIN                5     FREEZING RAIN              0
LT FREEZING RAIN          0     HAIL                       0
HEAVY SNOW                0     SNOW                       0
LIGHT SNOW                0     SLEET                      0
FOG                      17     FOG W/VIS <= 1/4 MILE      0
HAZE                      0

-  INDICATES NEGATIVE NUMBERS.
R  INDICATES RECORD WAS SET OR TIED.
MM INDICATES DATA IS MISSING.
T  INDICATES TRACE AMOUNT.

$$
