000
CXUS55 KPUB 012244
CLMALS


CLIMATE REPORT
NATIONAL WEATHER SERVICE PUEBLO
338 PM MST SUN MAR 1 2015

...................................

...THE ALAMOSA CO CLIMATE SUMMARY FOR THE MONTH OF FEBRUARY 2015...

CLIMATE NORMAL PERIOD 1981 TO 2010
CLIMATE RECORD PERIOD 1932 TO 2015

WEATHER         OBSERVED          NORMAL  DEPART  LAST YEAR`S
                 VALUE   DATE(S)  VALUE   FROM    VALUE  DATE(S)
                                          NORMAL
................................................................
TEMPERATURE (F)
RECORD
 HIGH              66   02/25/1986
 LOW              -35   02/13/1948
HIGHEST            59   02/14        44      15       62  02/15
                        02/10
                        02/08
LOWEST             -3   02/17         0      -3      -10  02/06
AVG. MAXIMUM     45.6              39.9     5.7     43.7
AVG. MINIMUM     10.4               5.7     4.7     12.7
MEAN             28.0              22.8     5.2     28.2
DAYS MAX >= 90      0               0.0     0.0
DAYS MAX <= 32      6               6.0     0.0
DAYS MIN <= 32     28              27.9     0.1
DAYS MIN <= 0       2               8.5    -6.5

PRECIPITATION (INCHES)
RECORD
 MAXIMUM         1.42   1963
 MINIMUM         0.00   1907
TOTALS           1.01              0.26    0.75     0.05
DAILY AVG.       0.04              0.01    0.03
DAYS >= .01         8               3.9     4.1
DAYS >= .10         2               0.9     1.1
DAYS >= .50         0               0.0     0.0
DAYS >= 1.00        0               0.0     0.0
GREATEST
 24 HR. TOTAL    0.56   02/22 TO 02/23

SNOWFALL (INCHES)
RECORDS
 TOTAL           16.0   1963
TOTALS           15.9               3.8    12.1      1.6
SINCE 7/1        23.1              18.1     5.0     28.1
SNOWDEPTH AVG.      1
DAYS >= 1.0         3               1.3     1.7
GREATEST
 SNOW DEPTH         9   02/22                          2
 24 HR TOTAL      9.7   02/22 TO 02/23               1.0

DEGREE_DAYS
HEATING TOTAL    1032              1182    -150     1023
 SINCE 7/1       5492              6329    -837     6568
COOLING TOTAL       0                 0       0        0
 SINCE 1/1          0                 0       0        0
.................................................................

WIND (MPH)
AVERAGE WIND SPEED              5.2
HIGHEST WIND SPEED/DIRECTION    33/260    DATE  02/20
HIGHEST GUST SPEED/DIRECTION    40/250    DATE  02/20

SKY COVER
POSSIBLE SUNSHINE (PERCENT)   MM
AVERAGE SKY COVER           0.30
NUMBER OF DAYS FAIR           19
NUMBER OF DAYS PC              6
NUMBER OF DAYS CLOUDY          3

AVERAGE RH (PERCENT)     63

WEATHER CONDITIONS. NUMBER OF DAYS WITH
THUNDERSTORM              1     MIXED PRECIP               0
HEAVY RAIN                0     RAIN                       0
LIGHT RAIN                1     FREEZING RAIN              0
LT FREEZING RAIN          0     HAIL                       0
HEAVY SNOW                3     SNOW                       4
LIGHT SNOW                9     SLEET                      0
FOG                      10     FOG W/VIS <= 1/4 MILE      6
HAZE                      7

-  INDICATES NEGATIVE NUMBERS.
R  INDICATES RECORD WAS SET OR TIED.
MM INDICATES DATA IS MISSING.
T  INDICATES TRACE AMOUNT.

$$
