000
CXUS55 KPUB 021619
CLMALS


CLIMATE REPORT
NATIONAL WEATHER SERVICE PUEBLO
917 AM MST TUE FEB 2 2016

...................................

...THE ALAMOSA CO CLIMATE SUMMARY FOR THE MONTH OF JANUARY 2016...

CLIMATE NORMAL PERIOD 1981 TO 2010
CLIMATE RECORD PERIOD 1932 TO 2016

WEATHER         OBSERVED          NORMAL  DEPART  LAST YEAR`S
                 VALUE   DATE(S)  VALUE   FROM    VALUE  DATE(S)
                                          NORMAL
................................................................
TEMPERATURE (F)
RECORD
 HIGH              62   01/20/1971
 LOW              -50   01/28/1948
HIGHEST            50   01/30        36      14       54  01/26
LOWEST            -26   01/11        -5     -21       -9  01/23
                                                          01/02
                                                          01/01
AVG. MAXIMUM     31.2              34.3    -3.1     38.6
AVG. MINIMUM     -4.9              -1.7    -3.2      6.5
MEAN             13.1              16.3    -3.2     22.6
DAYS MAX >= 90      0               0.0     0.0
DAYS MAX <= 32     16              12.4     3.6
DAYS MIN <= 32     31              31.0     0.0
DAYS MIN <= 0      23              16.8     6.2

PRECIPITATION (INCHES)
RECORD
 MAXIMUM         1.09   2005
 MINIMUM            T   1981
                        1998
TOTALS           0.58              0.26    0.32     0.33
DAILY AVG.       0.02              0.01    0.01
DAYS >= .01         6               3.5     2.5
DAYS >= .10         1               0.9     0.1
DAYS >= .50         0               0.0     0.0
DAYS >= 1.00        0               0.0     0.0
GREATEST
 24 HR. TOTAL    0.47   01/08 TO 01/08

SNOWFALL (INCHES)
RECORDS
 TOTAL           15.8   1939
TOTALS            7.0               4.0     3.0      3.4
SINCE 7/1        14.7              14.3     0.4      7.3
SNOWDEPTH AVG.      1
DAYS >= 1.0         1               1.4    -0.4
GREATEST
 SNOW DEPTH         5   01/09                          1
                        01/08
 24 HR TOTAL      5.3   01/08 TO 01/08               2.1

DEGREE_DAYS
HEATING TOTAL    1603              1510      93     1308
 SINCE 7/1       4714              5147    -433     4460
COOLING TOTAL       0                 0       0        0
 SINCE 1/1          0                 0       0        0
.................................................................

WIND (MPH)
AVERAGE WIND SPEED              3.9
HIGHEST WIND SPEED/DIRECTION    32/240    DATE  01/31
HIGHEST GUST SPEED/DIRECTION    41/230    DATE  01/31

SKY COVER
POSSIBLE SUNSHINE (PERCENT)   MM
AVERAGE SKY COVER           0.30
NUMBER OF DAYS FAIR           22
NUMBER OF DAYS PC              6
NUMBER OF DAYS CLOUDY          3

AVERAGE RH (PERCENT)     70

WEATHER CONDITIONS. NUMBER OF DAYS WITH
THUNDERSTORM              0     MIXED PRECIP               0
HEAVY RAIN                0     RAIN                       0
LIGHT RAIN                0     FREEZING RAIN              0
LT FREEZING RAIN          0     HAIL                       0
HEAVY SNOW                1     SNOW                       2
LIGHT SNOW                9     SLEET                      0
FOG                      17     FOG W/VIS <= 1/4 MILE     11
HAZE                      7

-  INDICATES NEGATIVE NUMBERS.
R  INDICATES RECORD WAS SET OR TIED.
MM INDICATES DATA IS MISSING.
T  INDICATES TRACE AMOUNT.

$$
