000
CXUS55 KPUB 020234
CLMALS


CLIMATE REPORT
NATIONAL WEATHER SERVICE PUEBLO
830 PM MDT SAT JUL 1 2017

...................................

...THE ALAMOSA CO CLIMATE SUMMARY FOR THE MONTH OF JUNE 2017...

CLIMATE NORMAL PERIOD 1981 TO 2010
CLIMATE RECORD PERIOD 1932 TO 2017

WEATHER         OBSERVED          NORMAL  DEPART  LAST YEAR`S
                 VALUE   DATE(S)  VALUE   FROM    VALUE  DATE(S)
                                          NORMAL
................................................................
TEMPERATURE (F)
RECORD
 HIGH              95   06/26/1994
 LOW               23   06/03/1936
HIGHEST            90   06/20        81       9       93  06/19
                        06/21
LOWEST             32   06/14        37      -5       38  06/14
                                                          06/15
                                                          06/18
AVG. MAXIMUM     82.6              78.6     4.0     83.6
AVG. MINIMUM     42.0              40.6     1.4     44.2
MEAN             62.3              59.6     2.7     63.9
DAYS MAX >= 90      2               0.4     1.6
DAYS MAX <= 32      0               0.0     0.0
DAYS MIN <= 32      1               1.7    -0.7
DAYS MIN <= 0       0               0.0     0.0

PRECIPITATION (INCHES)
RECORD
 MAXIMUM         1.95   1933
 MINIMUM            T   1946
                        1980
                        2011
TOTALS           0.19              0.49   -0.30     0.51
DAILY AVG.       0.01              0.02   -0.01
DAYS >= .01         3               5.1    -2.1
DAYS >= .10         0               1.7    -1.7
DAYS >= .50         0               0.0     0.0
DAYS >= 1.00        0               0.0     0.0
GREATEST
 24 HR. TOTAL    0.15   06/01 TO 06/02

SNOWFALL (INCHES)
RECORDS
 TOTAL            1.2   1950
TOTALS            0.0               0.0     0.0      0.0
SINCE 7/1        42.2              27.6    14.6     43.0
SNOWDEPTH AVG.      0
DAYS >= 1.0         0               0.0     0.0
GREATEST
 SNOW DEPTH         0                                  0
 24 HR TOTAL      0.0   06/30                        0.0

DEGREE_DAYS
HEATING TOTAL      91               168     -77       56
 SINCE 7/1       7700              8594    -894     7868
COOLING TOTAL      18                 6      12       29
 SINCE 1/1         18                 6      12       29
.................................................................

WIND (MPH)
AVERAGE WIND SPEED              8.5
HIGHEST WIND SPEED/DIRECTION    45/280    DATE  06/22
HIGHEST GUST SPEED/DIRECTION    58/280    DATE  06/30

SKY COVER
POSSIBLE SUNSHINE (PERCENT)   MM
AVERAGE SKY COVER           0.10
NUMBER OF DAYS FAIR           30
NUMBER OF DAYS PC              0
NUMBER OF DAYS CLOUDY          0

AVERAGE RH (PERCENT)     49

WEATHER CONDITIONS. NUMBER OF DAYS WITH
THUNDERSTORM              4     MIXED PRECIP               0
HEAVY RAIN                2     RAIN                       0
LIGHT RAIN                8     FREEZING RAIN              0
LT FREEZING RAIN          0     HAIL                       0
HEAVY SNOW                0     SNOW                       0
LIGHT SNOW                0     SLEET                      0
FOG                       0     FOG W/VIS <= 1/4 MILE      0
HAZE                      1

-  INDICATES NEGATIVE NUMBERS.
R  INDICATES RECORD WAS SET OR TIED.
MM INDICATES DATA IS MISSING.
T  INDICATES TRACE AMOUNT.

$$
