000
CXUS55 KPUB 011724
CLMALS


CLIMATE REPORT
NATIONAL WEATHER SERVICE PUEBLO
1121 AM MDT FRI SEP 1 2017

...................................

...THE ALAMOSA CO CLIMATE SUMMARY FOR THE MONTH OF AUGUST 2017...

CLIMATE NORMAL PERIOD 1981 TO 2010
CLIMATE RECORD PERIOD 1932 TO 2017

WEATHER         OBSERVED          NORMAL  DEPART  LAST YEAR`S
                 VALUE   DATE(S)  VALUE   FROM    VALUE  DATE(S)
                                          NORMAL
................................................................
TEMPERATURE (F)
RECORD
 HIGH              91   08/17/2002
 LOW               30   08/25/2002
                        08/28/1964
                        08/25/1962
HIGHEST            85   08/19        81       4       85  08/01
LOWEST             39   08/30        42      -3       34  08/28
                        08/25
                        08/18
                        08/17
AVG. MAXIMUM     79.2              79.5    -0.3     76.8
AVG. MINIMUM     44.5              45.9    -1.4     44.7
MEAN             61.9              62.7    -0.8     60.8
DAYS MAX >= 90      0               0.0     0.0
DAYS MAX <= 32      0               0.0     0.0
DAYS MIN <= 32      0               0.1    -0.1
DAYS MIN <= 0       0               0.0     0.0

PRECIPITATION (INCHES)
RECORD
 MAXIMUM         5.40   1993
 MINIMUM         0.11   1944
TOTALS           0.73              1.27   -0.54     2.16
DAILY AVG.       0.02              0.04   -0.02
DAYS >= .01         9              10.0    -1.0
DAYS >= .10         2               3.6    -1.6
DAYS >= .50         0               0.5    -0.5
DAYS >= 1.00        0               0.1    -0.1
GREATEST
 24 HR. TOTAL    0.46   08/06 TO 08/07

SNOWFALL (INCHES)
RECORDS
 TOTAL            0.0   MM
TOTALS            0.0               0.0     0.0      0.0
SINCE 7/1           T               0.0     0.0      0.0
SNOWDEPTH AVG.      0
DAYS >= 1.0         0               0.0     0.0
GREATEST
 SNOW DEPTH         0   MM                             0
 24 HR TOTAL      0.0   08/31 TO 08/31               0.0

DEGREE_DAYS
HEATING TOTAL      90                84       6      131
 SINCE 7/1         99               129     -30      144
COOLING TOTAL       0                13     -13        9
 SINCE 1/1         76                51      25      115
.................................................................

WIND (MPH)
AVERAGE WIND SPEED              6.0
HIGHEST WIND SPEED/DIRECTION    39/020    DATE  08/27
HIGHEST GUST SPEED/DIRECTION    52/020    DATE  08/27

SKY COVER
POSSIBLE SUNSHINE (PERCENT)   MM
AVERAGE SKY COVER           0.20
NUMBER OF DAYS FAIR           25
NUMBER OF DAYS PC              6
NUMBER OF DAYS CLOUDY          0

AVERAGE RH (PERCENT)     60

WEATHER CONDITIONS. NUMBER OF DAYS WITH
THUNDERSTORM             13     MIXED PRECIP               0
HEAVY RAIN                2     RAIN                       2
LIGHT RAIN               19     FREEZING RAIN              0
LT FREEZING RAIN          0     HAIL                       0
HEAVY SNOW                0     SNOW                       0
LIGHT SNOW                0     SLEET                      0
FOG                       7     FOG W/VIS <= 1/4 MILE      4
HAZE                      4

-  INDICATES NEGATIVE NUMBERS.
R  INDICATES RECORD WAS SET OR TIED.
MM INDICATES DATA IS MISSING.
T  INDICATES TRACE AMOUNT.

$$
