000
CXUS54 KAMA 011738
CLMAMA


CLIMATE REPORT
NATIONAL WEATHER SERVICE AMARILLO TX
1238 PM CDT SAT APR 1 2017

...................................

...THE AMARILLO CLIMATE SUMMARY FOR THE MONTH OF MARCH 2017...

CLIMATE NORMAL PERIOD 1981 TO 2010
CLIMATE RECORD PERIOD 1892 TO 2017

WEATHER         OBSERVED          NORMAL  DEPART  LAST YEAR`S
                 VALUE   DATE(S)  VALUE   FROM    VALUE  DATE(S)
                                          NORMAL
................................................................
TEMPERATURE (F)
RECORD
 HIGH              96   03/20/1907
                        03/19/1907
 LOW               -3   03/11/1948
HIGHEST            92   03/19                         85  03/22
LOWEST             22   03/01                         18  03/20
AVG. MAXIMUM     70.7              62.5     8.2     69.1
AVG. MINIMUM     37.1              33.3     3.8     36.7
MEAN             53.9              47.9     6.0     52.9
DAYS MAX >= 90      2               0.1     1.9        0
DAYS MAX <= 32      0               0.6    -0.6        0
DAYS MIN <= 32      9              13.0    -4.0        8
DAYS MIN <= 0       0               0.0     0.0        0

PRECIPITATION (INCHES)
RECORD
 MAXIMUM         4.14   2000
 MINIMUM            T   1950
                        1944
                        1936
TOTALS           1.98              1.39    0.59     0.27
DAILY AVG.       0.06              0.04    0.02     0.01
DAYS >= .01         5               6.0    -1.0        3
DAYS >= .10         3               3.2    -0.2        2
DAYS >= .50         2               0.8     1.2        0
DAYS >= 1.00        0               0.3    -0.3        0
GREATEST
 24 HR. TOTAL    0.98   03/28 TO 03/28

SNOWFALL (INCHES)
RECORDS
 TOTAL           21.5   1934
TOTALS            0.0               2.9    -2.9      1.3
SINCE 7/1         8.0              16.9    -8.9     13.4
DAYS >= TRACE       0               1.9    -1.9        2
DAYS >= 1.0         0               0.9    -0.9        0
GREATEST
 SNOW DEPTH         0   MM
 24 HR TOTAL      0.0   03/31 TO 03/31

DEGREE_DAYS
HEATING TOTAL     347               532    -185      370
 SINCE 7/1       2905              3809    -904     3111
COOLING TOTAL      12                 2      10        2
 SINCE 1/1         17                 2      15        3
.................................................................

WIND (MPH)
AVERAGE WIND SPEED              14.5
HIGHEST WIND SPEED/DIRECTION    48/200    DATE  03/23
HIGHEST GUST SPEED/DIRECTION    59/210    DATE  03/23

SKY COVER
POSSIBLE SUNSHINE (PERCENT)   MM
NUMBER OF DAYS FAIR           24
NUMBER OF DAYS PC              4
NUMBER OF DAYS CLOUDY          3

AVERAGE RH (PERCENT)     54

WEATHER CONDITIONS. NUMBER OF DAYS WITH
THUNDERSTORM              0     MIXED PRECIP               0
HEAVY RAIN                2     RAIN                       3
LIGHT RAIN                6     FREEZING RAIN              0
LT FREEZING RAIN          0     HAIL                       0
HEAVY SNOW                0     SNOW                       0
LIGHT SNOW                0     SLEET                      0
FOG                      10     FOG W/VIS <= 1/4 MILE      1
HAZE                      2

-  INDICATES NEGATIVE NUMBERS.
R  INDICATES RECORD WAS SET OR TIED.
MM INDICATES DATA IS MISSING.
T  INDICATES TRACE AMOUNT.

$$
