000
CXUS52 KJAX 022120 RRA
CLMAMG

CLIMATE REPORT
NATIONAL WEATHER SERVICE JACKSONVILLE FL
1018 AM EDT TUE AUG 1 2017

...................................

...THE ALMA CLIMATE SUMMARY FOR THE MONTH OF JULY 2017...

CLIMATE NORMAL PERIOD 1981 TO 2010
CLIMATE RECORD PERIOD 1948 TO 2017

WEATHER         OBSERVED          NORMAL  DEPART  LAST YEAR`S
                 VALUE   DATE(S)  VALUE   FROM    VALUE  DATE(S)
                                          NORMAL
................................................................
TEMPERATURE (F)
RECORD
 HIGH             104   07/20/2000
 LOW               56   07/16/1967
HIGHEST            99   07/05        92       7       99  07/30
                                                          07/29
                                                          07/28
LOWEST             64   07/31        72      -8       68  07/18
                                                          07/13
AVG. MAXIMUM     93.3              92.4     0.9     96.2
AVG. MINIMUM     72.7              71.7     1.0     72.6
MEAN             83.0              82.0     1.0     84.4
DAYS MAX >= 90     25              23.3     1.7       30
DAYS MAX <= 32      0               0.0     0.0        0
DAYS MIN <= 32      0               0.0     0.0        0
DAYS MIN <= 0       0               0.0     0.0        0

PRECIPITATION (INCHES)
RECORD
 MAXIMUM        12.17   1971
 MINIMUM         0.41   2014
TOTALS           5.46              5.33    0.13     1.63
DAILY AVG.       0.18              0.17    0.01     0.05
DAYS >= .01        14              13.1     0.9        7
DAYS >= .10        12               8.7     3.3        4
DAYS >= .50         2               3.4    -1.4        1
DAYS >= 1.00        2               1.4     0.6        0
GREATEST
 24 HR. TOTAL    1.56

SNOWFALL (INCHES)
RECORDS
 TOTAL             MM   MM
TOTALS            0.0               0.0     0.0      0.0
SINCE 7/1         0.0               0.0     0.0      0.0
SNOWDEPTH AVG.      0                MM      MM        0
DAYS >= 1.0         0               0.0     0.0        0
GREATEST
 SNOW DEPTH         0   MM                             0  MM
 24 HR TOTAL      0.0

DEGREE_DAYS
HEATING TOTAL       0                 0       0        0
 SINCE 7/1          0                 0       0        0
COOLING TOTAL     566               529      37      606
 SINCE 1/1       1611              1402     209     1532
.................................................................

WIND (MPH)
AVERAGE WIND SPEED              3.8
HIGHEST WIND SPEED/DIRECTION    23/300    DATE  07/21
HIGHEST GUST SPEED/DIRECTION    30/270    DATE  07/08

SKY COVER
POSSIBLE SUNSHINE (PERCENT)   MM
AVERAGE SKY COVER           0.30
NUMBER OF DAYS FAIR           22
NUMBER OF DAYS PC              9
NUMBER OF DAYS CLOUDY          0

AVERAGE RH (PERCENT)     72

WEATHER CONDITIONS. NUMBER OF DAYS WITH
THUNDERSTORM              0     MIXED PRECIP               0
HEAVY RAIN               10     RAIN                      10
LIGHT RAIN               18     FREEZING RAIN              0
LT FREEZING RAIN          0     HAIL                       0
HEAVY SNOW                0     SNOW                       0
LIGHT SNOW                0     SLEET                      0
FOG                      26     FOG W/VIS <= 1/4 MILE      3
HAZE                      7

-  INDICATES NEGATIVE NUMBERS.
R  INDICATES RECORD WAS SET OR TIED.
MM INDICATES DATA IS MISSING.
T  INDICATES TRACE AMOUNT.

$$
