000
CXUS53 KAPX 022328
CLMANJ


CLIMATE REPORT
NATIONAL WEATHER SERVICE GAYLORD MI
626 PM EST FRI FEB 2 2018

...................................

...THE SAULT STE MARIE MI CLIMATE SUMMARY FOR THE MONTH OF JANUARY 2018...

CLIMATE NORMAL PERIOD 1981 TO 2010
CLIMATE RECORD PERIOD 1888 TO 2018

WEATHER         OBSERVED          NORMAL  DEPART  LAST YEAR`S
                 VALUE   DATE(S)  VALUE   FROM    VALUE  DATE(S)
                                          NORMAL
................................................................
TEMPERATURE (F)
RECORD
 HIGH              48   01/29/1914
 LOW              -36   01/10/1982
HIGHEST            45   01/27        MM      MM       39  01/25
LOWEST            -17   01/06        MM      MM       -8  01/08
AVG. MAXIMUM     24.8              23.0     1.8     29.6
AVG. MINIMUM      9.5               7.6     1.9     19.9
MEAN             17.1              15.3     1.8     24.8
DAYS MAX >= 90      0               0.0     0.0        0
DAYS MAX <= 32     22              23.9    -1.9       17
DAYS MIN <= 32     30              30.3    -0.3       24
DAYS MIN <= 0       8               9.0    -1.0        2

PRECIPITATION (INCHES)
RECORD
 MAXIMUM           MM   MM
 MINIMUM           MM   MM
TOTALS           1.79              2.19   -0.40     2.66
DAILY AVG.       0.06              0.07   -0.01     0.09
DAYS >= .01        14              18.4    -4.4       20
DAYS >= .10         5               7.0    -2.0        9
DAYS >= .50         0               0.7    -0.7        1
DAYS >= 1.00        0               0.1    -0.1        0
GREATEST
 24 HR. TOTAL    0.42   01/11 TO 01/11
 STORM TOTAL       MM
 (MM/DD(HH))            MM

SNOWFALL (INCHES)
RECORDS
 TOTAL             MM   MM
TOTALS           19.2              31.4   -12.2     27.3
SINCE 7/1        74.9              81.6    -6.7     85.0
SNOWDEPTH AVG.     14                15      -1       15
DAYS >= TRACE      23              19.6     3.4       26
DAYS >= 1.0         9               9.6    -0.6        9
GREATEST
 SNOW DEPTH        16   01/26                         22  01/12
                        01/25
                        01/24
 24 HR TOTAL      3.2   01/22 TO 01/22               5.1

DEGREE_DAYS
HEATING TOTAL    1476              1541     -65
 SINCE 7/1       4546              4800    -254

FREEZE DATES
RECORD
 EARLIEST     MM
 LATEST       MM
EARLIEST                        MM
LATEST                          MM
.................................................................

WIND (MPH)
AVERAGE WIND SPEED              7.4
HIGHEST WIND SPEED/DIRECTION    23/290    DATE  01/11
HIGHEST GUST SPEED/DIRECTION    36/290    DATE  01/08

SKY COVER
POSSIBLE SUNSHINE (PERCENT)   MM
AVERAGE SKY COVER           0.70
NUMBER OF DAYS FAIR            5
NUMBER OF DAYS PC             10
NUMBER OF DAYS CLOUDY         16

AVERAGE RH (PERCENT)     73

WEATHER CONDITIONS. NUMBER OF DAYS WITH
THUNDERSTORM              0     MIXED PRECIP               0
HEAVY RAIN                0     RAIN                       0
LIGHT RAIN                2     FREEZING RAIN              0
LT FREEZING RAIN          1     HAIL                       0
HEAVY SNOW                2     SNOW                       6
LIGHT SNOW               21     SLEET                      0
FOG                      19     FOG W/VIS <= 1/4 MILE      5
HAZE                     15

-  INDICATES NEGATIVE NUMBERS.
R  INDICATES RECORD WAS SET OR TIED.
MM INDICATES DATA IS MISSING.
T  INDICATES TRACE AMOUNT.

$$
