000
CXUS51 KCTP 011012
CLMAOO

PHLCLMAOO 000
TTAA00 KCTP 010901


CLIMATE REPORT
NATIONAL WEATHER SERVICE STATE COLLEGE PA
510 AM EST WED MAR 1 2017

...................................

...THE ALTOONA CLIMATE SUMMARY FOR THE MONTH OF FEBRUARY 2017...

CLIMATE NORMAL PERIOD 1981 TO 2010
CLIMATE RECORD PERIOD 1948 TO 2017

WEATHER         OBSERVED          NORMAL  DEPART  LAST YEAR`S
                 VALUE   DATE(S)  VALUE   FROM    VALUE  DATE(S)
                                          NORMAL
................................................................
TEMPERATURE (F)
RECORD
 HIGH              75   02/24/2017
 LOW              -11   02/02/1961
HIGHEST            75R  02/24                         62  02/28
                                                          02/20
LOWEST             14   02/04                          2  02/14
AVG. MAXIMUM     49.2              37.2    12.0     38.8
AVG. MINIMUM     29.6              21.1     8.5     23.5
MEAN             39.4              29.2    10.2     31.1
DAYS MAX >= 90      0                MM      MM        0
DAYS MAX <= 32      4                MM      MM        9
DAYS MIN <= 32     19                MM      MM       22
DAYS MIN <= 0       0                MM      MM        0

PRECIPITATION (INCHES)
RECORD
 MAXIMUM         4.60   1971
 MINIMUM         0.46   2009
TOTALS           1.44              2.04   -0.60     2.20
DAILY AVG.       0.05              0.07   -0.02     0.08
DAYS >= .01         7                MM      MM        7
DAYS >= .10         4                MM      MM        5
DAYS >= .50         0                MM      MM        3
DAYS >= 1.00        0                MM      MM        0
GREATEST
 24 HR. TOTAL    0.40   02/07 TO 02/07           02/15 TO 02/16


DEGREE_DAYS
HEATING TOTAL     708              1004    -296      976
 SINCE 7/1       3667              4555    -888     3824
COOLING TOTAL       0                 0       0        0
 SINCE 1/1          0                 0       0        0
.........................................................

WIND (MPH)
AVERAGE WIND SPEED              9.8
HIGHEST WIND SPEED/DIRECTION    39/310    DATE  02/13
HIGHEST GUST SPEED/DIRECTION    55/310    DATE  02/12

SKY COVER
POSSIBLE SUNSHINE (PERCENT)   MM
AVERAGE SKY COVER           0.50
NUMBER OF DAYS FAIR            9
NUMBER OF DAYS PC              9
NUMBER OF DAYS CLOUDY         10

AVERAGE RH (PERCENT)     63

WEATHER CONDITIONS. NUMBER OF DAYS WITH
THUNDERSTORM              0     MIXED PRECIP               0
HEAVY RAIN                1     RAIN                       3
LIGHT RAIN                7     FREEZING RAIN              0
LT FREEZING RAIN          0     HAIL                       0
HEAVY SNOW                2     SNOW                       1
LIGHT SNOW               11     SLEET                      0
FOG                      10     FOG W/VIS <= 1/4 MILE      1
HAZE                      6

-  INDICATES NEGATIVE NUMBERS.
R  INDICATES RECORD WAS SET OR TIED.
MM INDICATES DATA IS MISSING.
T  INDICATES TRACE AMOUNT.

&&

$$

MARTIN
