000
CXUS51 KCTP 010744
CLMAOO

CLIMATE REPORT
NATIONAL WEATHER SERVICE STATE COLLEGE PA
236 AM EST FRI DEC 1 2017

...................................

...THE ALTOONA CLIMATE SUMMARY FOR THE MONTH OF NOVEMBER 2017...

CLIMATE NORMAL PERIOD 1981 TO 2010
CLIMATE RECORD PERIOD 1948 TO 2017

WEATHER         OBSERVED          NORMAL  DEPART  LAST YEAR`S
                 VALUE   DATE(S)  VALUE   FROM    VALUE  DATE(S)
                                          NORMAL
................................................................
TEMPERATURE (F)
RECORD
 HIGH              79   11/01/1950
 LOW                7   11/26/1950
                        11/25/1950
HIGHEST            67   11/03                         76  11/02
LOWEST             16   11/11                         23  11/23

AVG. MAXIMUM     51.0              49.7     1.3     55.1
AVG. MINIMUM     32.8              33.4    -0.6     34.4
MEAN             41.9              41.6     0.3     44.8
DAYS MAX >= 90      0                MM      MM        0
DAYS MAX <= 32      0                MM      MM        1
DAYS MIN <= 32     14                MM      MM       10
DAYS MIN <= 0       0                MM      MM        0

PRECIPITATION (INCHES)
RECORD
 MAXIMUM        10.90   1997
 MINIMUM         0.47   2012

TOTALS           1.84              3.23   -1.39     1.63
DAILY AVG.       0.06              0.11   -0.05     0.05
DAYS >= .01        11                MM      MM        7
DAYS >= .10         3                MM      MM        4
DAYS >= .50         1                MM      MM        1
DAYS >= 1.00        0                MM      MM        0
GREATEST
 24 HR. TOTAL    0.97   11/18 TO 11/18

DEGREE_DAYS
HEATING TOTAL     684               704     -20      598
 SINCE 7/1       1065              1319    -254      991
COOLING TOTAL       0                 0       0        0
 SINCE 1/1        655               531     124      873
.................................................

WIND (MPH)
AVERAGE WIND SPEED              7.3
HIGHEST WIND SPEED/DIRECTION    35/270    DATE  11/19
HIGHEST GUST SPEED/DIRECTION    47/280    DATE  11/19

SKY COVER
POSSIBLE SUNSHINE (PERCENT)   MM
AVERAGE SKY COVER           0.50
NUMBER OF DAYS FAIR           11
NUMBER OF DAYS PC             10
NUMBER OF DAYS CLOUDY          8

AVERAGE RH (PERCENT)     67

WEATHER CONDITIONS. NUMBER OF DAYS WITH
THUNDERSTORM              0     MIXED PRECIP               0
HEAVY RAIN                2     RAIN                       2
LIGHT RAIN               15     FREEZING RAIN              0
LT FREEZING RAIN          0     HAIL                       0
HEAVY SNOW                0     SNOW                       1
LIGHT SNOW                3     SLEET                      0
FOG                      11     FOG W/VIS <= 1/4 MILE      0
HAZE                      6

-  INDICATES NEGATIVE NUMBERS.
R  INDICATES RECORD WAS SET OR TIED.
MM INDICATES DATA IS MISSING.
T  INDICATES TRACE AMOUNT.

$$

LA CORTE
