000
CXUS52 KMFL 011410
CLMAPF


CLIMATE REPORT
NATIONAL WEATHER SERVICE MIAMI, FL
909 AM EST SUN JAN 1 2017

...................................

...THE NAPLES CLIMATE SUMMARY FOR THE MONTH OF DECEMBER 2016...

CLIMATE NORMAL PERIOD 1981 TO 2010
CLIMATE RECORD PERIOD 1942 TO 2016

WEATHER         OBSERVED          NORMAL  DEPART  LAST YEAR`S
                 VALUE   DATE(S)  VALUE   FROM    VALUE  DATE(S)
                                          NORMAL
................................................................
TEMPERATURE (F)
RECORD
 HIGH              99   12/16/2016
 LOW               27   12/26/1983
                        12/13/1962
HIGHEST            88   12/20                         89  12/25
                        12/19
LOWEST             47   12/31                         56  12/19
AVG. MAXIMUM     82.3              76.6     5.7     83.5
AVG. MINIMUM     64.2              57.0     7.2     68.7
MEAN             73.2              66.8     6.4     76.1
DAYS MAX >= 90      0                                  0
DAYS MAX <= 32      0                                  0
DAYS MIN <= 32      0                                  0
DAYS MIN <= 0       0                                  0

PRECIPITATION (INCHES)
RECORD
 MAXIMUM         6.28   1997
 MINIMUM            T   1975
TOTALS           0.35              1.45   -1.10     1.64
DAILY AVG.       0.01              0.05   -0.04     0.05
DAYS >= .01         5                                  4
DAYS >= .10         3                                  4
DAYS >= .50         0                                  1
DAYS >= 1.00        0                                  0
GREATEST
 24 HR. TOTAL    0.11   12/30 TO 12/30              0.83

DEGREE_DAYS
HEATING TOTAL       5                64     -59        0
 SINCE 7/1          9                78     -69        0
COOLING TOTAL     267               120     147      356
 SINCE 1/1       4419              3939     480     4838
.................................................................

WIND (MPH)
AVERAGE WIND SPEED              7.7
HIGHEST WIND SPEED/DIRECTION    25/160    DATE  12/05
HIGHEST GUST SPEED/DIRECTION    34/180    DATE  12/04

SKY COVER
POSSIBLE SUNSHINE (PERCENT)   MM
AVERAGE SKY COVER           0.30
NUMBER OF DAYS FAIR           20
NUMBER OF DAYS PC              9
NUMBER OF DAYS CLOUDY          2

AVERAGE RH (PERCENT)     76

WEATHER CONDITIONS. NUMBER OF DAYS WITH
THUNDERSTORM              0     MIXED PRECIP               0
HEAVY RAIN                0     RAIN                       2
LIGHT RAIN                4     FREEZING RAIN              0
LT FREEZING RAIN          0     HAIL                       0
HEAVY SNOW                0     SNOW                       0
LIGHT SNOW                0     SLEET                      0
FOG                      16     FOG W/VIS <= 1/4 MILE      7
HAZE                      8

-  INDICATES NEGATIVE NUMBERS.
R  INDICATES RECORD WAS SET OR TIED.
MM INDICATES DATA IS MISSING.
T  INDICATES TRACE AMOUNT.

$$
