000
CXUS53 KAPX 010603
CLMAPN


CLIMATE REPORT
NATIONAL WEATHER SERVICE GAYLORD MI
102 AM EST SUN FEB 1 2015

...................................

...THE ALPENA MI CLIMATE SUMMARY FOR THE MONTH OF JANUARY 2015...

CLIMATE NORMAL PERIOD 1981 TO 2010
CLIMATE RECORD PERIOD 1916 TO 2015

WEATHER         OBSERVED          NORMAL  DEPART  LAST YEAR`S
                 VALUE   DATE(S)  VALUE   FROM    VALUE  DATE(S)
                                          NORMAL
................................................................
TEMPERATURE (F)
RECORD
 HIGH              62   01/26/1944
 LOW              -28   01/16/1994
                        01/15/1963
HIGHEST            38   01/18        26      12       39  01/13
                        01/17                             01/11
LOWEST            -14   01/14         9     -23      -21  01/22
                                                          01/03
AVG. MAXIMUM     24.5              26.8    -2.3     20.3
AVG. MINIMUM      4.1              11.5    -7.4      3.8
MEAN             14.3              19.1    -4.8     12.0
DAYS MAX >= 90      0               0.0     0.0        0
DAYS MAX <= 32     26              21.4     4.6       26
DAYS MIN <= 32     31              30.0     1.0       31
DAYS MIN <= 0      12               5.8     6.2       15

PRECIPITATION (INCHES)
RECORD
 MAXIMUM           MM   MM
 MINIMUM           MM   MM
TOTALS           1.19              1.66   -0.47     1.45
DAILY AVG.       0.04              0.05   -0.01     0.05
DAYS >= .01        15              14.9     0.1       18
DAYS >= .10         5               4.9     0.1        5
DAYS >= .50         0               0.4    -0.4        0
DAYS >= 1.00        0               0.1    -0.1        0
GREATEST
 24 HR. TOTAL    0.44   01/29 TO 01/30
 STORM TOTAL       MM
 (MM/DD(HH))            MM

SNOWFALL (INCHES)
RECORDS
 TOTAL             MM   MM
 SNOW DEPTH        MM   MM
TOTALS           15.3              21.3    -6.0     15.5
SINCE 7/1        31.4              48.6   -17.2     42.5
SNOWDEPTH AVG.      4                 8      -4       10
DAYS >= TRACE      27              15.7    11.3       30
DAYS >= 1.0         6               7.7    -1.7        7
GREATEST
 SNOW DEPTH         6   01/31                         14  01/31
                        01/30                             01/30
                        01/29                             01/29
 24 HR TOTAL      5.0   01/29 TO 01/29               2.4

DEGREE_DAYS
HEATING TOTAL    1565              1421     144     1636
 SINCE 7/1       4636              4482     154     4978
COOLING TOTAL       0                 0       0        0
 SINCE 1/1          0                 0       0        0

FREEZE DATES
RECORD
 EARLIEST     MM
 LATEST       MM
EARLIEST                        MM
LATEST                          MM
.................................................................

WIND (MPH)
AVERAGE WIND SPEED              7.7
HIGHEST WIND SPEED/DIRECTION    28/320    DATE  01/07
HIGHEST GUST SPEED/DIRECTION    40/330    DATE  01/07

SKY COVER
POSSIBLE SUNSHINE (PERCENT)   MM
AVERAGE SKY COVER           0.70
NUMBER OF DAYS FAIR            3
NUMBER OF DAYS PC             16
NUMBER OF DAYS CLOUDY         12

AVERAGE RH (PERCENT)     74

WEATHER CONDITIONS. NUMBER OF DAYS WITH
THUNDERSTORM              0     MIXED PRECIP               0
HEAVY RAIN                0     RAIN                       0
LIGHT RAIN                1     FREEZING RAIN              0
LT FREEZING RAIN          1     HAIL                       0
HEAVY SNOW                2     SNOW                       5
LIGHT SNOW               25     SLEET                      0
FOG                      20     FOG W/VIS <= 1/4 MILE      2
HAZE                     13

-  INDICATES NEGATIVE NUMBERS.
R  INDICATES RECORD WAS SET OR TIED.
MM INDICATES DATA IS MISSING.
T  INDICATES TRACE AMOUNT.

$$
