000
CXUS54 KEWX 011710
CLMATT

SATCLMATT 000
TTAA00 KEWX 011704


CLIMATE REPORT
NATIONAL WEATHER SERVICE AUSTIN/SAN ANTONIO, TX
1210 PM CDT FRI APR 1 2016

...................................

...THE AUSTIN CAMP MABRY CLIMATE SUMMARY FOR THE MONTH OF MARCH 2016...

CLIMATE NORMAL PERIOD 1981 TO 2010
CLIMATE RECORD PERIOD 1897 TO 2016

WEATHER         OBSERVED          NORMAL  DEPART  LAST YEAR`S
                 VALUE   DATE(S)  VALUE   FROM    VALUE  DATE(S)
                                          NORMAL
................................................................
TEMPERATURE (F)
HIGHEST            92   03/15                         84  03/29
                        03/14                             03/28
                                                          03/25
LOWEST             35   03/21                         26  03/06
AVG. MAXIMUM     76.5              72.2     4.3     69.9
AVG. MINIMUM     55.6              51.3     4.3     50.5
MEAN             66.1              61.7     4.4     60.2
DAYS MAX >= 90      2                                  0
DAYS MAX <= 32      0                                  0
DAYS MIN <= 32      0                                  2
DAYS MIN <= 0       0                                  0

PRECIPITATION (INCHES)
TOTALS           3.51              2.76    0.75     4.83
DAILY AVG.       0.11              0.09    0.02     0.16
DAYS >= .01        11                                 13
DAYS >= .10         5                                  7
DAYS >= .50         1                                  2
DAYS >= 1.00        1                                  2
GREATEST
 24 HR. TOTAL    2.18   03/09 TO 03/09

SNOWFALL (INCHES)
TOTALS            0.0               0.0     0.0        T
SINCE 7/1         0.0

DEGREE_DAYS
HEATING TOTAL      69               162     -93      203
 SINCE 7/1       1066              1499    -433     1686
COOLING TOTAL     110                61      49       62
 SINCE 1/1        149                88      61       73
.................................................................

WIND (MPH)
AVERAGE WIND SPEED              6.1
HIGHEST WIND SPEED/DIRECTION    21/160    DATE  03/07
HIGHEST GUST SPEED/DIRECTION    33/170    DATE  03/07

SKY COVER
POSSIBLE SUNSHINE (PERCENT)   MM
AVERAGE SKY COVER           0.50
NUMBER OF DAYS FAIR           14
NUMBER OF DAYS PC              8
NUMBER OF DAYS CLOUDY          9

AVERAGE RH (PERCENT)     66

WEATHER CONDITIONS. NUMBER OF DAYS WITH
THUNDERSTORM              0     MIXED PRECIP               0
HEAVY RAIN                4     RAIN                       6
LIGHT RAIN               12     FREEZING RAIN              0
LT FREEZING RAIN          0     HAIL                       0
HEAVY SNOW                0     SNOW                       0
LIGHT SNOW                0     SLEET                      0
FOG                      17     FOG W/VIS <= 1/4 MILE      0
HAZE                      4

-  INDICATES NEGATIVE NUMBERS.
R  INDICATES RECORD WAS SET OR TIED.
MM INDICATES DATA IS MISSING.
T  INDICATES TRACE AMOUNT.

&&

MONTHLY CLIMATE SUMMARY:
MARCH 2016 WAS THE 14TH WARMEST AND 24TH WETTEST
MARCH SINCE RECORD KEEPING BEGAN.

SEA LEVEL PRESSURE DATA:
HIGHEST SLP 30.47 INCHES ON THE 21ST
LOWEST  SLP 29.58 INCHES ON THE 8TH

PRELIMINARY LOCAL CLIMATOLOGICAL DATA (WS FORM: F-6)

                                          STATION:   AUSTIN CAMP MABRY
                                          MONTH:     MARCH
                                          YEAR:      2016
                                          LATITUDE:   30 17 N
                                          LONGITUDE:  97 42 W

  TEMPERATURE IN F:       :PCPN:    SNOW:  WIND      :SUNSHINE: SKY     :PK WND
================================================================================
1   2   3   4   5  6A  6B    7    8   9   10  11  12  13   14  15   16   17  18
                                     12Z  AVG MX 2MIN
DY MAX MIN AVG DEP HDD CDD  WTR  SNW DPTH SPD SPD DIR MIN PSBL S-S WX    SPD DR
================================================================================

 1  81  59  70  12   0   5 0.00  0.0    0  7.9 16 350   M    M   5        28 360
 2  78  49  64   6   1   0 0.00  0.0    0  5.6 16 150   M    M   2        25 160
 3  83  62  73  15   0   8 0.00  0.0    0  7.4 17  30   M    M   4        28  40
 4  76  45  61   2   4   0 0.00  0.0    0  4.0 12 170   M    M   0        22 160
 5  79  57  68   9   0   3 0.00  0.0    0  5.9 12 130   M    M   4        18 150
 6  77  58  68   9   0   3 0.00  0.0    0  8.6 16 140   M    M   8 1      26 150
 7  76  64  70  10   0   5 0.01  0.0    0 10.7 21 160   M    M  10 1      33 170
 8  83  68  76  16   0  11 0.22  0.0    0  9.3 17 160   M    M   7 13     30 140
 9  71  59  65   5   0   0 2.18  0.0    0  7.9 15  30   M    M  10 13     27  40
10  64  58  61   1   4   0 0.40  0.0    0  7.6 16 360   M    M  10 1      26 350
11  71  59  65   5   0   0 0.36  0.0    0  3.2  9  30   M    M  10 13     15  40
12  74  57  66   5   0   1    T  0.0    0  3.5  9 190   M    M   6        16 330
13  85  56  71  10   0   6 0.00  0.0    0  4.0 15 250   M    M   1 1      25 280
14  92  54  73  12   0   8 0.00  0.0    0  5.1 14 230   M    M   0        26 230
15  92  67  80  18   0  15 0.00  0.0    0  5.6 12  20   M    M   3 18     20  20
16  81  61  71   9   0   6 0.00  0.0    0  4.9 13 150   M    M   3 8      17 130
17  79  67  73  11   0   8 0.02  0.0    0  3.9  7 110   M    M   7 1      12 150
18  79  56  68   6   0   3 0.07  0.0    0  4.5 17 360   M    M   9 138    25 350
19  62  47  55  -7  10   0 0.00  0.0    0 10.5 18 360   M    M   4        29  10
20  64  42  53 -10  12   0 0.00  0.0    0  5.4 15 360   M    M   0        23  10
21  68  35  52 -11  13   0 0.00  0.0    0  4.0 12 160   M    M   0        20 170
22  78  45  62  -1   3   0 0.00  0.0    0  8.7 17 160   M    M   2        31 180
23  82  65  74  10   0   9 0.05  0.0    0  9.2 15 150   M    M   9 1      27 160
24  70  48  59  -5   6   0 0.15  0.0    0  7.5 17 340   M    M   1 13     28 310
25  73  41  57  -7   8   0 0.00  0.0    0  3.7 12 160   M    M   0        19 140
26  74  48  61  -3   4   0 0.00  0.0    0  3.7 13 150   M    M   2 1      20 150
27  74  56  65   1   0   0    T  0.0    0  4.9 15 360   M    M   4 1      24 350
28  75  48  62  -3   3   0 0.00  0.0    0  4.1 10 130   M    M   1        18  40
29  69  58  64  -1   1   0 0.02  0.0    0  5.9 13 140   M    M  10 1      22 140
30  77  68  73   8   0   8 0.03  0.0    0  7.2 14 160   M    M  10 1      24 150
31  86  66  76  11   0  11 0.00  0.0    0  5.0 12  30   M    M   3 18     18  40
================================================================================
SM 2373 1723        69 110  3.51     0.0 189.4          M      145
================================================================================
AV 76.5 55.6                               6.1 FASTST   M    M   5    MAX(MPH)
                                 MISC ---->  # 21 160               # 33  170
================================================================================
NOTES:
# LAST OF SEVERAL OCCURRENCES

COLUMN 17 PEAK WIND IN M.P.H.

SYMBOLS USED IN COLUMN 16
1 = FOG OR MIST
2 = FOG REDUCING VISIBILITY
3 = THUNDER
4 = ICE PELLETS
5 = HAIL
6 = FREEZING RAIN OR DRIZZLE
7 = DUSTSTORM OR SANDSTORM:
8 = SMOKE OR HAZE
9 = BLOWING SNOW
X = TORNADO


$$
