000
CXUS54 KEWX 041837 CCA
CLMATT

CXUS54 KEWX DDHHMM
CLMATT

SATCLMATT 000
TTAA00 KEWX 011556


CLIMATE REPORT
NATIONAL WEATHER SERVICE AUSTIN/SAN ANTONIO, TX
135 PM CDT FRI SEP 4 2015

...................................

...THE AUSTIN CAMP MABRY CLIMATE SUMMARY FOR THE MONTH OF AUGUST 2015...

...CORRECTED MISSING SNOW DEPTH IN CF6 FOR AUGUST 12TH...

CLIMATE NORMAL PERIOD 1981 TO 2010
CLIMATE RECORD PERIOD 1897 TO 2015

WEATHER         OBSERVED          NORMAL  DEPART  LAST YEAR`S
                 VALUE   DATE(S)  VALUE   FROM    VALUE  DATE(S)
                                          NORMAL
................................................................
TEMPERATURE (F)
HIGHEST           105   08/12                        104  08/16
                        08/11
LOWEST             71   08/29                         68  08/02
AVG. MAXIMUM     99.3              97.0     2.3     99.0
AVG. MINIMUM     75.5              74.6     0.9     75.3
MEAN             87.4              85.8     1.6     87.1
DAYS MAX >= 90     30                                 31
DAYS MAX <= 32      0                                  0
DAYS MIN <= 32      0                                  0
DAYS MIN <= 0       0                                  0

PRECIPITATION (INCHES)
TOTALS           0.35              2.35   -2.00     0.12
DAILY AVG.       0.01              0.08   -0.07     0.00
DAYS >= .01         1                                  2
DAYS >= .10         1                                  0
DAYS >= .50         0                                  0
DAYS >= 1.00        0                                  0
GREATEST
 24 HR. TOTAL    0.35   08/20 TO 08/20
                        08/19 TO 08/20
                        08/20 TO 08/20

SNOWFALL (INCHES)
TOTALS            0.0               0.0     0.0      0.0
SINCE 7/1         0.0

DEGREE_DAYS
HEATING TOTAL       0                 0       0        0
 SINCE 7/1          0                 0       0        0
COOLING TOTAL     703               645      58      693
 SINCE 1/1       2440              2394      46     2393
.................................................................

WIND (MPH)
AVERAGE WIND SPEED              4.3
HIGHEST WIND SPEED/DIRECTION    16/140    DATE  08/31
HIGHEST GUST SPEED/DIRECTION    24/130    DATE  08/31

SKY COVER
POSSIBLE SUNSHINE (PERCENT)   MM
AVERAGE SKY COVER           0.10
NUMBER OF DAYS FAIR           27
NUMBER OF DAYS PC              4
NUMBER OF DAYS CLOUDY          0

AVERAGE RH (PERCENT)     58

WEATHER CONDITIONS. NUMBER OF DAYS WITH
THUNDERSTORM              0     MIXED PRECIP               0
HEAVY RAIN                1     RAIN                       1
LIGHT RAIN                2     FREEZING RAIN              0
LT FREEZING RAIN          0     HAIL                       0
HEAVY SNOW                0     SNOW                       0
LIGHT SNOW                0     SLEET                      0
FOG                       2     FOG W/VIS <= 1/4 MILE      0
HAZE                      1

-  INDICATES NEGATIVE NUMBERS.
R  INDICATES RECORD WAS SET OR TIED.
MM INDICATES DATA IS MISSING.
T  INDICATES TRACE AMOUNT.

&&

[MONTHLY CLIMATE SUMMARY]
AUGUST 2015 WAS THE 10TH WARMEST AND 25TH DRIEST SINCE RECORD
KEEPING BEGAN.

[SEA LEVEL PRESSURE DATA]
HIGHEST SLP OF 30.12 ON THE 26TH
LOWEST  SLP OF 29.69 ON THE 18TH

PRELIMINARY LOCAL CLIMATOLOGICAL DATA (WS FORM: F-6)

                                          STATION:   AUSTIN CAMP MABRY
                                          MONTH:     AUGUST
                                          YEAR:      2015
                                          LATITUDE:   30 17 N
                                          LONGITUDE:  97 42 W

  TEMPERATURE IN F:       :PCPN:    SNOW:  WIND      :SUNSHINE: SKY     :PK WND
================================================================================
1   2   3   4   5  6A  6B    7    8   9   10  11  12  13   14  15   16   17  18
                                     12Z  AVG MX 2MIN
DY MAX MIN AVG DEP HDD CDD  WTR  SNW DPTH SPD SPD DIR MIN PSBL S-S WX    SPD DR
================================================================================

 1  99  73  86   0   0  21 0.00  0.0    0  2.7 10 100   M    M   0        17  20
 2 100  75  88   2   0  23 0.00  0.0    0  2.9 10 120   M    M   0        16 120
 3  99  75  87   1   0  22 0.00  0.0    0  3.8 13 120   M    M   0        17 100
 4 100  77  89   3   0  24 0.00  0.0    0  6.0 12 190   M    M   1        22 160
 5 101  78  90   4   0  25 0.00  0.0    0  6.7 13 150   M    M   2        21 150
 6 102  77  90   4   0  25 0.00  0.0    0  6.7 13 160   M    M   2        22 220
 7 101  76  89   3   0  24 0.00  0.0    0  6.4 13 160   M    M   1        22 150
 8 102  78  90   4   0  25 0.00  0.0    0  6.1 13 160   M    M   0        21 160
 9 103  76  90   4   0  25 0.00  0.0    0  5.5 12 140   M    M   2        19 150
10 104  75  90   4   0  25 0.00  0.0    0  3.7 10 150   M    M   1        17 150
11 105  75  90   4   0  25 0.00  0.0    0  2.9 10 100   M    M   0        20 100
12 105  79  92   6   0  27 0.00  0.0    0  2.6 13 120   M    M   1        20 110
13 104  78  91   5   0  26 0.00  0.0    0  2.9 10  40   M    M   1        19  10
14 101  78  90   4   0  25 0.00  0.0    0  4.1 10 150   M    M   1        17 130
15  98  79  89   3   0  24 0.00  0.0    0  3.1 10 130   M    M   4 3      16 110
16  98  75  87   1   0  22 0.00  0.0    0  3.9 13 160   M    M   1 8      19 160
17  98  74  86   0   0  21 0.00  0.0    0  4.0 12 140   M    M   1        17 170
18  99  76  88   2   0  23 0.00  0.0    0  7.2 14 160   M    M   3        23 150
19  99  78  89   3   0  24 0.00  0.0    0  5.5 13 130   M    M   3        20 170
20  84  73  79  -7   0  14 0.35  0.0    0  3.5 13 150   M    M   6 13     22 150
21  92  72  82  -4   0  17    T  0.0    0  4.7 14 140   M    M   7 1      23 140
22  99  75  87   1   0  22 0.00  0.0    0  6.3 13 160   M    M   4        22 210
23 101  76  89   3   0  24 0.00  0.0    0  4.9 12 160   M    M   2        18 150
24 101  76  89   4   0  24 0.00  0.0    0  2.2  9 120   M    M   0        15 110
25 101  77  89   4   0  24 0.00  0.0    0  3.4 12  80   M    M   0        23  60
26  98  73  86   1   0  21 0.00  0.0    0  2.7  8 160   M    M   1        13 110
27  98  74  86   1   0  21 0.00  0.0    0  3.5 12 130   M    M   0        18 150
28  98  72  85   0   0  20 0.00  0.0    0  4.4 12 130   M    M   0        18 160
29  95  71  83  -2   0  18 0.00  0.0    0  3.3  9 160   M    M   0        15 150
30  96  75  86   2   0  21 0.00  0.0    0  3.2 10 150   M    M   0        17 140
31  97  74  86   2   0  21 0.00  0.0    0  5.4 16 140   M    M   1        24 130
================================================================================
SM 3078 2340         0 703  0.35     0.0 134.2          M       45
================================================================================
AV 99.3 75.5                               4.3 FASTST   M    M   1    MAX(MPH)
                                 MISC ---->  # 16 140               # 24  130
================================================================================
NOTES:
# LAST OF SEVERAL OCCURRENCES

COLUMN 17 PEAK WIND IN M.P.H.

SYMBOLS USED IN COLUMN 16
1 = FOG OR MIST
2 = FOG REDUCING VISIBILITY
3 = THUNDER
4 = ICE PELLETS
5 = HAIL
6 = FREEZING RAIN OR DRIZZLE
7 = DUSTSTORM OR SANDSTORM:
8 = SMOKE OR HAZE
9 = BLOWING SNOW
X = TORNADO

$$
