000
CXUS51 KGYX 021809
CLMAUG

CLIMATE REPORT
NATIONAL WEATHER SERVICE GRAY ME
1048 AM EDT FRI MAY 1 2015

...................................

...THE AUGUSTA CLIMATE SUMMARY FOR THE MONTH OF APRIL 2015...

CLIMATE NORMAL PERIOD 1981 TO 2010
CLIMATE RECORD PERIOD 1948 TO 2015

WEATHER         OBSERVED          NORMAL  DEPART  LAST YEAR`S
                 VALUE   DATE(S)  VALUE   FROM    VALUE  DATE(S)
                                          NORMAL
................................................................
TEMPERATURE (F)
RECORD
 HIGH              90   04/28/2009
                        04/27/1990
 LOW                9   04/04/1954
HIGHEST            68   04/13        75      -7       69  04/14
LOWEST             21   04/06        24      -3       19  04/17
                        04/05
                        04/01
AVG. MAXIMUM     51.5              53.1    -1.6     52.8
AVG. MINIMUM     33.6              34.6    -1.0     33.2
MEAN             42.6              43.9    -1.3     43.0
DAYS MAX >= 90      0               0.0     0.0        0
DAYS MAX <= 32      0               0.3    -0.3        0
DAYS MIN <= 32      9              10.3    -1.3       12
DAYS MIN <= 0       0               0.0     0.0        0

PRECIPITATION (INCHES)
RECORD
 MAXIMUM         9.06   2005
 MINIMUM         0.33   1999
TOTALS           4.36              3.79    0.57     2.63
DAILY AVG.       0.15              0.13    0.02     0.09
DAYS >= .01        18              11.8     6.2       13
DAYS >= .10         9               6.9     2.1        8
DAYS >= .50         3               2.7     0.3        2
DAYS >= 1.00        1               0.8     0.2        0
GREATEST
 24 HR. TOTAL    2.42   04/20 TO 04/21

DEGREE_DAYS
HEATING TOTAL     666               635      31      651
 SINCE 7/1       7469              7004     465     7405
COOLING TOTAL       0                 0       0        0
 SINCE 1/1          0                 0       0        0
.................................................................

WIND (MPH)
AVERAGE WIND SPEED              8.1
HIGHEST WIND SPEED/DIRECTION    31/350    DATE  04/28
HIGHEST GUST SPEED/DIRECTION    41/340    DATE  04/28

SKY COVER
AVERAGE SKY COVER           0.50

AVERAGE RH (PERCENT)     61

WEATHER CONDITIONS. NUMBER OF DAYS WITH
THUNDERSTORM              0     HEAVY RAIN                 3
RAIN                      6     LIGHT RAIN                16
FREEZING RAIN             0     LT FREEZING RAIN           1
HEAVY SNOW                0     SNOW                       2
LIGHT SNOW                6     FOG                       15
FOG W/VIS <= 1/4 MILE     3     HAZE                       2

-  INDICATES NEGATIVE NUMBERS.
R  INDICATES RECORD WAS SET OR TIED.
MM INDICATES DATA IS MISSING.
T  INDICATES TRACE AMOUNT.

$$
