000
CXUS54 KEWX 011602
CLMAUS

SATCLMAUS 000
TTAA00 KEWX 011556


CLIMATE REPORT
NATIONAL WEATHER SERVICE AUSTIN/SAN ANTONIO, TX
1101 AM CDT TUE SEP 1 2015

...................................

...THE AUSTIN BERGSTROM CLIMATE SUMMARY FOR THE MONTH OF AUGUST 2015...

CLIMATE NORMAL PERIOD 1981 TO 2010
CLIMATE RECORD PERIOD 1943 TO 2015

WEATHER         OBSERVED          NORMAL  DEPART  LAST YEAR`S
                 VALUE   DATE(S)  VALUE   FROM    VALUE  DATE(S)
                                          NORMAL
................................................................
TEMPERATURE (F)
HIGHEST           103   08/12                        103  08/11
                        08/11                             08/07
                        08/10
LOWEST             64   08/28                         64  08/13
                                                          08/02
AVG. MAXIMUM     97.3              96.1     1.2     98.6
AVG. MINIMUM     71.0              71.3    -0.3     72.1
MEAN             84.2              83.7     0.5     85.4
DAYS MAX >= 90     30                                 31
DAYS MAX <= 32      0                                  0
DAYS MIN <= 32      0                                  0
DAYS MIN <= 0       0                                  0

PRECIPITATION (INCHES)
TOTALS           0.74              2.03   -1.29        T
DAILY AVG.       0.02              0.07   -0.05        T
DAYS >= .01         5                                  0
DAYS >= .10         3                                  0
DAYS >= .50         0                                  0
DAYS >= 1.00        0                                  0
GREATEST
 24 HR. TOTAL    0.55   08/20 TO 08/21

SNOWFALL (INCHES)
TOTALS            0.0                MM      MM      0.0
SINCE 7/1         0.0                MM      MM      0.0

DEGREE_DAYS
HEATING TOTAL       0                 0       0        0
 SINCE 7/1          0                 0       0        0
COOLING TOTAL     604               580      24      640
 SINCE 1/1       2095              2140     -45     2160
.................................................................

WIND (MPH)
AVERAGE WIND SPEED              6.5
HIGHEST WIND SPEED/DIRECTION    26/060    DATE  08/25
HIGHEST GUST SPEED/DIRECTION    33/090    DATE  08/17

SKY COVER
POSSIBLE SUNSHINE (PERCENT)   MM
AVERAGE SKY COVER           0.40
NUMBER OF DAYS FAIR           17
NUMBER OF DAYS PC             12
NUMBER OF DAYS CLOUDY          2

AVERAGE RH (PERCENT)     65

WEATHER CONDITIONS. NUMBER OF DAYS WITH
THUNDERSTORM              0     MIXED PRECIP               0
HEAVY RAIN                1     RAIN                       2
LIGHT RAIN                5     FREEZING RAIN              0
LT FREEZING RAIN          0     HAIL                       0
HEAVY SNOW                0     SNOW                       0
LIGHT SNOW                0     SLEET                      0
FOG                       4     FOG W/VIS <= 1/4 MILE      0
HAZE                      0

-  INDICATES NEGATIVE NUMBERS.
R  INDICATES RECORD WAS SET OR TIED.
MM INDICATES DATA IS MISSING.
T  INDICATES TRACE AMOUNT.

&&

[MONTHLY CLIMATE SUMMARY]
AUGUST 2015 WAS THE 26TH COOLEST AND 21ST DRIEST SINCE RECORD
KEEPING BEGAN.

[SEA LEVEL PRESSURE DATA]
HIGHEST SLP OF 30.11 ON THE 26TH
LOWEST  SLP OF 29.69 ON THE 18TH

PRELIMINARY LOCAL CLIMATOLOGICAL DATA (WS FORM: F-6)

                                          STATION:   AUSTIN BERGSTROM
                                          MONTH:     AUGUST
                                          YEAR:      2015
                                          LATITUDE:   30 13 N
                                          LONGITUDE:  97 40 W

  TEMPERATURE IN F:       :PCPN:    SNOW:  WIND      :SUNSHINE: SKY     :PK WND
================================================================================
1   2   3   4   5  6A  6B    7    8   9   10  11  12  13   14  15   16   17  18
                                     12Z  AVG MX 2MIN
DY MAX MIN AVG DEP HDD CDD  WTR  SNW DPTH SPD SPD DIR MIN PSBL S-S WX    SPD DR
================================================================================

 1  97  68  83  -1   0  18 0.00  0.0    0  5.4 15  90   M    M   3        20  90
 2  98  67  83  -1   0  18 0.00  0.0    0  4.6 14 170   M    M   1        22  80
 3  97  68  83  -1   0  18 0.00  0.0    0  4.9 16 110   M    M   1        23  60
 4  98  71  85   1   0  20 0.00  0.0    0  8.3 17 180   M    M   3        23 180
 5  99  77  88   4   0  23 0.00  0.0    0 10.7 21 170   M    M   3        28 170
 6 100  73  87   3   0  22 0.00  0.0    0 10.9 22 190   M    M   2        28 170
 7  99  74  87   3   0  22 0.00  0.0    0 10.8 21 180   M    M   1        26 180
 8 100  74  87   3   0  22 0.00  0.0    0 10.9 20 200   M    M   3        26 160
 9 101  74  88   4   0  23 0.00  0.0    0  9.4 16 170   M    M   3        21 180
10 103  71  87   3   0  22 0.00  0.0    0  6.1 15  70   M    M   3        20  80
11 103  68  86   2   0  21 0.00  0.0    0  3.9 14 130   M    M   2        18 130
12 103  74  89   5   0  24 0.00  0.0    0  3.5 23  60   M    M   5        31  70
13 102  75  89   5   0  24 0.00  0.0    0  5.6 17  40   M    M   3        25  10
14  99  74  87   3   0  22 0.00  0.0    0  6.3 16 140   M    M   4        20 180
15  97  74  86   2   0  21 0.02  0.0    0  4.7 18 130   M    M   6 3      21 140
16  97  70  84   0   0  19 0.00  0.0    0  4.7 21 140   M    M   3        26 150
17  95  69  82  -2   0  17 0.06  0.0    0  4.4 22  90   M    M   4        33  90
18  98  73  86   2   0  21 0.00  0.0    0 10.6 21 190   M    M   3        27 170
19  97  76  87   3   0  22 0.00  0.0    0  9.0 20 110   M    M   7        24 200
20  82  70  76  -8   0  11 0.39  0.0    0  6.6 17  10   M    M   9 13     21  50
21  90  70  80  -4   0  15 0.16  0.0    0  7.2 18 140   M    M   7 1      23 140
22  97  74  86   3   0  21 0.00  0.0    0 10.2 20 180   M    M   5 1      27 180
23  99  72  86   3   0  21 0.00  0.0    0  7.1 17 200   M    M   3 1      22 200
24  98  72  85   2   0  20 0.00  0.0    0  4.1 12  80   M    M   3        19 130
25  99  71  85   2   0  20 0.00  0.0    0  5.4 26  60   M    M   4        32  50
26  95  69  82  -1   0  17 0.00  0.0    0  3.3 12  70   M    M   4        19  70
27  96  67  82  -1   0  17 0.00  0.0    0  3.8 14 120   M    M   6        20 120
28  96  64  80  -2   0  15 0.00  0.0    0  5.1 14 150   M    M   2        18 220
29  94  65  80  -2   0  15 0.00  0.0    0  4.5 13  60   M    M   4        21 180
30  92  70  81  -1   0  16 0.00  0.0    0  4.0 15 150   M    M   8        20 150
31  96  67  82   0   0  17 0.11  0.0    0  5.9 24 120   M    M   5        29 130
================================================================================
SM 3017 2201         0 604  0.74     0.0 201.9          M      120
================================================================================
AV 97.3 71.0                               6.5 FASTST   M    M   4    MAX(MPH)
                                 MISC ---->  # 26  60               # 33   90
================================================================================

NOTES:
# LAST OF SEVERAL OCCURRENCES

COLUMN 17 PEAK WIND IN M.P.H.

SYMBOLS USED IN COLUMN 16
1 = FOG OR MIST
2 = FOG REDUCING VISIBILITY
3 = THUNDER
4 = ICE PELLETS
5 = HAIL
6 = FREEZING RAIN OR DRIZZLE
7 = DUSTSTORM OR SANDSTORM:
8 = SMOKE OR HAZE
9 = BLOWING SNOW
X = TORNADO

$$
