000
CXUS53 KGRB 020904
CLMAUW


CLIMATE REPORT
NATIONAL WEATHER SERVICE GREEN BAY
403 AM CDT SUN AUG 2 2015

...................................

...THE WAUSAU WI CLIMATE SUMMARY FOR THE MONTH OF JULY 2015...

CLIMATE NORMAL PERIOD 1981 TO 2010
CLIMATE RECORD PERIOD 1896 TO 2015

WEATHER         OBSERVED          NORMAL  DEPART  LAST YEAR`S
                 VALUE   DATE(S)  VALUE   FROM    VALUE  DATE(S)
                                          NORMAL
................................................................
TEMPERATURE (F)
RECORD
 HIGH             107   07/13/1936
 LOW               37   07/21/1904
HIGHEST            87   07/27        91      -4       87  07/22
                        07/25
                        07/18
LOWEST             46   07/01        48      -2       44  07/16
AVG. MAXIMUM     80.9              80.0     0.9     76.4
AVG. MINIMUM     58.1              58.6    -0.5     55.9
MEAN             69.5              69.3     0.2     66.2
DAYS MAX >= 90      0               1.9    -1.9        0
DAYS MAX <= 32      0               0.0     0.0        0
DAYS MIN <= 32      0               0.0     0.0        0
DAYS MIN <= 0       0               0.0     0.0        0

PRECIPITATION (INCHES)
RECORD
 MAXIMUM        13.02   1900
 MINIMUM         0.94   1937
TOTALS           3.08              3.83   -0.75     2.60
DAILY AVG.       0.10              0.12   -0.02     0.08
DAYS >= .01         5              11.7    -6.7       13
DAYS >= .10         4               7.1    -3.1        8
DAYS >= .50         2               2.3    -0.3
DAYS >= 1.00        1               1.0     0.0        0
GREATEST
 STORM TOTAL       MM
 (MM/DD(HH))            MM

SNOWFALL (INCHES)
RECORDS
 TOTAL            0.0   MM
 24 HR TOTAL      0.0   MM
TOTALS            0.0               0.0     0.0      0.0
SINCE 7/1         0.0               0.0     0.0      0.0
DAYS >= TRACE       0               0.0     0.0
DAYS >= 1.0         0               0.0     0.0        0
GREATEST
 SNOW DEPTH         0   MM                             0  MM
 24 HR TOTAL      0.0   07/31 TO 07/31

DEGREE_DAYS
HEATING TOTAL      18                23      -5       39
 SINCE 7/1         18                23      -5       39
COOLING TOTAL     164               156       8       84
 SINCE 1/1        229               260     -31      219
.................................................................

WIND (MPH)
AVERAGE WIND SPEED              7.5
HIGHEST WIND SPEED/DIRECTION    37/270    DATE  07/18
HIGHEST GUST SPEED/DIRECTION    46/290    DATE  07/29

SKY COVER
POSSIBLE SUNSHINE (PERCENT)   MM
AVERAGE SKY COVER           0.20
NUMBER OF DAYS FAIR           23
NUMBER OF DAYS PC              7
NUMBER OF DAYS CLOUDY          1

AVERAGE RH (PERCENT)     68

WEATHER CONDITIONS. NUMBER OF DAYS WITH
THUNDERSTORM              0     MIXED PRECIP               0
HEAVY RAIN                3     RAIN                       4
LIGHT RAIN                7     FREEZING RAIN              0
LT FREEZING RAIN          0     HAIL                       0
HEAVY SNOW                0     SNOW                       0
LIGHT SNOW                0     SLEET                      0
FOG                      12     FOG W/VIS <= 1/4 MILE      0
HAZE                      5

-  INDICATES NEGATIVE NUMBERS.
R  INDICATES RECORD WAS SET OR TIED.
MM INDICATES DATA IS MISSING.
T  INDICATES TRACE AMOUNT.

$$
