110
CXAK58 PABE 010919
CLMBET

CLIMATE REPORT
NATIONAL WEATHER SERVICE BETHEL, AK
119 AM AKDT THU SEP 1 2016

...................................

...THE BETHEL AP CLIMATE SUMMARY FOR THE MONTH OF AUGUST 2016...

CLIMATE NORMAL PERIOD 1981 TO 2010
CLIMATE RECORD PERIOD 1948 TO 2016

WEATHER         OBSERVED          NORMAL  DEPART  LAST YEAR`S
                 VALUE   DATE(S)  VALUE   FROM    VALUE  DATE(S)
                                          NORMAL
................................................................
TEMPERATURE (F)
RECORD
 HIGH              87   8/09/2003
 LOW               28   8/26/1984
HIGHEST            73   8/14         72       1      76  8/03
LOWEST             46   8/31 18      37       9      34  8/28
AVG. MAXIMUM       65.4              59.9     5.4    59.0
AVG. MINIMUM       50.9              46.9     4.0    46.3
MEAN               58.2              53.5     4.6    52.7
DAYS MAX >= 90      0                 0.0     0.0     0
DAYS MAX <= 32      0                 0.0     0.0     0
DAYS MAX >= 80      0                 0.2    -0.2     0
DAYS MAX >= 70      6                 2.6     3.4     3
DAYS MIN <= 32      0                 0.1    -0.1     0
DAYS MIN <= 0       0                 0.0     0.0     0

PRECIPITATION (INCHES)
RECORD
 MAXIMUM           12.37   1951
 MINIMUM            0.99   1976
TOTALS              3.50              3.25    0.04    3.04
DAILY AVG.          0.11              0.10    0.01    0.10
DAYS >= .01        16                18.0    -2.0    21
DAYS >= .10        10                 9.3     0.7    10
DAYS >= .50         1                 1.6    -0.6     1
DAYS >= 1.0         0                 0.1    -0.1     0
GREATEST
 24 HR TOTAL        0.97   8/20                       0.59  8/26

SNOWFALL (INCHES)
RECORDS
 TOTAL              0.0   1948
 24 HR TOTAL        0.0   8-31-2016
 SNOW DEPTH         0     8-31-2016
TOTALS              0.0               0.0     0.0     0.0
SINCE 7/1           0.0               0.0     0.0     0.0
SNOWDEPTH AVG.      0                 0       0       0
DAYS >= TRACE       0                 0.0     0.0     0
DAYS >= 1.0         0                 0.0     0.0     0
DAYS >= 6.0         0                 0.0     0.0     0
GREATEST
 SNOW DEPTH         0   MM                            0  MM
 24 HR TOTAL      0.0   MM                          0.0  MM

DEGREE_DAYS
HEATING TOTAL     207               358    -151     373
 SINCE 7/1        392               642    -250     614
COOLING TOTAL       0                 0       0       0
 SINCE 1/1         13                 0      13      11
................................................................

WIND (MPH)
AVERAGE WIND SPEED                7.7
HIGHEST WIND SPEED/DIRECTION     35/190    DATE   08/20
HIGHEST GUST SPEED/DIRECTION     45/180    DATE   08/20

SKY COVER
POSSIBLE SUNSHINE (PERCENT)   MM
AVERAGE SKY COVER             MM
NUMBER OF DAYS FAIR           MM
NUMBER OF DAYS PC             MM
NUMBER OF DAYS CLOUDY         MM

AVERAGE RH (PERCENT)     MM

WEATHER CONDITIONS. NUMBER OF DAYS WITH
THUNDERSTORM              0     ICE PELLETS                 0
RAIN                     19     GLAZE                       0
DRIZZLE                   0     HAIL                        0
SNOW                      0     HAZE                        0
FOG                      20     FOG W/VIS <= 1/4 MILE       1
BLOWING SNOW              0


-  INDICATES NEGATIVE NUMBERS.
R  INDICATES RECORD WAS SET OR TIED.
MM INDICATES DATA IS MISSING.
T  INDICATES TRACE AMOUNT.

A FAIRLY NORMAL MONTH UNTIL THE 20TH WHEN BETHEL HAD ALMOST AN INCH OF RAIN ON
THE 20TH WHICH TIED THE RECORD OF 0.97INCHES FROM 1962. THE LAST WEEK OF THE MONTH IT GOT VERY WARM AND A RECORD HIGH OF 72 WAS SET FOR THE 30TH AND 31ST.
&&


$$
SE SEP 16
