000
CXUS51 KCTP 010739
CLMBFD

CLIMATE REPORT
NATIONAL WEATHER SERVICE STATE COLLEGE PA
239 AM EST MON FEB 1 2016

...................................

...THE BRADFORD CLIMATE SUMMARY FOR THE MONTH OF JANUARY 2016...

CLIMATE NORMAL PERIOD 1981 TO 2010
CLIMATE RECORD PERIOD 1957 TO 2016

WEATHER         OBSERVED          NORMAL  DEPART  LAST YEAR`S
                 VALUE   DATE(S)  VALUE   FROM    VALUE  DATE(S)
                                          NORMAL
................................................................
TEMPERATURE (F)
RECORD
 HIGH              63   01/13/2013
                        01/08/1998
 LOW              -27   01/17/1982
HIGHEST            55   01/31                         55  01/04
LOWEST             -6   01/05                        -11  01/17
AVG. MAXIMUM     30.3              29.0     1.3     25.9
AVG. MINIMUM     14.6              13.6     1.0      7.5
MEAN             22.4              21.3     1.1     16.7
DAYS MAX >= 90      0                MM      MM        0
DAYS MAX <= 32     18                MM      MM       27
DAYS MIN <= 32     29                MM      MM       31
DAYS MIN <= 0       1                MM      MM        9

PRECIPITATION (INCHES)
RECORD
 MAXIMUM         5.83   1978
 MINIMUM         0.38   2001
TOTALS           1.15              3.29   -2.14     1.84
DAILY AVG.       0.04              0.11   -0.07     0.06
DAYS >= .01        11                MM      MM       14
DAYS >= .10         4                MM      MM        5
DAYS >= .50         1                MM      MM        1
DAYS >= 1.00        0                MM      MM        0
GREATEST
 24 HR. TOTAL    0.60   01/10 TO 01/10

DEGREE_DAYS
HEATING TOTAL    1310              1355     -45     1490
 SINCE 7/1       3587              4411    -824     4380
COOLING TOTAL       0                 0       0        0
 SINCE 1/1          0                 0       0        0
.....................................................

WIND (MPH)
AVERAGE WIND SPEED              8.2
HIGHEST WIND SPEED/DIRECTION    26/280    DATE  01/10
HIGHEST GUST SPEED/DIRECTION    40/310    DATE  01/10

SKY COVER
POSSIBLE SUNSHINE (PERCENT)   MM
AVERAGE SKY COVER           0.70
NUMBER OF DAYS FAIR            7
NUMBER OF DAYS PC              5
NUMBER OF DAYS CLOUDY         19

AVERAGE RH (PERCENT)     71

WEATHER CONDITIONS. NUMBER OF DAYS WITH
THUNDERSTORM              0     MIXED PRECIP               0
HEAVY RAIN                0     RAIN                       1
LIGHT RAIN                7     FREEZING RAIN              1
LT FREEZING RAIN          2     HAIL                       0
HEAVY SNOW                3     SNOW                       8
LIGHT SNOW               21     SLEET                      0
FOG                      19     FOG W/VIS <= 1/4 MILE      3
HAZE                     18

-  INDICATES NEGATIVE NUMBERS.
R  INDICATES RECORD WAS SET OR TIED.
MM INDICATES DATA IS MISSING.
T  INDICATES TRACE AMOUNT.

$$
MS
