278
CXUS51 KCTP 010907
CLMBFD

PHLCLMBFD 000
TTAA00 KCTP 010850


CLIMATE REPORT
NATIONAL WEATHER SERVICE STATE COLLEGE PA
450 AM EDT SUN MAY 1 2016

...................................

...THE BRADFORD CLIMATE SUMMARY FOR THE MONTH OF APRIL 2016...

CLIMATE NORMAL PERIOD 1981 TO 2010
CLIMATE RECORD PERIOD 1957 TO 2016

WEATHER         OBSERVED          NORMAL  DEPART  LAST YEAR`S
                 VALUE   DATE(S)  VALUE   FROM    VALUE  DATE(S)
                                          NORMAL
................................................................
TEMPERATURE (F)
RECORD
 HIGH              85   04/28/1990
                        04/27/1990
 LOW                6   04/07/1982
                        04/01/1964
HIGHEST            77   04/17                         75  04/13
LOWEST             11   04/10                         19  04/01
AVG. MAXIMUM     53.9              54.9    -1.0     55.2
AVG. MINIMUM     29.6              32.3    -2.7     33.1
MEAN             41.8              43.6    -1.8     44.1
DAYS MAX >= 90      0                MM      MM        0
DAYS MAX <= 32      2                MM      MM        1
DAYS MIN <= 32     16                MM      MM       13
DAYS MIN <= 0       0                MM      MM        0

PRECIPITATION (INCHES)
RECORD
 MAXIMUM         7.62   2011
 MINIMUM         0.59   2010
TOTALS           3.68              3.55    0.13     4.23
DAILY AVG.       0.12              0.12    0.00     0.14
DAYS >= .01        17                MM      MM       19
DAYS >= .10        10                MM      MM       11
DAYS >= .50         2                MM      MM        3
DAYS >= 1.00        1                MM      MM        0
GREATEST
 24 HR. TOTAL    1.27   04/11 TO 04/12

DEGREE_DAYS
HEATING TOTAL     691               644      47      598
 SINCE 7/1       6135              7251   -1116     7666
COOLING TOTAL       0                 2      -2        0
 SINCE 1/1          0                 2      -2        0
.................................................

WIND (MPH)
AVERAGE WIND SPEED              6.9
HIGHEST WIND SPEED/DIRECTION    35/320    DATE  04/03
HIGHEST GUST SPEED/DIRECTION    52/300    DATE  04/03

SKY COVER
POSSIBLE SUNSHINE (PERCENT)   MM
AVERAGE SKY COVER           0.50
NUMBER OF DAYS FAIR           11
NUMBER OF DAYS PC              6
NUMBER OF DAYS CLOUDY         13

AVERAGE RH (PERCENT)     62

WEATHER CONDITIONS. NUMBER OF DAYS WITH
THUNDERSTORM              0     MIXED PRECIP               0
HEAVY RAIN                1     RAIN                       9
LIGHT RAIN               14     FREEZING RAIN              0
LT FREEZING RAIN          0     HAIL                       0
HEAVY SNOW                3     SNOW                       3
LIGHT SNOW                7     SLEET                      0
FOG                      16     FOG W/VIS <= 1/4 MILE      3
HAZE                      1

-  INDICATES NEGATIVE NUMBERS.
R  INDICATES RECORD WAS SET OR TIED.
MM INDICATES DATA IS MISSING.
T  INDICATES TRACE AMOUNT.

$$
