937
CXUS51 KCTP 010921 RRA
CLMBFD

CLIMATE REPORT
NATIONAL WEATHER SERVICE STATE COLLEGE PA
230 AM EST THU DEC 1 2016

...................................

...THE BRADFORD CLIMATE SUMMARY FOR THE MONTH OF NOVEMBER 2016...

CLIMATE NORMAL PERIOD 1981 TO 2010
CLIMATE RECORD PERIOD 1957 TO 2016

WEATHER         OBSERVED          NORMAL  DEPART  LAST YEAR`S
                 VALUE   DATE(S)  VALUE   FROM    VALUE  DATE(S)
                                          NORMAL
................................................................
TEMPERATURE (F)
RECORD
 HIGH              74   11/04/2015
                        11/04/2003
                        07/09/1936
 LOW               -2   11/30/1976
HIGHEST            72   11/02                         74  11/04
LOWEST             17   11/23                         18  11/30
AVG. MAXIMUM     50.1              45.0     5.1     51.8
AVG. MINIMUM     29.8              28.9     0.9     32.3
MEAN             40.0              37.0     3.0     42.0
DAYS MAX >= 90      0                MM      MM        0
DAYS MAX <= 32      2                MM      MM        1
DAYS MIN <= 32     21                MM      MM       18
DAYS MIN <= 0       0                MM      MM        0

PRECIPITATION (INCHES)
RECORD
 MAXIMUM         8.93   1985
 MINIMUM         0.40   2000
TOTALS           1.86              3.76   -1.90     2.39
DAILY AVG.       0.06              0.13   -0.07     0.08
DAYS >= .01        14                MM      MM       14
DAYS >= .10         6                MM      MM        6
DAYS >= .50         0                MM      MM        1
DAYS >= 1.00        0                MM      MM        1
GREATEST
 24 HR. TOTAL    0.48   11/30 TO 11/30

DEGREE_DAYS
HEATING TOTAL     743               842     -99      681
 SINCE 7/1       1388              1835    -447     1480
COOLING TOTAL       0                 0       0        0
 SINCE 1/1        370               193     177      260
.................................................

WIND (MPH)
AVERAGE WIND SPEED              7.2
HIGHEST WIND SPEED/DIRECTION    33/300    DATE  11/21
HIGHEST GUST SPEED/DIRECTION    43/290    DATE  11/21

SKY COVER
POSSIBLE SUNSHINE (PERCENT)   MM
AVERAGE SKY COVER           0.50
NUMBER OF DAYS FAIR           12
NUMBER OF DAYS PC              8
NUMBER OF DAYS CLOUDY         10

AVERAGE RH (PERCENT)     76

WEATHER CONDITIONS. NUMBER OF DAYS WITH
THUNDERSTORM              0     MIXED PRECIP               0
HEAVY RAIN                2     RAIN                       5
LIGHT RAIN               13     FREEZING RAIN              0
LT FREEZING RAIN          1     HAIL                       0
HEAVY SNOW                0     SNOW                       3
LIGHT SNOW                6     SLEET                      0
FOG                      23     FOG W/VIS <= 1/4 MILE      7
HAZE                      6

-  INDICATES NEGATIVE NUMBERS.
R  INDICATES RECORD WAS SET OR TIED.
MM INDICATES DATA IS MISSING.
T  INDICATES TRACE AMOUNT.

$$

LA CORTE
