551
CXUS46 KHNX 011415
CLMBFL


CLIMATE REPORT
NATIONAL WEATHER SERVICE SAN JOAQUIN VALLEY - HANFORD CA
715 AM PDT FRI MAY 1 2015

...................................

...THE BAKERSFIELD CLIMATE SUMMARY FOR THE MONTH OF APRIL 2015...

CLIMATE NORMAL PERIOD 1981 TO 2010
CLIMATE RECORD PERIOD 1889 TO 2015

WEATHER         OBSERVED          NORMAL  DEPART  LAST YEAR`S
                 VALUE   DATE(S)  VALUE   FROM    VALUE  DATE(S)
                                          NORMAL
................................................................
TEMPERATURE (F)
RECORD
 HIGH             101   04/30/1981
 LOW               28   04/08/1893
HIGHEST            94   04/28        MM      MM       93  04/30
                                                          04/08
LOWEST             43   04/15        MM      MM       43  04/03
AVG. MAXIMUM     79.2              75.0     4.2     79.7
AVG. MINIMUM     51.7              50.2     1.5     53.8
MEAN             65.5              62.6     2.9     66.7
DAYS MAX >= 90      5               1.9     3.1        4
DAYS MIN <= 32      0               0.0     0.0        0

PRECIPITATION (INCHES)
RECORD
 MAXIMUM         2.99   1915
TOTALS           0.08              0.52   -0.44     0.50
DAYS >= .01         2               3.7    -1.7        4
DAYS >= .10         0               1.7    -1.7        3
DAYS >= .50         0               0.1    -0.1        0
DAYS >= 1.00        0               0.0     0.0        0
GREATEST
 24 HR. TOTAL    0.06   04/07 TO 04/07

SNOWFALL (INCHES)
RECORDS
 TOTAL           0.00   MM
TOTALS            0.0               0.0

DEGREE_DAYS
HEATING TOTAL      69               129     -60       74
 SINCE 7/1       1288              2142    -854     1502
COOLING TOTAL      91                57      34      134
 SINCE 1/1        166                66     100      163
.................................................................

WIND (MPH)
AVERAGE WIND SPEED              6.8
HIGHEST WIND SPEED/DIRECTION    24/310    DATE  04/13
HIGHEST GUST SPEED/DIRECTION    29/310    DATE  04/23

AVERAGE RH (PERCENT)     39

WEATHER CONDITIONS. NUMBER OF DAYS WITH
THUNDERSTORM              0     RAIN                       3
HAIL                      0     FOG                        0
FOG W/VIS <= 1/4 MILE     0     HAZE                       2

-  INDICATES NEGATIVE NUMBERS.
R  INDICATES RECORD WAS SET OR TIED.
MM INDICATES DATA IS MISSING.
T  INDICATES TRACE AMOUNT.

$$

SANGER/OCHS

WEATHER.GOV/HANFORD
