000
CXUS55 KVEF 030117
CLMBIH

RNOCLMBIH 000
TTAA00 KVEF 022157


CLIMATE REPORT
NATIONAL WEATHER SERVICE LAS VEGAS, NV
154 PM PST FRI JAN 2 2015

...................................

...THE BISHOP CA CLIMATE SUMMARY FOR THE MONTH OF DECEMBER 2014...

CLIMATE NORMAL PERIOD 1981 TO 2010
CLIMATE RECORD PERIOD 1943 TO 2015

WEATHER         OBSERVED          NORMAL  DEPART  LAST YEAR`S
                 VALUE   DATE(S)  VALUE   FROM    VALUE  DATE(S)
                                          NORMAL
................................................................
TEMPERATURE (F)
RECORD
 HIGH              78   12/11/1958
                        12/03/1958
 LOW               -8   12/22/1990
                        12/27/1988
HIGHEST            74   12/22        54      20       71  12/16
LOWEST              6   12/29        22     -16        5  12/06
AVG. MAXIMUM     53.5              53.3     0.2     57.7
AVG. MINIMUM     26.9              22.1     4.8     19.7
MEAN             40.2              37.7     2.5     38.7
DAYS MAX >= 90      0               0.0     0.0        0
DAYS MAX <= 32      0               0.2    -0.2        0
DAYS MIN <= 32     25              28.8    -3.8       29
DAYS MIN <= 0       0               0.1    -0.1        0

PRECIPITATION (INCHES)
RECORD
 MAXIMUM         5.79   1966
 MINIMUM         0.00   2000
                        1999
                        1990
TOTALS           0.46              0.80   -0.34     0.03
DAILY AVG.       0.01              0.03   -0.02     0.00
DAYS >= .01         2               3.0    -1.0        2
DAYS >= .10         2               1.5     0.5        0
DAYS >= .50         0               0.4    -0.4        0
DAYS >= 1.00        0               0.2    -0.2        0
GREATEST
 24 HR. TOTAL    0.36   12/02 TO 12/02

SNOWFALL (INCHES)
RECORDS
 TOTAL           13.2   1967
 24 HR TOTAL      6.7
TOTALS            0.0               1.3    -1.3      0.5
SINCE 7/1         0.0
SNOWDEPTH AVG.      0
DAYS >= TRACE       0
DAYS >= 1.0         0
GREATEST
 SNOW DEPTH         0
 24 HR TOTAL      0.0
 STORM TOTAL      0.0
 (MM/DD(HH))

DEGREE_DAYS
HEATING TOTAL     761               846     -85      805
 SINCE 7/1       1412              1747    -335     1808
COOLING TOTAL       0                 0       0        0
 SINCE 1/1       1384              1104     280     1337

FREEZE DATES
RECORD
 EARLIEST     09/20/1986
 LATEST       06/07/1988
EARLIEST                        10/15
LATEST                          05/03
.................................................................

WIND (MPH)
AVERAGE WIND SPEED              7.6
HIGHEST WIND SPEED/DIRECTION    48/360    DATE  12/24
HIGHEST GUST SPEED/DIRECTION    59/010    DATE  12/24

SKY COVER
POSSIBLE SUNSHINE (PERCENT)   MM
AVERAGE SKY COVER           0.20
NUMBER OF DAYS FAIR           24
NUMBER OF DAYS PC              6
NUMBER OF DAYS CLOUDY          1

AVERAGE RH (PERCENT)     59

WEATHER CONDITIONS. NUMBER OF DAYS WITH
THUNDERSTORM              0     MIXED PRECIP               0
HEAVY RAIN                1     RAIN                       1
LIGHT RAIN                5     FREEZING RAIN              0
LT FREEZING RAIN          0     HAIL                       0
HEAVY SNOW                0     SNOW                       0
LIGHT SNOW                0     SLEET                      0
FOG                       5     FOG W/VIS <= 1/4 MILE      1
HAZE                      1

-  INDICATES NEGATIVE NUMBERS.
R  INDICATES RECORD WAS SET OR TIED.
MM INDICATES DATA IS MISSING.
T  INDICATES TRACE AMOUNT.

$$
