000
CXUS55 KVEF 011403
CLMBIH


CLIMATE REPORT
NATIONAL WEATHER SERVICE LAS VEGAS, NV
507 AM PDT SAT OCT 1 2016

...................................

...THE BISHOP CA CLIMATE SUMMARY FOR THE MONTH OF SEPTEMBER 2016...

CLIMATE NORMAL PERIOD 1981 TO 2010
CLIMATE RECORD PERIOD 1943 TO 2016

WEATHER         OBSERVED          NORMAL  DEPART  LAST YEAR`S
                 VALUE   DATE(S)  VALUE   FROM    VALUE  DATE(S)
                                          NORMAL
................................................................
TEMPERATURE (F)
RECORD
 HIGH             106   09/02/1950
 LOW               26   09/26/1986
                        09/26/1948
HIGHEST            97   09/10        88       9      101  09/11
                        09/09
                        09/01
LOWEST             39   09/14        47      -8       40  09/05
AVG. MAXIMUM     89.2              88.2     1.0     91.6
AVG. MINIMUM     47.7              47.0     0.7     50.4
MEAN             68.5              67.6     0.9     71.0
DAYS MAX >= 90     17              14.4     2.6       22
DAYS MAX <= 32      0               0.0     0.0        0
DAYS MIN <= 32      0               0.3    -0.3        0
DAYS MIN <= 0       0               0.0     0.0        0

PRECIPITATION (INCHES)
RECORD
 MAXIMUM         1.24   1994
 MINIMUM         0.00   2012
                        2010
                        2006
TOTALS              T              0.19   -0.19     0.01
DAILY AVG.          T              0.01   -0.01     0.00
DAYS >= .01         0               1.7    -1.7        1
DAYS >= .10         0               0.6    -0.6        0
DAYS >= .50         0               0.1    -0.1        0
DAYS >= 1.00        0               0.0     0.0        0
GREATEST
 24 HR. TOTAL       T   09/21 TO 09/21
                        09/20 TO 09/21
                        09/21 TO 09/21

DEGREE_DAYS
HEATING TOTAL      17                41     -24        5
 SINCE 7/1         17                43     -26        5
COOLING TOTAL     128               119       9      195
 SINCE 1/1       1351              1096     255     1345

FREEZE DATES
RECORD
 EARLIEST     09/20/1986
 LATEST       06/07/1988
EARLIEST                        10/15
LATEST                          05/03
.................................................................

WIND (MPH)
AVERAGE WIND SPEED              8.2
HIGHEST WIND SPEED/DIRECTION    35/360    DATE  09/22
HIGHEST GUST SPEED/DIRECTION    43/350    DATE  09/22

SKY COVER
POSSIBLE SUNSHINE (PERCENT)   MM
AVERAGE SKY COVER           0.00
NUMBER OF DAYS FAIR           30
NUMBER OF DAYS PC              0
NUMBER OF DAYS CLOUDY          0

AVERAGE RH (PERCENT)     28

WEATHER CONDITIONS. NUMBER OF DAYS WITH
THUNDERSTORM              0     MIXED PRECIP               0
HEAVY RAIN                0     RAIN                       0
LIGHT RAIN                1     FREEZING RAIN              0
LT FREEZING RAIN          0     HAIL                       0
HEAVY SNOW                0     SNOW                       0
LIGHT SNOW                0     SLEET                      0
FOG                       0     FOG W/VIS <= 1/4 MILE      0
HAZE                      1

-  INDICATES NEGATIVE NUMBERS.
R  INDICATES RECORD WAS SET OR TIED.
MM INDICATES DATA IS MISSING.
T  INDICATES TRACE AMOUNT.

$$
