000
CXUS51 KRLX 011837
CLMBKW


CLIMATE REPORT
NATIONAL WEATHER SERVICE CHARLESTON WV
237 PM EDT TUE NOV 1 2016

...................................

...THE BECKLEY CLIMATE SUMMARY FOR THE MONTH OF OCTOBER 2016...

CLIMATE NORMAL PERIOD 1981 TO 2010
CLIMATE RECORD PERIOD 1963 TO 2016

WEATHER         OBSERVED          NORMAL  DEPART  LAST YEAR`S
                 VALUE   DATE(S)  VALUE   FROM    VALUE  DATE(S)
                                          NORMAL
................................................................
TEMPERATURE (F)
RECORD
 HIGH              86   10/08/2007
 LOW               18   10/23/1997
                        10/28/1976
                        10/21/1974
HIGHEST            80   10/20                         77
                        10/19
LOWEST             33   10/25                         27
AVG. MAXIMUM     67.8              63.3     4.5     63.2
AVG. MINIMUM     47.8              43.1     4.7     45.3
MEAN             57.8              53.2     4.6     54.2
DAYS MAX >= 90      0               0.0     0.0        0
DAYS MAX <= 32      0               0.0     0.0        0
DAYS MIN <= 32      0               4.1    -4.1        3
DAYS MIN <= 0       0               0.0     0.0        0

PRECIPITATION (INCHES)
RECORD
 MAXIMUM         9.33   1924
 MINIMUM         0.14   1963
TOTALS           3.08              2.57    0.51     2.39
DAILY AVG.       0.10              0.08    0.02     0.08
DAYS >= .01         8              10.1    -2.1       11
DAYS >= .10         4               5.9    -1.9        6
DAYS >= .50         3               1.4     1.6        2
DAYS >= 1.00        1               0.3     0.7        0
GREATEST
 24 HR. TOTAL    1.54   10/07 TO 10/08           10/27 TO 10/28
                                                          10/31 TO 10/31
                                                          10/31 TO 10/31

SNOWFALL (INCHES)
RECORDS
 TOTAL           22.9   2012
TOTALS            0.0               0.4    -0.4      0.0
SINCE 7/1         0.0               0.4    -0.4      0.0
SNOWDEPTH AVG.      0                MM      MM        0
DAYS >= 1.0         0               0.0     0.0        0
GREATEST
 SNOW DEPTH         0   MM                             0
 24 HR TOTAL      0.0   10/31 TO 10/31               0.0

DEGREE_DAYS
HEATING TOTAL     228               372    -144      328
 SINCE 7/1        245               506    -261      396
COOLING TOTAL      12                 6       6        1
 SINCE 1/1        843               556     287      755
..................................................

WIND (MPH)
AVERAGE WIND SPEED              6.9
HIGHEST WIND SPEED/DIRECTION    24/350    DATE  10/08
HIGHEST GUST SPEED/DIRECTION    31/360    DATE  10/08

SKY COVER
POSSIBLE SUNSHINE (PERCENT)   MM
AVERAGE SKY COVER           0.30
NUMBER OF DAYS FAIR           18
NUMBER OF DAYS PC              9
NUMBER OF DAYS CLOUDY          4

AVERAGE RH (PERCENT)     71

WEATHER CONDITIONS. NUMBER OF DAYS WITH
THUNDERSTORM              0     MIXED PRECIP               0
HEAVY RAIN                3     RAIN                       5
LIGHT RAIN                9     FREEZING RAIN              0
LT FREEZING RAIN          0     HAIL                       0
HEAVY SNOW                0     SNOW                       0
LIGHT SNOW                0     SLEET                      0
FOG                      13     FOG W/VIS <= 1/4 MILE      5
HAZE                      0

-  INDICATES NEGATIVE NUMBERS.
R  INDICATES RECORD WAS SET OR TIED.
MM INDICATES DATA IS MISSING.
T  INDICATES TRACE AMOUNT.

$$
