000
CXUS53 KIND 011515
CLMBMG


CLIMATE REPORT
NATIONAL WEATHER SERVICE INDIANAPOLIS IN
1111 AM EDT SUN MAY 1 2016

...................................

...THE BLOOMINGTON IN CLIMATE SUMMARY FOR THE MONTH OF APRIL 2016...

CLIMATE NORMAL PERIOD 1981 TO 2010
CLIMATE RECORD PERIOD 9999 TO 9999

WEATHER         OBSERVED          NORMAL  DEPART  LAST YEAR`S
                 VALUE   DATE(S)  VALUE   FROM    VALUE  DATE(S)
                                          NORMAL
................................................................
TEMPERATURE (F)
HIGHEST            84   04/18                         79  04/09
LOWEST             25   04/05                         29  04/24
                        04/03                             04/04
AVG. MAXIMUM     66.4              65.0     1.4     66.3
AVG. MINIMUM     41.5              42.2    -0.7     43.8
MEAN             54.0              53.6     0.4     55.1
DAYS MAX >= 90      0               0.0     0.0        0
DAYS MAX <= 32      0               0.1    -0.1        0
DAYS MIN <= 32      8               4.5     3.5        2
DAYS MIN <= 0       0               0.0     0.0        0

PRECIPITATION (INCHES)
TOTALS           5.50              4.70    0.80     4.80
DAILY AVG.       0.18              0.16    0.02     0.16
DAYS >= .01        12                MM      MM       11
DAYS >= .10         9                MM      MM        9
DAYS >= .50         4                MM      MM        5
DAYS >= 1.00        2                MM      MM        1
GREATEST
 24 HR. TOTAL    1.81   04/10 TO 04/11

DEGREE_DAYS
HEATING TOTAL     338               358     -20      296
 SINCE 7/1       4127              5114    -987     5611
COOLING TOTAL      14                16      -2        6
 SINCE 1/1         14                19      -5        6
.................................................................

WIND (MPH)
AVERAGE WIND SPEED              7.5
HIGHEST WIND SPEED/DIRECTION    38/250    DATE  04/06
HIGHEST GUST SPEED/DIRECTION    56/280    DATE  04/02

SKY COVER
POSSIBLE SUNSHINE (PERCENT)   MM
AVERAGE SKY COVER           0.40
NUMBER OF DAYS FAIR           14
NUMBER OF DAYS PC             11
NUMBER OF DAYS CLOUDY          5

AVERAGE RH (PERCENT)     64

WEATHER CONDITIONS. NUMBER OF DAYS WITH
THUNDERSTORM              7     MIXED PRECIP               0
HEAVY RAIN                8     RAIN                       8
LIGHT RAIN               13     FREEZING RAIN              0
LT FREEZING RAIN          0     HAIL                       0
HEAVY SNOW                0     SNOW                       0
LIGHT SNOW                1     SLEET                      0
FOG                      12     FOG W/VIS <= 1/4 MILE      1
HAZE                      5

-  INDICATES NEGATIVE NUMBERS.
R  INDICATES RECORD WAS SET OR TIED.
MM INDICATES DATA IS MISSING.
T  INDICATES TRACE AMOUNT.

$$
