000
CXUS56 KBOI 011726
CLMBNO


CLIMATE REPORT
NATIONAL WEATHER SERVICE BOISE ID
1125 AM MDT FRI APR 1 2016

...................................

...THE BURNS OR CLIMATE SUMMARY FOR THE MONTH OF MARCH 2016...

CLIMATE NORMAL PERIOD 1981 TO 2010
CLIMATE RECORD PERIOD 1938 TO 2016

WEATHER         OBSERVED          NORMAL  DEPART
                 VALUE   DATE(S)  VALUE   FROM
                                          NORMAL
................................................
TEMPERATURE (F)
HIGHEST            66   03/31        MM      MM
LOWEST             18   03/26        MM      MM
AVG. MAXIMUM     52.3              49.3     3.0
AVG. MINIMUM     29.2              25.4     3.8
MEAN             40.7              37.3     3.4
DAYS MAX >= 90      0
DAYS MAX <= 32      0
DAYS MIN <= 32     27
DAYS MIN <= 0       0

PRECIPITATION (INCHES)
RECORD
 MAXIMUM         3.66   1983
TOTALS           1.33              1.09    0.24
DAYS >= .01        13
DAYS >= .10         5
DAYS >= .50         0
DAYS >= 1.00        0
GREATEST
 24 HR. TOTAL    0.43   03/11 TO 03/11

DEGREE_DAYS
HEATING TOTAL     742               857    -115
 SINCE 7/1       5903              6385    -482
COOLING TOTAL       0                 0       0
 SINCE 1/1          0                 0       0
.................................................

WIND (MPH)
AVERAGE WIND SPEED              9.8
RESULTANT WIND SPEED/DIRECTION   3/250
HIGHEST WIND SPEED/DIRECTION    46/210    DATE  03/13
HIGHEST GUST SPEED/DIRECTION    54/200    DATE  03/13

AVERAGE RH (PERCENT)     64


-  INDICATES NEGATIVE NUMBERS.
R  INDICATES RECORD WAS SET OR TIED.
MM INDICATES DATA IS MISSING.
T  INDICATES TRACE AMOUNT.

$$
