000
CXUS54 KLCH 020949
CLMBPT


CLIMATE REPORT
NATIONAL WEATHER SERVICE LAKE CHARLES, LA
449 AM CDT SUN JUL 2 2017

...................................

...THE BEAUMONT PORT ARTHUR CLIMATE SUMMARY FOR THE MONTH OF JUNE 2017...

CLIMATE NORMAL PERIOD 1981 TO 2010
CLIMATE RECORD PERIOD 1901 TO 2017

WEATHER         OBSERVED          NORMAL  DEPART  LAST YEAR`S
                 VALUE   DATE(S)  VALUE   FROM    VALUE  DATE(S)
                                          NORMAL
................................................................
TEMPERATURE (F)
RECORD
 HIGH             106   06/12/1902
                        06/11/1902
 LOW                0   06/27/2015
HIGHEST            92   06/19        MM      MM       MM  MM
                        06/18
                        06/15
LOWEST             63   06/08        MM      MM       MM  MM
AVG. MAXIMUM     87.6              89.6    -2.0       MM
AVG. MINIMUM     72.9              72.7     0.2       MM
MEAN             80.2              81.2    -1.0       MM
DAYS MAX >= 90     12              15.0    -3.0       MM
DAYS MAX <= 32      0               0.0     0.0       MM
DAYS MIN <= 32      0               0.0     0.0       MM
DAYS MIN <= 0       0               0.0     0.0       MM

PRECIPITATION (INCHES)
RECORD
 MAXIMUM        18.90   1989
 MINIMUM         0.14   1917
TOTALS          10.55              7.09    3.46       MM
DAILY AVG.       0.38              0.24    0.14       MM
DAYS >= .01        14              10.0     4.0       MM
DAYS >= .10         9               7.5     1.5       MM
DAYS >= .50         4               4.0     0.0       MM
DAYS >= 1.00        2               2.4    -0.4       MM
GREATEST
 24 HR. TOTAL    4.53   06/29 TO 06/29

DEGREE_DAYS
COOLING TOTAL     418               484     -66       MM
 SINCE 1/1       1303              1050     253       MM
.................................................................

WIND (MPH)
AVERAGE WIND SPEED              9.0
HIGHEST WIND SPEED/DIRECTION    36/270    DATE  06/19
HIGHEST GUST SPEED/DIRECTION    46/090    DATE  06/19

SKY COVER
POSSIBLE SUNSHINE (PERCENT)   MM
AVERAGE SKY COVER           0.40
NUMBER OF DAYS FAIR           13
NUMBER OF DAYS PC             14
NUMBER OF DAYS CLOUDY          1

AVERAGE RH (PERCENT)     78

WEATHER CONDITIONS. NUMBER OF DAYS WITH
THUNDERSTORM              0     MIXED PRECIP               0
HEAVY RAIN               10     RAIN                       8
LIGHT RAIN               14     FREEZING RAIN              0
LT FREEZING RAIN          0     HAIL                       0
HEAVY SNOW                0     SNOW                       0
LIGHT SNOW                0     SLEET                      0
FOG                      17     FOG W/VIS <= 1/4 MILE      0
HAZE                      1

-  INDICATES NEGATIVE NUMBERS.
R  INDICATES RECORD WAS SET OR TIED.
MM INDICATES DATA IS MISSING.
T  INDICATES TRACE AMOUNT.

$$
