000
CXUS51 KBTV 011351
CLMBTV


CLIMATE REPORT
NATIONAL WEATHER SERVICE BURLINGTON VT
845 AM EST SUN MAR 1 2015

...................................

...THE BURLINGTON VT CLIMATE SUMMARY FOR THE MONTH OF FEBRUARY 2015...

CLIMATE NORMAL PERIOD 1981 TO 2010
CLIMATE RECORD PERIOD 1884 TO 2015

WEATHER         OBSERVED          NORMAL  DEPART  LAST YEAR`S
                 VALUE   DATE(S)  VALUE   FROM    VALUE  DATE(S)
                                          NORMAL
................................................................
TEMPERATURE (F)
RECORD
 HIGH              62   02/19/1981
 LOW              -30   02/12/1979
HIGHEST            34   02/22        28       6       46  02/23
                                                          02/22
LOWEST            -19   02/24         9     -28      -11  02/12
AVG. MAXIMUM     18.2              30.6   -12.4     28.1
AVG. MINIMUM     -2.9              12.5   -15.4     12.3
MEAN              7.6              21.5   -13.9     20.2
DAYS MAX >= 90      0               0.0     0.0        0
DAYS MAX <= 32     27              15.6    11.4       20
DAYS MIN <= 32     28              25.9     2.1       27
DAYS MIN <= 0      17               5.0    12.0        4

PRECIPITATION (INCHES)
RECORD
 MAXIMUM         5.38   1981
 MINIMUM         0.21   1978
TOTALS           1.09              1.76   -0.67     1.83
DAILY AVG.       0.04              0.06   -0.02     0.07
DAYS >= .01        11              11.2    -0.2       14
DAYS >= .10         3               4.4    -1.4        4
DAYS >= .50         0               0.9    -0.9        1
DAYS >= 1.00        0               0.2    -0.2        0
GREATEST
 24 HR. TOTAL    0.37   02/02 TO 02/02


SNOWFALL (INCHES)
RECORDS
 TOTAL           43.1   2011
TOTALS           22.7              16.4     6.3     24.1
SINCE 7/1        75.9              60.8    15.1     58.3
SNOWDEPTH AVG.      8                 7       1        6
DAYS >= 1.0         9               4.5     4.5        6
GREATEST
 SNOW DEPTH        10   02/09                         11  02/15
 24 HR TOTAL      6.4   MM

DEGREE_DAYS
HEATING TOTAL    1599              1216     383     1249
 SINCE 7/1       5517              5410     107     5465
COOLING TOTAL       0                 0       0        0
 SINCE 1/1          0                 0       0        0
..................................................

WIND (MPH)
AVERAGE WIND SPEED              8.3
HIGHEST WIND SPEED/DIRECTION    29/180    DATE  02/21
HIGHEST GUST SPEED/DIRECTION    39/290    DATE  02/19

SKY COVER
POSSIBLE SUNSHINE (PERCENT)   MM
AVERAGE SKY COVER           0.60
NUMBER OF DAYS FAIR            5
NUMBER OF DAYS PC             13
NUMBER OF DAYS CLOUDY         10

AVERAGE RH (PERCENT)     62

WEATHER CONDITIONS. NUMBER OF DAYS WITH
THUNDERSTORM              0     MIXED PRECIP               0
HEAVY RAIN                0     RAIN                       0
LIGHT RAIN                0     FREEZING RAIN              0
LT FREEZING RAIN          0     HAIL                       0
HEAVY SNOW                1     SNOW                       6
LIGHT SNOW               20     SLEET                      0
FOG                      11     FOG W/VIS <= 1/4 MILE      0
HAZE                     21

-  INDICATES NEGATIVE NUMBERS.
R  INDICATES RECORD WAS SET OR TIED.
MM INDICATES DATA IS MISSING.
T  INDICATES TRACE AMOUNT.

$$
