506
CXUS51 KBTV 011439
CLMBTV


CLIMATE REPORT
NATIONAL WEATHER SERVICE BURLINGTON VT
936 AM EST FRI DEC 1 2017

...................................

...THE BURLINGTON VT CLIMATE SUMMARY FOR THE MONTH OF NOVEMBER 2017...

CLIMATE NORMAL PERIOD 1981 TO 2010
CLIMATE RECORD PERIOD 1884 TO 2017

WEATHER         OBSERVED          NORMAL  DEPART  LAST YEAR`S
                 VALUE   DATE(S)  VALUE   FROM    VALUE  DATE(S)
                                          NORMAL
................................................................
TEMPERATURE (F)
RECORD
 HIGH              75   11/02/1950
                        11/06/1948
 LOW               -3   11/26/1938
HIGHEST            65   11/03        44      21       66  11/19
LOWEST             15   11/28        30     -15       27  11/28
AVG. MAXIMUM     46.1              45.5     0.6     48.3
AVG. MINIMUM     28.9              30.9    -2.0     33.6
MEAN             37.5              38.2    -0.7     41.0
DAYS MAX >= 90      0               0.0     0.0        0
DAYS MAX <= 32      2               2.5    -0.5        1
DAYS MIN <= 32     20              16.5     3.5       15
DAYS MIN <= 0       0               0.0     0.0        0

PRECIPITATION (INCHES)
RECORD
 MAXIMUM        10.13   1927
 MINIMUM         0.52   1904
TOTALS           1.68              3.13   -1.45     2.13
DAILY AVG.       0.06              0.10   -0.04     0.07
DAYS >= .01        17              14.0     3.0       16
DAYS >= .10         7               7.2    -0.2        5
DAYS >= .50         0               1.9    -1.9        1
DAYS >= 1.00        0               0.4    -0.4        0
GREATEST
 24 HR. TOTAL    0.23   11/19 TO 11/19           11/20 TO 11/21
                                                          11/20 TO 11/20
                                                          11/20 TO 11/20
 STORM TOTAL       MM                                 MM
 (MM/DD(HH))            MM                    11/21(00) TO 11/21(00)
                                                 11/20(00) TO 11/20(00)0
                                                 11/20(00) TO 11/20(00)0

SNOWFALL (INCHES)
RECORDS
 TOTAL           30.0   5
                        0
                        -26215
TOTALS            3.0               5.1    -2.1      4.3
SINCE 7/1         3.0               5.4    -2.4      4.3
SNOWDEPTH AVG.      0                MM      MM        0
DAYS >= 1.0         2               1.6     0.4        2
GREATEST
 SNOW DEPTH         2   11/27                          3  11/21
                        11/26
 24 HR TOTAL      1.4   11/26 TO 11/26           11/20 TO 11/20
                                                          11/20 TO 11/20
                                                          11/20 TO 11/20

DEGREE_DAYS
HEATING TOTAL     819               804      15      716
 SINCE 7/1       1139              1545    -406     1205
COOLING TOTAL       0                 0       0        0
 SINCE 1/1        652               491     161      855
.................................................

WIND (MPH)
AVERAGE WIND SPEED              9.6
HIGHEST WIND SPEED/DIRECTION    37/320    DATE  11/29
HIGHEST GUST SPEED/DIRECTION    45/320    DATE  11/29

SKY COVER
POSSIBLE SUNSHINE (PERCENT)   MM
AVERAGE SKY COVER           0.70
NUMBER OF DAYS FAIR            1
NUMBER OF DAYS PC             17
NUMBER OF DAYS CLOUDY         12

AVERAGE RH (PERCENT)     64

WEATHER CONDITIONS. NUMBER OF DAYS WITH
THUNDERSTORM              0     MIXED PRECIP               0
HEAVY RAIN                3     RAIN                      10
LIGHT RAIN               14     FREEZING RAIN              0
LT FREEZING RAIN          0     HAIL                       0
HEAVY SNOW                0     SNOW                       2
LIGHT SNOW               11     SLEET                      0
FOG                      12     FOG W/VIS <= 1/4 MILE      0
HAZE                      0

-  INDICATES NEGATIVE NUMBERS.
R  INDICATES RECORD WAS SET OR TIED.
MM INDICATES DATA IS MISSING.
T  INDICATES TRACE AMOUNT.

$$
