000
CXUS53 KPAH 011653
CLMCGI

PAHCLMCAP 000
TTAA00 KPAH 011650

CLIMATE REPORT
NATIONAL WEATHER SERVICE PADUCAH KY
1046 AM CST MON JAN 1 2018

...................................

...THE CAPE GIRARDEAU MO CLIMATE SUMMARY FOR THE MONTH OF DECEMBER 2017...

CLIMATE NORMAL PERIOD 1981 TO 2010
CLIMATE RECORD PERIOD 1960 TO 2017

WEATHER         OBSERVED          NORMAL  DEPART  LAST YEAR`S
                 VALUE   DATE(S)  VALUE   FROM    VALUE
                                          NORMAL
.............................................................
TEMPERATURE (F)
RECORD
 HIGH              76   12/02/1982
 LOW              -11   12/22/1989
HIGHEST            67   12/04                         70
LOWEST              8   12/31                          8
AVG. MAXIMUM     45.4              44.9     0.5     44.7
AVG. MINIMUM     25.8              27.0    -1.2     27.4
MEAN             35.6              35.9    -0.3     36.0
DAYS MAX >= 90      0               0.0     0.0        0
DAYS MAX <= 32      4               3.8     0.2        4
DAYS MIN <= 32     23              21.5     1.5       22
DAYS MIN <= 0       0               0.6    -0.6        0

PRECIPITATION (INCHES)
RECORD
 MAXIMUM        12.32   1982
 MINIMUM         0.61   2005
TOTALS           2.79              4.25   -1.46     3.34
DAILY AVG.       0.09              0.14   -0.05     0.11
DAYS >= .01         5               9.8    -4.8       11
DAYS >= .10         3               6.8    -3.8        5
DAYS >= .50         2               2.9    -0.9        3
DAYS >= 1.00        1               0.9     0.1        1
GREATEST
 24 HR. TOTAL    1.78   12/22 TO 12/22

DEGREE_DAYS
HEATING TOTAL     903               900       3      891
 SINCE 7/1       1671              1751     -80     1468
..............................................................

WIND (MPH)
AVERAGE WIND SPEED  REC            7.9
HIGHEST WIND SPEED/DIRECTION    31/190    DATE  12/04
HIGHEST GUST SPEED/DIRECTION    43/190    DATE  12/04

SKY COVER
POSSIBLE SUNSHINE (PERCENT)   MM
AVERAGE SKY COVER           0.40
NUMBER OF DAYS FAIR           14
NUMBER OF DAYS PC              9
NUMBER OF DAYS CLOUDY          8

AVERAGE RH (PERCENT)     67

WEATHER CONDITIONS. NUMBER OF DAYS WITH
THUNDERSTORM              0     MIXED PRECIP               0
HEAVY RAIN                1     RAIN                       4
LIGHT RAIN                5     FREEZING RAIN              0
LT FREEZING RAIN          0     HAIL                       0
HEAVY SNOW                0     SNOW                       0
LIGHT SNOW                1     SLEET                      0
FOG                      11     FOG W/VIS <= 1/4 MILE      0
HAZE                      6

-  INDICATES NEGATIVE NUMBERS.
R  INDICATES RECORD WAS SET OR TIED.
MM INDICATES DATA IS MISSING.
T  INDICATES TRACE AMOUNT.

$$
