000
CXUS54 KHGX 012251
CLMCLL

CLIMATE REPORT
NATIONAL WEATHER SERVICE HOUSTON/GALVESTON TX
451 PM CST SUN FEB 1 2015

...................................

...THE COLLEGE STATION CLIMATE SUMMARY FOR THE MONTH OF JANUARY 2015...

CLIMATE NORMAL PERIOD 1981 TO 2010
CLIMATE RECORD PERIOD 1902 TO 2015

WEATHER         OBSERVED          NORMAL  DEPART  LAST YEAR`S
                 VALUE   DATE(S)  VALUE   FROM    VALUE  DATE(S)
                                          NORMAL
................................................................
TEMPERATURE (F)
RECORD
 HIGH              86   01/23/1972
                        01/30/1911
 LOW               -3   01/31/1949
HIGHEST            80   01/27        MM      MM       76  01/20
LOWEST             22   01/08        MM      MM       19  01/07
AVG. MAXIMUM     56.6              61.0    -4.4     59.6
AVG. MINIMUM     38.3              41.2    -2.9     35.7
MEAN             47.5              51.1    -3.6     47.7
DAYS MAX >= 90      0               0.0     0.0        0
DAYS MAX <= 32      0               0.1    -0.1        0
DAYS MIN <= 32      5               4.9     0.1       12
DAYS MIN <= 0       0               0.0     0.0        0

PRECIPITATION (INCHES)
RECORD
 MAXIMUM        15.60   1991
 MINIMUM         0.21   1936
TOTALS           6.66              3.24    3.42     1.29
DAILY AVG.       0.21              0.10    0.11     0.04
DAYS >= .01        11               8.4     2.6        7
DAYS >= .10         7               4.9     2.1        4
DAYS >= .50         3               1.9     1.1        1
DAYS >= 1.00        3               0.9     2.1        0
GREATEST
 24 HR. TOTAL    2.95   01/21 TO 01/22

SNOWFALL (INCHES)
RECORDS
 TOTAL              T   2014
TOTALS            0.0                 T     0.0        T
SINCE 7/1         0.0                 T     0.0        T
SNOWDEPTH AVG.      0                MM      MM        0
DAYS >= 1.0         0               0.1    -0.1        0
GREATEST
 SNOW DEPTH         0   MM                             0  MM
 24 HR TOTAL      0.0   01/30 TO 01/30

DEGREE_DAYS
HEATING TOTAL     535               442      93      531
 SINCE 7/1       1144              1078      66     1349
COOLING TOTAL       0                11     -11        0
 SINCE 1/1          0                 0       0        0
.................................................................

WIND (MPH)
AVERAGE WIND SPEED              7.8
HIGHEST WIND SPEED/DIRECTION    35/070    DATE  01/22
HIGHEST GUST SPEED/DIRECTION    44/080    DATE  01/22

SKY COVER
AVERAGE SKY COVER           0.40

AVERAGE RH (PERCENT)     70

WEATHER CONDITIONS. NUMBER OF DAYS WITH
THUNDERSTORM              0     MIXED PRECIP               0
HEAVY RAIN                5     RAIN                       6
LIGHT RAIN               11     FREEZING RAIN              0
LT FREEZING RAIN          0     HAIL                       0
HEAVY SNOW                0     SNOW                       0
LIGHT SNOW                0     SLEET                      0
FOG                      17     FOG W/VIS <= 1/4 MILE      1
HAZE                      3

-  INDICATES NEGATIVE NUMBERS.
R  INDICATES RECORD WAS SET OR TIED.
MM INDICATES DATA IS MISSING.
T  INDICATES TRACE AMOUNT.

$$
