000
CXUS53 KILX 011449
CLMCMI


CLIMATE REPORT
NATIONAL WEATHER SERVICE LINCOLN IL
847 AM CST MON FEB 1 2016

...................................

...THE CHAMPAIGN IL AIRPORT CLIMATE SUMMARY FOR THE MONTH OF JANUARY 2016...

CLIMATE NORMAL PERIOD 1981 TO 2010
CLIMATE RECORD PERIOD 9999 TO 9999

WEATHER         OBSERVED          NORMAL  DEPART  LAST YEAR`S
                 VALUE   DATE(S)  VALUE   FROM    VALUE
                                          NORMAL
.............................................................
TEMPERATURE (F)
RECORD
 HIGH              MM   MM
 LOW               MM   MM
HIGHEST            61   01/31        MM      MM       47
LOWEST              0   01/18        MM      MM       -7
AVG. MAXIMUM     35.4              33.5     1.9     32.7
AVG. MINIMUM     18.9              17.2     1.7     17.2
MEAN             27.1              25.3     1.8     24.9
DAYS MAX >= 90      0               0.0     0.0        0
DAYS MAX <= 32     13              13.5    -0.5       11
DAYS MIN <= 32     27              27.7    -0.7       28
DAYS MIN <= 0       1               3.5    -2.5        6

PRECIPITATION (INCHES)
RECORD
 MAXIMUM           MM   MM
 MINIMUM           MM   MM
TOTALS           0.84              2.05   -1.21     1.12
DAILY AVG.       0.03              0.07   -0.04     0.04
DAYS >= .01         5                MM      MM        8
DAYS >= .10         4                MM      MM        3
DAYS >= .50         0                MM      MM        1
DAYS >= 1.00        0                MM      MM        0
GREATEST
 24 HR. TOTAL    0.40   01/08 TO 01/09              0.53

DEGREE_DAYS
HEATING TOTAL    1165              1229     -64     1235
 SINCE 7/1       2770              3510    -740     3573
COOLING TOTAL       0                 0       0        0
 SINCE 1/1          0                 0       0        0
..............................................................

WIND (MPH)
AVERAGE WIND SPEED              12.8
HIGHEST WIND SPEED/DIRECTION    37/290    DATE  01/12
HIGHEST GUST SPEED/DIRECTION    48/290    DATE  01/12

SKY COVER
POSSIBLE SUNSHINE (PERCENT)   MM
AVERAGE SKY COVER           0.50
NUMBER OF DAYS FAIR           10
NUMBER OF DAYS PC             13
NUMBER OF DAYS CLOUDY          8

AVERAGE RH (PERCENT)     77

WEATHER CONDITIONS. NUMBER OF DAYS WITH
THUNDERSTORM              0     MIXED PRECIP               0
HEAVY RAIN                0     RAIN                       3
LIGHT RAIN                5     FREEZING RAIN              0
LT FREEZING RAIN          0     HAIL                       0
HEAVY SNOW                0     SNOW                       0
LIGHT SNOW               10     SLEET                      0
FOG                      18     FOG W/VIS <= 1/4 MILE      4
HAZE                      7

-  INDICATES NEGATIVE NUMBERS.
R  INDICATES RECORD WAS SET OR TIED.
MM INDICATES DATA IS MISSING.
T  INDICATES TRACE AMOUNT.

$$
