000
CXUS55 KCYS 060420
CLMCNE


CLIMATE REPORT
NATIONAL WEATHER SERVICE CHEYENNE WY
919 PM MST THU MAR 5 2015

...................................

...THE ALLIANCE NE AIRPORT CLIMATE SUMMARY FOR THE MONTH OF FEBRUARY 2015...

CLIMATE NORMAL PERIOD 1981 TO 2010
CLIMATE RECORD PERIOD 1896 TO 2015

WEATHER         OBSERVED          NORMAL  DEPART  LAST YEAR`S
                 VALUE   DATE(S)  VALUE   FROM    VALUE
                                          NORMAL
.............................................................
TEMPERATURE (F)
RECORD
 HIGH              77   02/11/1962
 LOW              -40   02/11/2006
                        02/11/1899
                        02/04/1899
HIGHEST            68   02/09        MM      MM       63
LOWEST            -10   02/01        MM      MM      -25
AVG. MAXIMUM     42.2              41.4     0.8     29.9
AVG. MINIMUM     15.3              12.9     2.4      3.6
MEAN             28.8              27.1     1.7     16.7
DAYS MAX >= 90      0               0.0     0.0        0
DAYS MAX <= 32     10               6.9     3.1       17
DAYS MIN <= 32     28              27.6     0.4       28
DAYS MIN <= 0       4               3.7     0.3       14

PRECIPITATION (INCHES)
RECORD
 MAXIMUM         1.36   1986
 MINIMUM         0.00   1994
TOTALS           0.50              0.38    0.12     0.98
DAYS >= .01         5                MM      MM       12
DAYS >= .10         1                MM      MM        4
DAYS >= .50         0                MM      MM        0
DAYS >= 1.00        0                MM      MM        0
GREATEST
 24 HR. TOTAL    0.40   02/03 TO 02/04

DEGREE_DAYS
HEATING TOTAL    1008              1059     -51     1344
 SINCE 7/1       5227              5404    -177     5564
COOLING TOTAL       0                 0       0        0
 SINCE 1/1          0                 0       0        0
..............................................................

WIND (MPH)
AVERAGE WIND SPEED              10.9
HIGHEST WIND SPEED/DIRECTION    38/320    DATE  02/17
HIGHEST GUST SPEED/DIRECTION    50/310    DATE  02/17

SKY COVER
POSSIBLE SUNSHINE (PERCENT)   MM
AVERAGE SKY COVER           0.40
NUMBER OF DAYS FAIR           11
NUMBER OF DAYS PC             14
NUMBER OF DAYS CLOUDY          3

AVERAGE RH (PERCENT)     70

WEATHER CONDITIONS. NUMBER OF DAYS WITH
THUNDERSTORM              0     MIXED PRECIP               0
HEAVY RAIN                0     RAIN                       0
LIGHT RAIN                0     FREEZING RAIN              0
LT FREEZING RAIN          0     HAIL                       0
HEAVY SNOW                2     SNOW                       2
LIGHT SNOW               13     SLEET                      0
FOG                      12     FOG W/VIS <= 1/4 MILE      1
HAZE                      8

-  INDICATES NEGATIVE NUMBERS.
R  INDICATES RECORD WAS SET OR TIED.
MM INDICATES DATA IS MISSING.
T  INDICATES TRACE AMOUNT.
...................................

...THE CHADRON NE AIRPORT CLIMATE SUMMARY FOR THE MONTH OF FEBRUARY 2015...

CLIMATE NORMAL PERIOD 1981 TO 2010
CLIMATE RECORD PERIOD 1895 TO 2015

WEATHER         OBSERVED          NORMAL  DEPART  LAST YEAR`S
                 VALUE   DATE(S)  VALUE   FROM    VALUE
                                          NORMAL
.............................................................
TEMPERATURE (F)
RECORD
 HIGH              76   02/21/1982
 LOW              -44   02/07/1895
HIGHEST            71   02/07        MM      MM       65
LOWEST             -8   02/27        MM      MM      -17
AVG. MAXIMUM     43.6              42.0     1.6     31.6
AVG. MINIMUM     17.4              12.8     4.6      6.3
MEAN             30.5              27.4     3.1     19.0
DAYS MAX >= 90      0               0.0     0.0        0
DAYS MAX <= 32      9               6.5     2.5       14
DAYS MIN <= 32     26              27.2    -1.2       28
DAYS MIN <= 0       2               4.7    -2.7       12

PRECIPITATION (INCHES)
RECORD
 MAXIMUM         2.45   2000
 MINIMUM         0.00   1996
                        1994
                        1949
TOTALS           0.55              0.61   -0.06     0.82
DAYS >= .01         8               4.4     3.6       14
DAYS >= .10         2               1.7     0.3        3
DAYS >= .50         0               0.2    -0.2        0
DAYS >= 1.00        0               0.0     0.0        0
GREATEST
 24 HR. TOTAL    0.16   02/03 TO 02/04

DEGREE_DAYS
HEATING TOTAL     959              1053     -94     1282
 SINCE 7/1       4945              5252    -307     5474
COOLING TOTAL       0                 0       0        0
 SINCE 1/1          0                 0       0        0
..............................................................

WIND (MPH)
AVERAGE WIND SPEED              8.9
HIGHEST WIND SPEED/DIRECTION    41/300    DATE  02/17
HIGHEST GUST SPEED/DIRECTION    53/300    DATE  02/17

SKY COVER
POSSIBLE SUNSHINE (PERCENT)   MM
AVERAGE SKY COVER           0.50
NUMBER OF DAYS FAIR            9
NUMBER OF DAYS PC             13
NUMBER OF DAYS CLOUDY          6

AVERAGE RH (PERCENT)     66

WEATHER CONDITIONS. NUMBER OF DAYS WITH
THUNDERSTORM              0     MIXED PRECIP               0
HEAVY RAIN                0     RAIN                       0
LIGHT RAIN                3     FREEZING RAIN              0
LT FREEZING RAIN          0     HAIL                       0
HEAVY SNOW                1     SNOW                       5
LIGHT SNOW               11     SLEET                      0
FOG                      10     FOG W/VIS <= 1/4 MILE      2
HAZE                     10

-  INDICATES NEGATIVE NUMBERS.
R  INDICATES RECORD WAS SET OR TIED.
MM INDICATES DATA IS MISSING.
T  INDICATES TRACE AMOUNT.
...................................

...THE SCOTTSBLUFF NE AIRPORT CLIMATE SUMMARY FOR THE MONTH OF FEBRUARY 2015...

CLIMATE NORMAL PERIOD 1981 TO 2010
CLIMATE RECORD PERIOD 1871 TO 2015

WEATHER         OBSERVED          NORMAL  DEPART  LAST YEAR`S
                 VALUE   DATE(S)  VALUE   FROM    VALUE
                                          NORMAL
.............................................................
TEMPERATURE (F)
RECORD
 HIGH              77   02/11/1962
 LOW              -45   02/12/1899
HIGHEST            72   02/07        45      27       68
LOWEST              5   02/23        17     -12      -20
AVG. MAXIMUM     46.5              44.4     2.1     32.5
AVG. MINIMUM     20.2              16.3     3.9      8.7
MEAN             33.4              30.4     3.0     20.6
DAYS MAX >= 90      0               0.0     0.0        0
DAYS MAX <= 32      6               5.1     0.9       16
DAYS MIN <= 32     26              27.0    -1.0       27
DAYS MIN <= 0       0               2.7    -2.7       10

PRECIPITATION (INCHES)
RECORD
 MAXIMUM         1.93   1986
 MINIMUM            T   2002
                        1996
                        1954
TOTALS           0.39              0.60   -0.21     1.14
DAYS >= .01         6               5.3     0.7       13
DAYS >= .10         1               1.9    -0.9        4
DAYS >= .50         0               0.2    -0.2        0
DAYS >= 1.00        0               0.0     0.0        0
GREATEST
 24 HR. TOTAL    0.28   02/03 TO 02/04

DEGREE_DAYS
HEATING TOTAL     880               970     -90     1234
 SINCE 7/1       4715              4912    -197     5033
COOLING TOTAL       0                 0       0        0
 SINCE 1/1          0                 0       0        0
..............................................................

WIND (MPH)
AVERAGE WIND SPEED              9.9
HIGHEST WIND SPEED/DIRECTION    39/320    DATE  02/17
HIGHEST GUST SPEED/DIRECTION    49/320    DATE  02/17

SKY COVER
POSSIBLE SUNSHINE (PERCENT)   MM
AVERAGE SKY COVER           0.40
NUMBER OF DAYS FAIR           13
NUMBER OF DAYS PC             12
NUMBER OF DAYS CLOUDY          3

AVERAGE RH (PERCENT)     64

WEATHER CONDITIONS. NUMBER OF DAYS WITH
THUNDERSTORM              0     MIXED PRECIP               0
HEAVY RAIN                0     RAIN                       0
LIGHT RAIN                3     FREEZING RAIN              0
LT FREEZING RAIN          0     HAIL                       0
HEAVY SNOW                0     SNOW                       4
LIGHT SNOW               10     SLEET                      0
FOG                       8     FOG W/VIS <= 1/4 MILE      0
HAZE                      8

-  INDICATES NEGATIVE NUMBERS.
R  INDICATES RECORD WAS SET OR TIED.
MM INDICATES DATA IS MISSING.
T  INDICATES TRACE AMOUNT.
...................................

...THE SIDNEY NE AIRPORT CLIMATE SUMMARY FOR THE MONTH OF FEBRUARY 2015...

CLIMATE NORMAL PERIOD 1981 TO 2010
CLIMATE RECORD PERIOD 1948 TO 2015

WEATHER         OBSERVED          NORMAL  DEPART  LAST YEAR`S
                 VALUE   DATE(S)  VALUE   FROM    VALUE
                                          NORMAL
.............................................................
TEMPERATURE (F)
RECORD
 HIGH              76   02/07/2015
                        02/23/1982
                        02/11/1962
 LOW              -30   02/03/1989
HIGHEST            76R  02/07        MM      MM       60
LOWEST             -3   02/23        MM      MM      -24
AVG. MAXIMUM     45.3              45.0     0.3     32.9
AVG. MINIMUM     18.2              18.9    -0.7      7.5
MEAN             31.8              32.0    -0.2     20.2
DAYS MAX >= 90      0               0.0     0.0        0
DAYS MAX <= 32      7               4.3     2.7       13
DAYS MIN <= 32     25              26.7    -1.7       28
DAYS MIN <= 0       3               1.6     1.4       12

PRECIPITATION (INCHES)
RECORD
 MAXIMUM         1.35   1987
 MINIMUM         0.00   1996
                        1985
                        1983
TOTALS           0.37              0.32    0.05     0.73
DAYS >= .01         7               3.9     3.1        8
DAYS >= .10         1               0.9     0.1        3
DAYS >= .50         0               0.0     0.0        0
DAYS >= 1.00        0               0.0     0.0        0
GREATEST
 24 HR. TOTAL    0.22   02/04 TO 02/04

DEGREE_DAYS
HEATING TOTAL     923               925      -2     1248
 SINCE 7/1       4732              4582     150     4989
COOLING TOTAL       0                 0       0        0
 SINCE 1/1          0                 0       0        0
..............................................................

WIND (MPH)
AVERAGE WIND SPEED              11.9
HIGHEST WIND SPEED/DIRECTION    38/310    DATE  02/17
HIGHEST GUST SPEED/DIRECTION    52/310    DATE  02/17

SKY COVER
POSSIBLE SUNSHINE (PERCENT)   MM
AVERAGE SKY COVER           0.40
NUMBER OF DAYS FAIR           13
NUMBER OF DAYS PC             11
NUMBER OF DAYS CLOUDY          4

AVERAGE RH (PERCENT)     64

WEATHER CONDITIONS. NUMBER OF DAYS WITH
THUNDERSTORM              0     MIXED PRECIP               0
HEAVY RAIN                0     RAIN                       0
LIGHT RAIN                3     FREEZING RAIN              0
LT FREEZING RAIN          0     HAIL                       0
HEAVY SNOW                1     SNOW                       3
LIGHT SNOW               10     SLEET                      0
FOG                      11     FOG W/VIS <= 1/4 MILE      1
HAZE                      7

-  INDICATES NEGATIVE NUMBERS.
R  INDICATES RECORD WAS SET OR TIED.
MM INDICATES DATA IS MISSING.
T  INDICATES TRACE AMOUNT.

$$
