000
CXUS55 KCYS 031624
CLMCNE


CLIMATE REPORT
NATIONAL WEATHER SERVICE CHEYENNE WY
1024 AM MDT THU NOV 3 2016

...................................

...THE ALLIANCE NE AIRPORT CLIMATE SUMMARY FOR THE MONTH OF OCTOBER 2016...

CLIMATE NORMAL PERIOD 1981 TO 2010
CLIMATE RECORD PERIOD 1896 TO 2016

WEATHER         OBSERVED          NORMAL  DEPART  LAST YEAR`S
                 VALUE   DATE(S)  VALUE   FROM    VALUE
                                          NORMAL
.............................................................
TEMPERATURE (F)
RECORD
 HIGH              92   10/02/2005
 LOW               -8   10/31/1991
HIGHEST            86   10/14        MM      MM       88
LOWEST             20   10/07        MM      MM       13
AVG. MAXIMUM     71.6              62.1     9.5     66.3
AVG. MINIMUM     33.6              29.4     4.2     35.2
MEAN             52.5              45.7     6.8     50.8
DAYS MAX >= 90      0               0.1    -0.1        0
DAYS MAX <= 32      0               0.7    -0.7        0
DAYS MIN <= 32     16              18.7    -2.7       13
DAYS MIN <= 0       0               0.1    -0.1        0

PRECIPITATION (INCHES)
RECORD
 MAXIMUM         2.48   1994
 MINIMUM         0.00   1989
                        1988
                        1956
TOTALS           0.45              1.09   -0.64     1.68
DAYS >= .01         3                MM      MM        7
DAYS >= .10         2                MM      MM        2
DAYS >= .50         0                MM      MM        2
DAYS >= 1.00        0                MM      MM        0
GREATEST
 24 HR. TOTAL    0.31   10/06 TO 10/06

DEGREE_DAYS
HEATING TOTAL     381               597    -216      435
 SINCE 7/1        559               842    -283      563
COOLING TOTAL       1                 1       0        0
 SINCE 1/1        588               564      24      566
..............................................................

WIND (MPH)
AVERAGE WIND SPEED              9.7
HIGHEST WIND SPEED/DIRECTION    44/280    DATE  10/17
HIGHEST GUST SPEED/DIRECTION    54/270    DATE  10/17

SKY COVER
POSSIBLE SUNSHINE (PERCENT)   MM
AVERAGE SKY COVER           0.20
NUMBER OF DAYS FAIR           24
NUMBER OF DAYS PC              7
NUMBER OF DAYS CLOUDY          0

AVERAGE RH (PERCENT)     58

WEATHER CONDITIONS. NUMBER OF DAYS WITH
THUNDERSTORM              0     MIXED PRECIP               0
HEAVY RAIN                0     RAIN                       1
LIGHT RAIN                6     FREEZING RAIN              0
LT FREEZING RAIN          0     HAIL                       0
HEAVY SNOW                0     SNOW                       0
LIGHT SNOW                1     SLEET                      0
FOG                       5     FOG W/VIS <= 1/4 MILE      3
HAZE                      0

-  INDICATES NEGATIVE NUMBERS.
R  INDICATES RECORD WAS SET OR TIED.
MM INDICATES DATA IS MISSING.
T  INDICATES TRACE AMOUNT.
...................................

...THE CHADRON NE AIRPORT CLIMATE SUMMARY FOR THE MONTH OF OCTOBER 2016...

CLIMATE NORMAL PERIOD 1981 TO 2010
CLIMATE RECORD PERIOD 1895 TO 2016

WEATHER         OBSERVED          NORMAL  DEPART  LAST YEAR`S
                 VALUE   DATE(S)  VALUE   FROM    VALUE
                                          NORMAL
.............................................................
TEMPERATURE (F)
RECORD
 HIGH              95   10/05/1947
 LOW              -10   10/28/1925
HIGHEST            87   10/10        MM      MM       91
LOWEST             24   10/12        MM      MM       16
AVG. MAXIMUM     72.2              63.9     8.3     68.0
AVG. MINIMUM     36.7              31.3     5.4     37.4
MEAN             54.5              47.6     6.9     52.7
DAYS MAX >= 90      0               0.4    -0.4        1
DAYS MAX <= 32      0               0.5    -0.5        0
DAYS MIN <= 32     12              15.9    -3.9       10
DAYS MIN <= 0       0               0.1    -0.1        0

PRECIPITATION (INCHES)
RECORD
 MAXIMUM         3.64   1998
 MINIMUM         0.00   1989
TOTALS           0.16              1.31   -1.15     1.72
DAYS >= .01         4               5.7    -1.7        5
DAYS >= .10         0               3.4    -3.4        3
DAYS >= .50         0               0.7    -0.7        2
DAYS >= 1.00        0               0.1    -0.1        0
GREATEST
 24 HR. TOTAL    0.05   10/29 TO 10/29

DEGREE_DAYS
HEATING TOTAL     325               542    -217      380
 SINCE 7/1        445               753    -308      482
COOLING TOTAL       4                 2       2        6
 SINCE 1/1        883               712     171      718
..............................................................

WIND (MPH)
AVERAGE WIND SPEED              8.7
HIGHEST WIND SPEED/DIRECTION    55/250    DATE  10/03
HIGHEST GUST SPEED/DIRECTION    72/240    DATE  10/03

SKY COVER
POSSIBLE SUNSHINE (PERCENT)   MM
AVERAGE SKY COVER           0.10
NUMBER OF DAYS FAIR           25
NUMBER OF DAYS PC              5
NUMBER OF DAYS CLOUDY          1

AVERAGE RH (PERCENT)     51

WEATHER CONDITIONS. NUMBER OF DAYS WITH
THUNDERSTORM              0     MIXED PRECIP               0
HEAVY RAIN                0     RAIN                       0
LIGHT RAIN                5     FREEZING RAIN              0
LT FREEZING RAIN          0     HAIL                       0
HEAVY SNOW                0     SNOW                       0
LIGHT SNOW                2     SLEET                      0
FOG                       4     FOG W/VIS <= 1/4 MILE      0
HAZE                      0

-  INDICATES NEGATIVE NUMBERS.
R  INDICATES RECORD WAS SET OR TIED.
MM INDICATES DATA IS MISSING.
T  INDICATES TRACE AMOUNT.
...................................

...THE SCOTTSBLUFF NE AIRPORT CLIMATE SUMMARY FOR THE MONTH OF OCTOBER 2016...

CLIMATE NORMAL PERIOD 1981 TO 2010
CLIMATE RECORD PERIOD 1871 TO 2016

WEATHER         OBSERVED          NORMAL  DEPART  LAST YEAR`S
                 VALUE   DATE(S)  VALUE   FROM    VALUE
                                          NORMAL
.............................................................
TEMPERATURE (F)
RECORD
 HIGH              93   10/03/1906
 LOW               -6   10/31/1991
HIGHEST            85   10/10        65      20       88
LOWEST             25   10/07        34      -9       24
AVG. MAXIMUM     73.0              64.1     8.9     68.2
AVG. MINIMUM     36.8              32.9     3.9     39.6
MEAN             54.9              48.5     6.4     53.9
DAYS MAX >= 90      0               0.1    -0.1        0
DAYS MAX <= 32      0               0.5    -0.5        0
DAYS MIN <= 32     11              12.7    -1.7        3
DAYS MIN <= 0       0               0.1    -0.1        0

PRECIPITATION (INCHES)
RECORD
 MAXIMUM         3.14   2009
 MINIMUM            T   1934
                        1933
TOTALS           0.30              1.14   -0.84     1.47
DAYS >= .01         5               6.5    -1.5        9
DAYS >= .10         1               3.0    -2.0        4
DAYS >= .50         0               0.5    -0.5        1
DAYS >= 1.00        0               0.2    -0.2        0
GREATEST
 24 HR. TOTAL    0.18   10/18 TO 10/19

DEGREE_DAYS
HEATING TOTAL     314               512    -198      341
 SINCE 7/1        424               691    -267      409
COOLING TOTAL       5                 1       4        5
 SINCE 1/1        898               724     174      792
..............................................................

WIND (MPH)
AVERAGE WIND SPEED              8.1
HIGHEST WIND SPEED/DIRECTION    43/300    DATE  10/31
HIGHEST GUST SPEED/DIRECTION    56/270    DATE  10/17

SKY COVER
POSSIBLE SUNSHINE (PERCENT)   MM
AVERAGE SKY COVER           0.20
NUMBER OF DAYS FAIR           23
NUMBER OF DAYS PC              8
NUMBER OF DAYS CLOUDY          0

AVERAGE RH (PERCENT)     54

WEATHER CONDITIONS. NUMBER OF DAYS WITH
THUNDERSTORM              0     MIXED PRECIP               0
HEAVY RAIN                0     RAIN                       0
LIGHT RAIN                7     FREEZING RAIN              0
LT FREEZING RAIN          0     HAIL                       0
HEAVY SNOW                0     SNOW                       0
LIGHT SNOW                1     SLEET                      0
FOG                       5     FOG W/VIS <= 1/4 MILE      2
HAZE                      3

-  INDICATES NEGATIVE NUMBERS.
R  INDICATES RECORD WAS SET OR TIED.
MM INDICATES DATA IS MISSING.
T  INDICATES TRACE AMOUNT.
...................................

...THE SIDNEY NE AIRPORT CLIMATE SUMMARY FOR THE MONTH OF OCTOBER 2016...

CLIMATE NORMAL PERIOD 1981 TO 2010
CLIMATE RECORD PERIOD 1948 TO 2016

WEATHER         OBSERVED          NORMAL  DEPART  LAST YEAR`S
                 VALUE   DATE(S)  VALUE   FROM    VALUE
                                          NORMAL
.............................................................
TEMPERATURE (F)
RECORD
 HIGH              93   10/06/2007
 LOW                    10/31/1991
HIGHEST            87   10/16        MM      MM       92
                        10/03
LOWEST             29   10/21        MM      MM       22
                        10/20
                        10/05
AVG. MAXIMUM     72.6              65.0     7.6     67.8
AVG. MINIMUM     37.4              35.4     2.0     37.2
MEAN             55.0              50.2     4.8     52.5
DAYS MAX >= 90      0               0.5    -0.5        1
DAYS MAX <= 32      0               0.3    -0.3        0
DAYS MIN <= 32      8              10.1    -2.1        9
DAYS MIN <= 0       0               0.0     0.0        0

PRECIPITATION (INCHES)
RECORD
 MAXIMUM         4.08   1969
 MINIMUM         0.04   1988
TOTALS           0.37              1.02   -0.65     1.57
DAYS >= .01         2               7.1    -5.1        8
DAYS >= .10         1               2.8    -1.8        3
DAYS >= .50         0               0.3    -0.3        1
DAYS >= 1.00        0               0.1    -0.1        0
GREATEST
 24 HR. TOTAL    0.36   10/06 TO 10/06

DEGREE_DAYS
HEATING TOTAL     310               463    -153      382
 SINCE 7/1        443               603    -160      469
COOLING TOTAL       6                 4       2        3
 SINCE 1/1        770               830     -60      669
..............................................................

WIND (MPH)
AVERAGE WIND SPEED              11.0
HIGHEST WIND SPEED/DIRECTION    48/310    DATE  10/17
HIGHEST GUST SPEED/DIRECTION    62/300    DATE  10/17

SKY COVER
POSSIBLE SUNSHINE (PERCENT)   MM
AVERAGE SKY COVER           0.20
NUMBER OF DAYS FAIR           23
NUMBER OF DAYS PC              8
NUMBER OF DAYS CLOUDY          0

AVERAGE RH (PERCENT)     54

WEATHER CONDITIONS. NUMBER OF DAYS WITH
THUNDERSTORM              0     MIXED PRECIP               0
HEAVY RAIN                1     RAIN                       1
LIGHT RAIN                8     FREEZING RAIN              0
LT FREEZING RAIN          0     HAIL                       0
HEAVY SNOW                0     SNOW                       0
LIGHT SNOW                3     SLEET                      0
FOG                       6     FOG W/VIS <= 1/4 MILE      2
HAZE                      1

-  INDICATES NEGATIVE NUMBERS.
R  INDICATES RECORD WAS SET OR TIED.
MM INDICATES DATA IS MISSING.
T  INDICATES TRACE AMOUNT.

$$
